{"id":301,"date":"2020-10-13T13:03:03","date_gmt":"2020-10-13T11:03:03","guid":{"rendered":"http:\/\/anber.es\/web\/?page_id=301"},"modified":"2021-04-12T12:58:20","modified_gmt":"2021-04-12T10:58:20","slug":"aviso-legal","status":"publish","type":"page","link":"https:\/\/anber.es\/web\/aviso-legal\/","title":{"rendered":"Aviso Legal"},"content":{"rendered":"\n<p>En cumplimiento con lo establecido en la Ley 34\/2002 de 11 de Julio, de Servicios de la Sociedad de la Informaci\u00f3n y el Comercio Electr\u00f3nico (LSSICE), se informa de los siguientes aspectos legales:<\/p>\n\n\n\n<p><strong>PROPIEDAD DEL SITIO WEB<\/strong><\/p>\n\n\n\n<figure class=\"wp-block-table\"><table><tbody><tr><td>Titular del Website:<\/td><td>Anber Material Contra Incendios S.A.U &#8211; CIF A78104726 &#8211; Anber Material Contra Incencios S.A.U<\/td><\/tr><tr><td>Direcci\u00f3n:<\/td><td>AV. DE LAS FLORES 13. 28970, HUMANES DE MADRID (Madrid), Espa\u00f1a<\/td><\/tr><tr><td>Contacto:<\/td><td>Tel. 936800376 &#8211; Email: mgavara@anber.es<\/td><\/tr><tr><td>Registro mercantil o autorizaci\u00f3n administrativa:<\/td><td>Registro Mercantil de Madrid, Tomo 33986, Folio 212, Inscripci\u00f3n 32, hoja M-80620.<\/td><\/tr><tr><td>Actividad:<\/td><td>Fabricaci\u00f3n, importaci\u00f3n y distribuci\u00f3n, de componentes, equipos y sistemas para la protecci\u00f3n y lucha contra incendios.<\/td><\/tr><\/tbody><\/table><\/figure>\n\n\n\n<p><strong>CONDICIONES GENERALES DE USO<\/strong><\/p>\n\n\n\n<p>El portal web http:\/\/www.anber.es tiene como objeto facilitar al p\u00fablico, en general, el conocimiento de las actividades que esta<br>organizaci\u00f3n realiza y de los productos y servicios que presta, para el desarrollo de su actividad.<br><br>El uso de cualquiera de las funcionalidades del sitio Web implica la expresa y plena aceptaci\u00f3n de las condiciones aqu\u00ed expuestas, sin<br>perjuicio de aquellas particulares que pudieran aplicarse a algunos de los servicios concretos ofrecidos a trav\u00e9s del sitio Web.<br><br>El titular del sitio Web se reserva la facultad de efectuar, en cualquier momento y sin necesidad de previo aviso, modificaciones y<br>actualizaciones de la informaci\u00f3n contenida en su Web o en la configuraci\u00f3n y presentaci\u00f3n de \u00e9sta.<br><br>Con el objeto de mantener actualizada la informaci\u00f3n publicada el portal Web, los contenidos del mismo podr\u00e1n ser modificados,<br>corregidos, eliminados o a\u00f1adidos en cualquier momento, por lo que ser\u00e1 conveniente comprobar la vigencia o exactitud de los<br>mismos acudiendo a las fuentes oficiales.<br><\/p>\n\n\n\n<p><strong>PROPIEDAD INTELECTUAL, INDUSTRIAL, Y FRAMES<\/strong><\/p>\n\n\n\n<p>Todos los elementos que forman el sitio Web, as\u00ed como su estructura, dise\u00f1o, c\u00f3digo fuente, as\u00ed como los logos, marcas y dem\u00e1s<br>signos distintivos que aparecen en la misma, son titularidad de Anber Material Contra Incendios S.A.U, Anber Material Contra Incencios<br>S.A.U o de sus colaboradores y est\u00e1n protegidos por los correspondientes derechos de propiedad intelectual e industrial.<br><br>Igualmente est\u00e1n protegidos por los correspondientes derechos de propiedad intelectual e industrial las im\u00e1genes y otros elementos<br>gr\u00e1ficos contenidos en el sitio Web.<br><br>El titular del sitio Web proh\u00edbe expresamente la realizaci\u00f3n de \u00abframing\u00bb o la utilizaci\u00f3n por parte de terceros de cualesquiera otros<br>mecanismos que alteren el dise\u00f1o, configuraci\u00f3n original o contenidos de nuestro sitio Web.<br><br>El uso de los contenidos deber\u00e1 respetar su licenciamiento particular. De tal modo su uso, reproducci\u00f3n, distribuci\u00f3n, comunicaci\u00f3n<br>p\u00fablica, transformaci\u00f3n o cualquier otra actividad similar o an\u00e1loga, queda totalmente prohibida salvo que medie previa y expresa<br>autorizaci\u00f3n del titular del sitio Web Anber Material Contra Incencios S.A.U.<br><br>\u00danicamente se autoriza la reproducci\u00f3n total o parcial de los textos y contenidos proporcionados por el sitio Web, siempre que<br>concurran todas y cada una de las siguientes condiciones:<\/p>\n\n\n\n<ul><li>Se mantenga la integridad de los contenidos, documentos o gr\u00e1ficos<\/li><li>Se cite expresamente al titular del sitio Web como fuente y origen de aquellos.<\/li><li>El prop\u00f3sito y la finalidad de tal uso sea compatible con los fines de la Web y\/o actividad del titular del sitio Web.<\/li><li>No se pretenda un uso comercial, quedando expresamente prohibidas su distribuci\u00f3n, comunicaci\u00f3n p\u00fablica, transformaci\u00f3n o<br>descompilaci\u00f3n<br><\/li><\/ul>\n\n\n\n<p>Cualquier otro uso habr\u00e1 de ser comunicado y autorizado por el titular del sitio Web, previa y expresamente.<br><br>Respecto a las citas de productos y servicios de terceros, el titular del sitio Web reconoce a favor de sus titulares los<br>correspondientes derechos de propiedad industrial e intelectual, no implicando su sola menci\u00f3n o aparici\u00f3n en la Web la existencia de<br>derechos ni de responsabilidad alguna sobre los mismos, como tampoco respaldo, patrocinio o recomendaci\u00f3n.<br><br>El titular del sitio Web declara su respeto a los derechos de propiedad intelectual e industrial de terceros; por ello, si considera que<br>nuestro sitio Web pudieran estar violando sus derechos, rogamos se ponga en contacto con el titular del sitio Web.<\/p>\n\n\n\n<p><strong>RESPONSABILIDAD<\/strong><\/p>\n\n\n\n<p>El titular del sitio Web no garantiza la inexistencia de errores en el acceso a la Web, en su contenido, ni que \u00e9ste se encuentre<br>actualizado, aunque el titular del sitio Web desarrollar\u00e1 sus mejores esfuerzos para, en su caso, evitarlos, subsanarlos o actualizarlos.<\/p>\n\n\n\n<p>Tanto el acceso al sitio Web, como el uso que pueda hacerse de la informaci\u00f3n contenida en los mismos es de la exclusiva<br>responsabilidad de quien lo realiza.<\/p>\n\n\n\n<p>El titular del sitio Web no se hace responsable de la informaci\u00f3n y contenidos almacenados, a t\u00edtulo enunciativo pero no limitativo, en<br>foros, chats, blogs, comentarios, redes sociales o cualesquiera otro medio que permita a terceros publicar contenidos de la forma  independiente en la p\u00e1gina Web http:\/\/www.anber.es.<br><br>No obstante, y en cumplimiento de lo dispuesto en la LSSI, el titular del sitio Web se pone a disposici\u00f3n de todos los usuarios,<br>autoridades y fuerzas de seguridad, y colaborando de forma activa en la retirada o en su caso bloqueo de todos aquellos contenidos<br>que pudieran afectar o contravenir la legislaci\u00f3n nacional, o internacional, derechos de terceros o la moral y el orden p\u00fablico. En caso<br>de que el usuario considere que existe en el sitio web alg\u00fan contenido que pudiera ser susceptible de esta clasificaci\u00f3n, rogamos se<br>ponga en contacto con el titular del sitio Web.<br><br>El titular del sitio Web no se responsabiliza de las contestaciones que se realicen a trav\u00e9s de las distintas direcciones de correo<br>electr\u00f3nico que aparecen en su sitio Web, por lo que en ning\u00fan caso podr\u00e1 derivarse efecto jur\u00eddico vinculante de las mismas.<\/p>\n\n\n\n<p><strong>LINKS O HIPERENLACES<\/strong><\/p>\n\n\n\n<p>Los enlaces contenidos en nuestro sitio Web pueden dirigir a contenidos Web de tercero. El objetivo de dichos enlaces es \u00fanicamente<br>facilitarle la b\u00fasqueda de los recursos que le puedan interesar a trav\u00e9s de Internet. No obstante, dichas p\u00e1ginas no pertenecen<br>al titular del sitio Web, ni hace una revisi\u00f3n de sus contenidos y, por ello, el titular del sitio Web no asume ninguna responsabilidad por<br>el contenido, informaciones o servicios que pudieran aparecer en dichos sitios, que tendr\u00e1n exclusivamente car\u00e1cter informativo y que<br>en ning\u00fan caso implican relaci\u00f3n alguna entre el titular del sitio Web y las personas o entidades titulares de tales contenidos o titulares<br>de otros sitios donde se encuentren. El titular del sitio Web tampoco puede hacerse responsable del funcionamiento de la p\u00e1gina<br>enlazada o de los posibles da\u00f1os que puedan derivarse del acceso o uso de la misma. <br><br>Los enlaces al sitio Web http:\/\/www.anber.es deber\u00e1n respetar las siguientes condiciones:<br><\/p>\n\n\n\n<ul><li>El establecimiento del enlace no supondr\u00e1 ning\u00fan tipo de acuerdo, contrato, patrocinio ni recomendaci\u00f3n por parte de Anber<br>Material Contra Incendios S.A.U de la p\u00e1gina que realiza el enlace. <\/li><li>La p\u00e1gina Web en la que se establezca el hiperenlace no contendr\u00e1 informaciones con contenidos que sean il\u00edcitos,<br>discriminatorios, contrarios a los principios \u00e9ticos com\u00fanmente aceptados o atenten contra el orden p\u00fablico, as\u00ed como tampoco<br>contendr\u00e1 contenidos contrarios a cualesquiera derechos de terceros.<\/li><li>El titular del sitio Web podr\u00e1 solicitar que se retire un enlace a su Web, sin necesidad de alegar causa alguna. En tal caso, la<br>p\u00e1gina que haya realizado el enlace deber\u00e1 proceder a su inmediata supresi\u00f3n, tan pronto como reciba la notificaci\u00f3n del titular<br>del sitio Web.<\/li><li>No se responsabiliza de modo alguno ni garantiza la claridad, exactitud, fiabilidad, correcci\u00f3n o moralidad de contenidos o<br>servicios que el establecimiento del hiperenlace pueda ofrecer. El usuario asume bajo su exclusiva responsabilidad las<br>consecuencias, da\u00f1os o acciones que pudieran derivarse del acceso a la p\u00e1gina Web del hiperenlace.<\/li><li>La p\u00e1gina Web en la que se establezca el hiperenlace no podr\u00e1 contener marca, denominaci\u00f3n, logotipo, eslogan u otros signos<br>distintivos pertenecientes a el titular del sitio Web excepto aquellos signos que formen parte del mismo hiperenlace<\/li><\/ul>\n\n\n\n<p><strong>PROTECCI\u00d3N DE DATOS PERSONALES<\/strong><\/p>\n\n\n\n<p>Para aquellos casos que se recaben, traten o almacenen datos personales, se har\u00e1 en conformidad con la Pol\u00edtica de Privacidad<br>publicada en el Website y que puede consultar en el pie o footer del sitio Web.<\/p>\n\n\n\n<p><strong>LEY APLICABLE Y JURISDICCI\u00d3N<\/strong><\/p>\n\n\n\n<p>La ley aplicable en caso de disputa o con|icto de interpretaci\u00f3n de los t\u00e9rminos que conforman este Aviso Legal, as\u00ed como cualquier<br>cuesti\u00f3n relacionada con los servicios del presente Portal, ser\u00e1 la ley espa\u00f1ola.<br><br>Para la resoluci\u00f3n de cualquier con|icto que pueda surgir con ocasi\u00f3n de la visita al sitio Web o del uso de los servicios que en \u00e9l se<br>puedan ofertar, el titular del sitio Web y el Usuario acuerdan someterse a los Jueces y Tribunales de domicilio del Usuario, siempre<br>que el mismo est\u00e9 situado en territorio espa\u00f1ol y act\u00fae en condici\u00f3n de consumidor. En caso contrario, la sumisi\u00f3n ser\u00e1 a los juzgados<br>y tribunales de la ciudad de Madrid, Espa\u00f1a.<\/p>\n","protected":false},"excerpt":{"rendered":"<p>En cumplimiento con lo establecido en la Ley 34\/2002 de 11 de Julio, de Servicios de la Sociedad de la Informaci\u00f3n y el Comercio Electr\u00f3nico (LSSICE), se informa de los siguientes aspectos legales: PROPIEDAD DEL SITIO WEB Titular del Website: Anber Material Contra Incendios S.A.U &#8211; CIF A78104726 &#8211; Anber Material Contra Incencios S.A.U Direcci\u00f3n: &#8230; <a title=\"Aviso Legal\" class=\"read-more\" href=\"https:\/\/anber.es\/web\/aviso-legal\/\" aria-label=\"M\u00e1s en Aviso Legal\">Leer m\u00e1s<\/a><\/p>\n","protected":false},"author":2,"featured_media":0,"parent":0,"menu_order":0,"comment_status":"closed","ping_status":"closed","template":"","meta":{"footnotes":""},"yoast_head":"<!-- This site is optimized with the Yoast SEO plugin v22.1 - https:\/\/yoast.com\/wordpress\/plugins\/seo\/ -->\n<title>Aviso Legal - Anber<\/title>\n<meta name=\"robots\" content=\"index, follow, max-snippet:-1, max-image-preview:large, max-video-preview:-1\" \/>\n<link rel=\"canonical\" href=\"https:\/\/anber.es\/web\/aviso-legal\/\" \/>\n<meta property=\"og:locale\" content=\"es_ES\" \/>\n<meta property=\"og:type\" content=\"article\" \/>\n<meta property=\"og:title\" content=\"Aviso Legal - Anber\" \/>\n<meta property=\"og:description\" content=\"En cumplimiento con lo establecido en la Ley 34\/2002 de 11 de Julio, de Servicios de la Sociedad de la Informaci\u00f3n y el Comercio Electr\u00f3nico (LSSICE), se informa de los siguientes aspectos legales: PROPIEDAD DEL SITIO WEB Titular del Website: Anber Material Contra Incendios S.A.U &#8211; CIF A78104726 &#8211; Anber Material Contra Incencios S.A.U Direcci\u00f3n: ... Leer m\u00e1s\" \/>\n<meta property=\"og:url\" content=\"https:\/\/anber.es\/web\/aviso-legal\/\" \/>\n<meta property=\"og:site_name\" content=\"Anber\" \/>\n<meta property=\"article:modified_time\" content=\"2021-04-12T10:58:20+00:00\" \/>\n<meta name=\"twitter:card\" content=\"summary_large_image\" \/>\n<meta name=\"twitter:label1\" content=\"Tiempo de lectura\" \/>\n\t<meta name=\"twitter:data1\" content=\"7 minutos\" \/>\n<script type=\"application\/ld+json\" class=\"yoast-schema-graph\">{\"@context\":\"https:\/\/schema.org\",\"@graph\":[{\"@type\":\"WebPage\",\"@id\":\"https:\/\/anber.es\/web\/aviso-legal\/\",\"url\":\"https:\/\/anber.es\/web\/aviso-legal\/\",\"name\":\"Aviso Legal - Anber\",\"isPartOf\":{\"@id\":\"https:\/\/anber.es\/web\/#website\"},\"datePublished\":\"2020-10-13T11:03:03+00:00\",\"dateModified\":\"2021-04-12T10:58:20+00:00\",\"breadcrumb\":{\"@id\":\"https:\/\/anber.es\/web\/aviso-legal\/#breadcrumb\"},\"inLanguage\":\"es\",\"potentialAction\":[{\"@type\":\"ReadAction\",\"target\":[\"https:\/\/anber.es\/web\/aviso-legal\/\"]}]},{\"@type\":\"BreadcrumbList\",\"@id\":\"https:\/\/anber.es\/web\/aviso-legal\/#breadcrumb\",\"itemListElement\":[{\"@type\":\"ListItem\",\"position\":1,\"name\":\"Portada\",\"item\":\"https:\/\/anber.es\/web\/\"},{\"@type\":\"ListItem\",\"position\":2,\"name\":\"Aviso Legal\"}]},{\"@type\":\"WebSite\",\"@id\":\"https:\/\/anber.es\/web\/#website\",\"url\":\"https:\/\/anber.es\/web\/\",\"name\":\"Anber\",\"description\":\"Sistemas de protecci\u00f3n contra incendios\",\"publisher\":{\"@id\":\"https:\/\/anber.es\/web\/#organization\"},\"potentialAction\":[{\"@type\":\"SearchAction\",\"target\":{\"@type\":\"EntryPoint\",\"urlTemplate\":\"https:\/\/anber.es\/web\/?s={search_term_string}\"},\"query-input\":\"required name=search_term_string\"}],\"inLanguage\":\"es\"},{\"@type\":\"Organization\",\"@id\":\"https:\/\/anber.es\/web\/#organization\",\"name\":\"Anber\",\"url\":\"https:\/\/anber.es\/web\/\",\"logo\":{\"@type\":\"ImageObject\",\"inLanguage\":\"es\",\"@id\":\"https:\/\/anber.es\/web\/#\/schema\/logo\/image\/\",\"url\":\"https:\/\/anber.es\/web\/wp-content\/uploads\/2021\/03\/logo-anber.png\",\"contentUrl\":\"https:\/\/anber.es\/web\/wp-content\/uploads\/2021\/03\/logo-anber.png\",\"width\":2208,\"height\":500,\"caption\":\"Anber\"},\"image\":{\"@id\":\"https:\/\/anber.es\/web\/#\/schema\/logo\/image\/\"}}]}<\/script>\n<!-- \/ Yoast SEO plugin. -->","yoast_head_json":{"title":"Aviso Legal - Anber","robots":{"index":"index","follow":"follow","max-snippet":"max-snippet:-1","max-image-preview":"max-image-preview:large","max-video-preview":"max-video-preview:-1"},"canonical":"https:\/\/anber.es\/web\/aviso-legal\/","og_locale":"es_ES","og_type":"article","og_title":"Aviso Legal - Anber","og_description":"En cumplimiento con lo establecido en la Ley 34\/2002 de 11 de Julio, de Servicios de la Sociedad de la Informaci\u00f3n y el Comercio Electr\u00f3nico (LSSICE), se informa de los siguientes aspectos legales: PROPIEDAD DEL SITIO WEB Titular del Website: Anber Material Contra Incendios S.A.U &#8211; CIF A78104726 &#8211; Anber Material Contra Incencios S.A.U Direcci\u00f3n: ... Leer m\u00e1s","og_url":"https:\/\/anber.es\/web\/aviso-legal\/","og_site_name":"Anber","article_modified_time":"2021-04-12T10:58:20+00:00","twitter_card":"summary_large_image","twitter_misc":{"Tiempo de lectura":"7 minutos"},"schema":{"@context":"https:\/\/schema.org","@graph":[{"@type":"WebPage","@id":"https:\/\/anber.es\/web\/aviso-legal\/","url":"https:\/\/anber.es\/web\/aviso-legal\/","name":"Aviso Legal - Anber","isPartOf":{"@id":"https:\/\/anber.es\/web\/#website"},"datePublished":"2020-10-13T11:03:03+00:00","dateModified":"2021-04-12T10:58:20+00:00","breadcrumb":{"@id":"https:\/\/anber.es\/web\/aviso-legal\/#breadcrumb"},"inLanguage":"es","potentialAction":[{"@type":"ReadAction","target":["https:\/\/anber.es\/web\/aviso-legal\/"]}]},{"@type":"BreadcrumbList","@id":"https:\/\/anber.es\/web\/aviso-legal\/#breadcrumb","itemListElement":[{"@type":"ListItem","position":1,"name":"Portada","item":"https:\/\/anber.es\/web\/"},{"@type":"ListItem","position":2,"name":"Aviso Legal"}]},{"@type":"WebSite","@id":"https:\/\/anber.es\/web\/#website","url":"https:\/\/anber.es\/web\/","name":"Anber","description":"Sistemas de protecci\u00f3n contra incendios","publisher":{"@id":"https:\/\/anber.es\/web\/#organization"},"potentialAction":[{"@type":"SearchAction","target":{"@type":"EntryPoint","urlTemplate":"https:\/\/anber.es\/web\/?s={search_term_string}"},"query-input":"required name=search_term_string"}],"inLanguage":"es"},{"@type":"Organization","@id":"https:\/\/anber.es\/web\/#organization","name":"Anber","url":"https:\/\/anber.es\/web\/","logo":{"@type":"ImageObject","inLanguage":"es","@id":"https:\/\/anber.es\/web\/#\/schema\/logo\/image\/","url":"https:\/\/anber.es\/web\/wp-content\/uploads\/2021\/03\/logo-anber.png","contentUrl":"https:\/\/anber.es\/web\/wp-content\/uploads\/2021\/03\/logo-anber.png","width":2208,"height":500,"caption":"Anber"},"image":{"@id":"https:\/\/anber.es\/web\/#\/schema\/logo\/image\/"}}]}},"_links":{"self":[{"href":"https:\/\/anber.es\/web\/wp-json\/wp\/v2\/pages\/301"}],"collection":[{"href":"https:\/\/anber.es\/web\/wp-json\/wp\/v2\/pages"}],"about":[{"href":"https:\/\/anber.es\/web\/wp-json\/wp\/v2\/types\/page"}],"author":[{"embeddable":true,"href":"https:\/\/anber.es\/web\/wp-json\/wp\/v2\/users\/2"}],"replies":[{"embeddable":true,"href":"https:\/\/anber.es\/web\/wp-json\/wp\/v2\/comments?post=301"}],"version-history":[{"count":9,"href":"https:\/\/anber.es\/web\/wp-json\/wp\/v2\/pages\/301\/revisions"}],"predecessor-version":[{"id":2909,"href":"https:\/\/anber.es\/web\/wp-json\/wp\/v2\/pages\/301\/revisions\/2909"}],"wp:attachment":[{"href":"https:\/\/anber.es\/web\/wp-json\/wp\/v2\/media?parent=301"}],"curies":[{"name":"wp","href":"https:\/\/api.w.org\/{rel}","templated":true}]}}