{"id":303,"date":"2020-10-13T13:03:21","date_gmt":"2020-10-13T11:03:21","guid":{"rendered":"http:\/\/anber.es\/web\/?page_id=303"},"modified":"2021-03-02T15:26:37","modified_gmt":"2021-03-02T13:26:37","slug":"politica-privacidad","status":"publish","type":"page","link":"https:\/\/anber.es\/web\/politica-privacidad\/","title":{"rendered":"Pol\u00edtica de privacidad"},"content":{"rendered":"\t\t<div data-elementor-type=\"wp-page\" data-elementor-id=\"303\" class=\"elementor elementor-303\" data-elementor-post-type=\"page\">\n\t\t\t\t\t\t\t\t\t<section class=\"elementor-section elementor-top-section elementor-element elementor-element-30de893e elementor-section-boxed elementor-section-height-default elementor-section-height-default\" data-id=\"30de893e\" data-element_type=\"section\">\n\t\t\t\t\t\t<div class=\"elementor-container elementor-column-gap-default\">\n\t\t\t\t\t<div class=\"elementor-column elementor-col-100 elementor-top-column elementor-element elementor-element-2f3f698a\" data-id=\"2f3f698a\" data-element_type=\"column\">\n\t\t\t<div class=\"elementor-widget-wrap elementor-element-populated\">\n\t\t\t\t\t\t\t\t<div class=\"elementor-element elementor-element-110970b7 elementor-widget elementor-widget-text-editor\" data-id=\"110970b7\" data-element_type=\"widget\" data-widget_type=\"text-editor.default\">\n\t\t\t\t<div class=\"elementor-widget-container\">\n\t\t\t\t\t\t\t<p><!-- wp:table --><\/p>\n<figure>\n<table>\n<tbody>\n<tr>\n<td><strong>RESPONSABLE<\/strong><\/td>\n<td>Anber Material Contra Incendios S.A.U &#8211; CIF A78104726<\/td>\n<\/tr>\n<tr>\n<td><strong>CONTACTO<\/strong><\/td>\n<td>AV. DE LAS FLORES 13 &#8211; HUMANES DE MADRID (Madrid)<br \/>mgavara@anber.es &#8211; Tel. 936800376 &#8211; http:\/\/www.anber.es<\/td>\n<\/tr>\n<tr>\n<td><strong>FINALIDADES<\/strong><\/td>\n<td>Env\u00edo informaci\u00f3n producto Comunicaciones comerciales<\/td>\n<\/tr>\n<tr>\n<td><strong>LEGITIMACION<\/strong><\/td>\n<td>CONFIRMACI\u00d3N DE PEDIDOS: Consentimiento expl\u00edcito del interesado ; Existencia de una relaci\u00f3n<br \/>contractual con el interesado mediante contrato o precontrato<br \/>Env\u00edo informaci\u00f3n producto: Consentimiento expl\u00edcito del interesado<br \/>PRESUPUESTOS \/ FACTURAS \/ ALBARANES: Consentimiento expl\u00edcito del interesado ; Existencia de<br \/>una relaci\u00f3n contractual con el interesado mediante contrato o precontrato<\/td>\n<\/tr>\n<tr>\n<td><strong>CONSERVACI\u00d3N<\/strong><\/td>\n<td>CONFIRMACI\u00d3N DE PEDIDOS : Mientras se mantenga la relaci\u00f3n mercantil<br \/>Env\u00edo informaci\u00f3n producto: Mientras se mantenga la relaci\u00f3n mercantil<br \/>PRESUPUESTOS \/ FACTURAS \/ ALBARANES : Mientras se mantenga la relaci\u00f3n mercantil<\/td>\n<\/tr>\n<tr>\n<td><strong>DESTINATARIOS<\/strong><\/td>\n<td>PRESUPUESTOS \/ FACTURAS \/ ALBARANES: Bancos, cajas de ahorros y cajas rurales<\/td>\n<\/tr>\n<tr>\n<td><strong>TRANSFERENCIAS<br \/>INTERNACIONALES<\/strong><\/td>\n<td>No realizamos transferencias internacionales de sus datos<\/td>\n<\/tr>\n<tr>\n<td><strong>PROCEDENCIA<\/strong><\/td>\n<td>\n<p><strong>CONFIRMACI\u00d3N DE PEDIDOS<\/strong><br \/>&#8211; <strong>Clientes<\/strong>: El propio interesado o su representante legal<br \/>&#8211; <strong>Proveedores<\/strong>: El propio interesado o su representante legal<br \/><strong>Env\u00edo informaci\u00f3n producto<\/strong><br \/>&#8211; <strong>AGENDA MAIL<\/strong>: El propio interesado o su representante legal<br \/><strong>PRESUPUESTOS \/ FACTURAS \/ ALBARANES<\/strong><br \/>&#8211; <strong>Clientes<\/strong>: El propio interesado o su representante legal<br \/>&#8211; <strong>CLIENTES POTENCIALES<\/strong>: El propio interesado o su representante legal<br \/>&#8211; <strong>Proveedores<\/strong>: El propio interesado o su representante legal<\/p>\n<\/td>\n<\/tr>\n<tr>\n<td><strong>DERECHOS<\/strong><\/td>\n<td>Usted tiene derecho acceder a sus datos, rectificarlos, suprimirlos, limitar u oponerse a su\u00a0 tratamiento,<br \/>a su portabilidad, a retirar su consentimiento y a presentar reclamaciones ante la Autoridad de Control (Agencia Espa\u00f1ola de Protecci\u00f3n de Datos). M\u00e1s\u00a0 informaci\u00f3n en nuestra \u00abPol\u00edtica de Privacidad y Protecci\u00f3n de Datos\u00bb.<\/td>\n<\/tr>\n<\/tbody>\n<\/table>\n<\/figure>\n<p><!-- \/wp:table --><\/p>\n<p><!-- wp:heading {\"level\":3} --><\/p>\n<h3>DETALLES DE NUESTRA POL\u00cdTICA DE PRIVACIDAD<\/h3>\n<p><!-- \/wp:heading --><\/p>\n<p><!-- wp:paragraph --><\/p>\n<p><strong>1.- INFORMACI\u00d3N GENERAL<\/strong><br \/>La presente \u00abPol\u00edtica de Privacidad y Protecci\u00f3n de Datos\u00bb tiene como finalidad dar a conocer las condiciones que rigen la recogida y tratamiento de sus datos personales por parte de nuestra entidad o grupo corporativo para velar por los derechos fundamentales, su honor y libertades, todo ello en cumplimiento de las normativas vigentes que regulan la Protecci\u00f3n de Datos personales seg\u00fan la Uni\u00f3n Europea y el Estado Miembro espa\u00f1ol.<br \/><br \/>En conformidad con dichas normativas, necesitamos disponer de su autorizaci\u00f3n y consentimiento para la recogida y el tratamiento de sus datos personales, por lo que a continuaci\u00f3n, le indicamos todos los detalles de su inter\u00e9s respecto a c\u00f3mo\u00a0 realizamos estos procesos, con qu\u00e9 finalidades, que otras entidades podr\u00edan tener acceso a sus datos y cu\u00e1les son sus derechos.<br \/><br \/>Por todo lo expuesto, una vez revisada y le\u00edda nuestra Pol\u00edtica de Protecci\u00f3n de Datos, es imprescindible que la acepte en prueba de<br \/>su conformidad y consentimiento.<\/p>\n<p><!-- \/wp:paragraph --><\/p>\n<p><!-- wp:paragraph --><\/p>\n<p><strong>2.- RESPONSABLE DEL TRATAMIENTO<\/strong><br \/><strong>\u00bfQui\u00e9n recaba y trata sus datos?<\/strong><br \/>El Responsable del Tratamiento de Datos es aquella persona f\u00edsica o jur\u00eddica, de naturaleza p\u00fablica o privada, u \u00f3rgano administrativo, que solo o conjuntamente con otros determine los fines y medios del tratamiento de datos personales; en caso de que los fines y medios del tratamiento est\u00e9n determinados por el Derecho de la Uni\u00f3n Europea o del Estado Miembro espa\u00f1ol.<br \/><br \/>En este caso, nuestros datos identificativos como Responsable del Tratamiento son los siguientes:<br \/>Anber Material Contra Incendios S.A.U &#8211; CIF A78104726<br \/><br \/><strong>\u00bfC\u00f3mo puede contactar con nosotros?<\/strong><br \/>Domicilio de nuestras oficinas:<br \/>AV. DE LAS FLORES 13. 28970, HUMANES DE MADRID (Madrid), Espa\u00f1a<br \/>Email: mgavara@anber.es &#8211; Tel\u00e9fono: 936800376<\/p>\n<p><!-- \/wp:paragraph --><\/p>\n<p><!-- wp:paragraph --><\/p>\n<p>Domicilio postal:<br \/>AV. DE LAS FLORES 13. 28970, HUMANES DE MADRID (Madrid), Espa\u00f1a<\/p>\n<p><!-- \/wp:paragraph --><\/p>\n<p><!-- wp:paragraph --><\/p>\n<p><strong>3.- MEDIDAS DE SEGURIDAD<\/strong><\/p>\n<p><!-- \/wp:paragraph --><\/p>\n<p><!-- wp:paragraph --><\/p>\n<p><strong>\u00bfQu\u00e9 hacemos para garantizar la privacidad de sus datos?<\/strong><br \/>Nuestra entidad o grupo corporativo adopta las medidas organizativas y t\u00e9cnicas necesarias para garantizar la seguridad y la privacidad de sus datos, evitar su alteraci\u00f3n, p\u00e9rdida, tratamiento o acceso no autorizado, dependiendo del estado de la tecnolog\u00eda, la naturaleza de los datos almacenado y los riesgos a que est\u00e1n expuestos.<br \/>Entre otras, destacan las siguientes medidas:<\/p>\n<ul>\n<li>Garantizar la confidencialidad, integridad, disponibilidad y resiliencia permanentes de los sistemas y servicios de tratamiento.<\/li>\n<li>Restaurar la disponibilidad y el acceso a los datos personales de forma r\u00e1pida, en caso de incidente f\u00edsico o t\u00e9cnico.<\/li>\n<li>Verificar, evaluar y valorar, de forma regular, la eficacia de las medidas t\u00e9cnicas y organizativas implementadas para garantizar la seguridad del tratamiento.<\/li>\n<li>Seudonimizar y cifrar los datos personales, en caso de que se trate de datos sensibles.<\/li>\n<\/ul>\n<p><!-- \/wp:paragraph --><\/p>\n<p><!-- wp:paragraph --><\/p>\n<p><strong>4.- FINALIDAD DEL TRATAMIENTO<\/strong><\/p>\n<p><!-- \/wp:paragraph --><\/p>\n<p><!-- wp:paragraph --><\/p>\n<p><strong>\u00bfPara qu\u00e9 queremos tratar sus datos?<\/strong><br \/>Necesitamos su autorizaci\u00f3n y consentimiento para recabar y tratar sus datos personales, por lo que a continuaci\u00f3n le detallamos los<br \/>usos y finalidades previstas.<br \/><strong>Env\u00edo informaci\u00f3n producto<\/strong> Comunicaciones comerciales<\/p>\n<p><strong>\u00bfDurante cu\u00e1nto tiempo conservamos sus datos?<\/strong><br \/>Utilizamos sus datos durante el tiempo estrictamente necesario para cumplir las finalidades indicadas anteriormente. Salvo que exista una obligaci\u00f3n o requerimiento legal, los plazos de conservaci\u00f3n previstos son:<br \/><strong>CONFIRMACI\u00d3N DE PEDIDOS<\/strong>: Mientras se mantenga la relaci\u00f3n mercantil<br \/><strong>Env\u00edo informaci\u00f3n producto<\/strong>: Mientras se mantenga la relaci\u00f3n mercantil<br \/><strong>PRESUPUESTOS \/ FACTURAS \/ ALBARANES<\/strong>: Mientras se mantenga la relaci\u00f3n mercantil<\/p>\n<p><!-- \/wp:paragraph --><\/p>\n<p><!-- wp:paragraph --><\/p>\n<p><strong>5.- LEGITIMACI\u00d3N DEL TRATAMIENTO<\/strong><\/p>\n<p><!-- \/wp:paragraph --><\/p>\n<p><!-- wp:paragraph --><\/p>\n<p><strong>\u00bfPor qu\u00e9 tratamos sus datos?<\/strong><br \/>La recogida y el tratamiento de sus datos est\u00e1 legitimado siempre por una o varias bases jur\u00eddicas, las cuales detallamos a continuaci\u00f3n:<br \/><strong>CONFIRMACI\u00d3N DE PEDIDOS<\/strong>: Consentimiento expl\u00edcito del interesado ; Existencia de una relaci\u00f3n contractual con el interesado mediante contrato o precontrato<br \/><strong>Env\u00edo informaci\u00f3n producto<\/strong>: Consentimiento expl\u00edcito del interesado<br \/><strong>PRESUPUESTOS \/ FACTURAS \/ ALBARANES<\/strong>: Consentimiento expl\u00edcito del interesado; Existencia de una relaci\u00f3n contractual con el interesado mediante contrato o precontrato<\/p>\n<p><!-- \/wp:paragraph --><\/p>\n<p><!-- wp:paragraph --><\/p>\n<p><strong>6.- DESTINATARIOS DE SUS DATOS<\/strong><\/p>\n<p><!-- \/wp:paragraph --><\/p>\n<p><!-- wp:paragraph --><\/p>\n<p><strong>\u00bfA qui\u00e9nes cedemos sus datos dentro de la Uni\u00f3n Europea?<\/strong><br \/>En ocasiones, para poder cumplir con nuestras obligaciones legales y nuestro compromiso contractual con usted, nos vemos ante la obligaci\u00f3n y necesidad de ceder algunos de sus datos a ciertas categor\u00edas de destinatarios, las cuales\u00a0 especificamos a continuaci\u00f3n:<br \/><strong>PRESUPUESTOS \/ FACTURAS \/ ALBARANES:<\/strong> Bancos, cajas de ahorros y cajas rurales<br \/>Adem\u00e1s de las categor\u00edas de destinatarios a los que se ceden datos, tambi\u00e9n pudi\u00e9ramos cederlos a las siguientes organizaciones<br \/>(\u00fanicamente aparecer\u00e1n si se cediesen datos a otras organizaciones):<br \/><strong>\u00bfRealizamos Transferencias Internacionales de sus datos fuera de la Uni\u00f3n Europea?<\/strong><br \/>No realizamos transferencias internacionales de sus datos<\/p>\n<p><!-- \/wp:paragraph --><\/p>\n<p><!-- wp:paragraph --><\/p>\n<p><strong>7.- PROCEDENCIA Y TIPOS DE DATOS TRATADOS<\/strong><\/p>\n<p><!-- \/wp:paragraph --><\/p>\n<p><!-- wp:paragraph --><\/p>\n<p><strong>\u00bfDe d\u00f3nde hemos obtenido sus datos?<\/strong><\/p>\n<p><strong>CONFIRMACI\u00d3N DE PEDIDOS<\/strong><\/p>\n<ul>\n<li><strong>Clientes<\/strong>: El propio interesado o su representante legal<\/li>\n<li><strong>Proveedores<\/strong>: El propio interesado o su representante legal<\/li>\n<\/ul>\n<p><strong>Env\u00edo informaci\u00f3n producto<\/strong><\/p>\n<ul>\n<li><strong>AGENDA MAIL<\/strong>: El propio interesado o su representante lega<\/li>\n<\/ul>\n<p><strong>PRESUPUESTOS \/ FACTURAS \/ ALBARANES<\/strong><\/p>\n<ul>\n<li><strong>Clientes<\/strong>: El propio interesado o su representante legal<\/li>\n<li><strong>CLIENTES POTENCIALES<\/strong>: El propio interesado o su representante legal<\/li>\n<li><strong>Proveedores<\/strong>: El propio interesado o su representante legal<\/li>\n<\/ul>\n<p><strong>\u00bfQu\u00e9 tipos de datos suyos hemos recabado y tratamos?<\/strong><br \/><strong>CONFIRMACI\u00d3N DE PEDIDOS<\/strong><\/p>\n<p><strong>Clientes<\/strong><\/p>\n<p style=\"padding-left: 40px;\"><strong>Datos identificativos<\/strong> (Direcci\u00f3n postal; NIF \/ NIE \/ Pasaporte; Nombre y Apellidos; Tel\u00e9fono)<br \/><strong>Econ\u00f3micos, financieros y de seguros<\/strong> (Datos bancarios)<\/p>\n<p><strong>Proveedores<\/strong><\/p>\n<p style=\"padding-left: 40px;\"><strong>Datos identificativos<\/strong> (Direcci\u00f3n postal; Firma manuscrita; Nombre y Apellidos; Tel\u00e9fono)<br \/><strong>Econ\u00f3micos, financieros y de seguros<\/strong> (Datos bancarios)<\/p>\n<p><strong>Env\u00edo informaci\u00f3n producto<\/strong><\/p>\n<p><strong>AGENDA MAIL<\/strong><\/p>\n<p style=\"padding-left: 40px;\"><strong>Datos identificativos<\/strong> (Direcci\u00f3n electr\u00f3nica; Nombre y Apellidos; Tel\u00e9fono)<\/p>\n<p><strong>PRESUPUESTOS \/ FACTURAS \/ ALBARANES<\/strong><\/p>\n<p><strong>Clientes<\/strong><\/p>\n<p style=\"padding-left: 40px;\"><strong>Datos identificativos<\/strong> (Direcci\u00f3n electr\u00f3nica; Direcci\u00f3n postal; NIF \/ NIE \/ Pasaporte; Nombre y Apellidos; Tel\u00e9fono)<br \/><strong>Econ\u00f3micos, financieros y de seguros<\/strong> (Datos bancarios)<\/p>\n<p><strong>CLIENTES POTENCIALES<\/strong><\/p>\n<p style=\"padding-left: 40px;\"><strong>Datos identificativos<\/strong> (Direcci\u00f3n electr\u00f3nica; Direcci\u00f3n postal; NIF \/ NIE \/ Pasaporte; Nombre y Apellidos)<\/p>\n<p><strong>Proveedores<\/strong><\/p>\n<p style=\"padding-left: 40px;\"><strong>Datos identificativos<\/strong> (Direcci\u00f3n electr\u00f3nica; Direcci\u00f3n postal; NIF \/ NIE \/ Pasaporte; Nombre y Apellidos; Tel\u00e9fono)<br \/><strong>Econ\u00f3micos, financieros y de seguros<\/strong> (Datos bancarios)<\/p>\n<p><!-- \/wp:paragraph --><\/p>\n<p><!-- wp:paragraph --><\/p>\n<p><strong>8.- DERECHOS DE LOS INTERESADOS<\/strong><\/p>\n<p><!-- \/wp:paragraph --><\/p>\n<p><!-- wp:paragraph --><\/p>\n<p><strong>\u00bfCu\u00e1les son los derechos que le amparan?<\/strong><br \/>La normativa vigente de protecci\u00f3n de datos le ampara en una serie de derechos en relaci\u00f3n al uso que le damos a sus datos. Todos y cada uno de sus derechos son unipersonales e intransferibles, es decir, que \u00fanicamente pueden ser realizados por el titular de los datos, previa comprobaci\u00f3n de su identidad.<br \/>A continuaci\u00f3n, le indicamos cuales son los derechos que le asisten:<\/p>\n<ul>\n<li>Solicitar el ACCESO a sus datos personales<\/li>\n<li>Solicitar la RECTIFICACION de sus datos<\/li>\n<li>Solicitar la SUPRESI\u00d3N o eliminaci\u00f3n de sus datos (derecho al \u00abolvido\u00bb)<\/li>\n<li>LIMITAR u OPONERSE al uso que le damos a sus datos<\/li>\n<li>Derecho a la PORTABILIDAD de sus datos para casos de servicios de telecomunicaciones o internet.<\/li>\n<li>Derecho a RETIRAR su consentimiento en cualquier momento<\/li>\n<li>Derecho a presentar una RECLAMACI\u00d3N en materia de protecci\u00f3n de datos ante la Autoridad de Control: Agencia Espa\u00f1ola de<\/li>\n<li>Protecci\u00f3n de Datos<\/li>\n<\/ul>\n<p><strong>\u00bfC\u00f3mo puede ejercer sus derechos en relaci\u00f3n a sus datos?<\/strong><br \/>Para el ejercicio de sus derechos de acceso, rectificaci\u00f3n, supresi\u00f3n, limitaci\u00f3n u oposici\u00f3n, portabilidad y retirada de su consentimiento, puede hacerlo de la siguiente forma:<\/p>\n<p><!-- \/wp:paragraph --><\/p>\n<p><!-- wp:paragraph --><\/p>\n<p><strong>CONFIRMACI\u00d3N DE PEDIDOS<\/strong><\/p>\n<ul>\n<li><strong>Responsable<\/strong>: Anber Material Contra Incendios S.A.U<\/li>\n<li><strong>Direcci\u00f3n<\/strong>: AV. DE LAS FLORES 13. 28970, HUMANES DE MADRID (Madrid), Espa\u00f1a<\/li>\n<li><strong>Tel\u00e9fono<\/strong>: 936800376<\/li>\n<li><strong>E-mail<\/strong>: mgavara@anber.es<\/li>\n<li><strong>P\u00e1gina web<\/strong>: http:\/\/www.anber.es<\/li>\n<\/ul>\n<p><strong>Env\u00edo informaci\u00f3n producto<\/strong><\/p>\n<ul>\n<li><strong>Responsable<\/strong>: Anber Material Contra Incendios S.A.U<\/li>\n<li><strong>Direcci\u00f3n<\/strong>: AV. DE LAS FLORES 13. 28970, HUMANES DE MADRID (Madrid), Espa\u00f1a<\/li>\n<li><strong>Tel\u00e9fono<\/strong>: 936800376<\/li>\n<li><strong>E-mail<\/strong>: mgavara@anber.es<\/li>\n<li><strong>P\u00e1gina web<\/strong>: http:\/\/www.anber.es<\/li>\n<\/ul>\n<p><strong>PRESUPUESTOS \/ FACTURAS \/ ALBARANES<br \/><\/strong><\/p>\n<ul>\n<li><strong>Responsable: <\/strong>Anber Material Contra Incendios S.A.U<\/li>\n<li><strong>Direcci\u00f3n: <\/strong>AV. DE LAS FLORES 13. 28970, HUMANES DE MADRID (Madrid), Espa\u00f1a<\/li>\n<li>Tel\u00e9fono: 936800376<\/li>\n<li><strong>E-mail<\/strong>: mgavara@anber.es<\/li>\n<li><strong>P\u00e1gina web<\/strong>: http:\/\/www.anber.es<\/li>\n<\/ul>\n<p><strong>\u00bfC\u00f3mo puede presentar una reclamaci\u00f3n?<\/strong><\/p>\n<p>Adem\u00e1s de los derechos que le asisten, si cree que sus datos no se est\u00e1n recabando o tratando conforme a la normativa vigente de Protecci\u00f3n de Datos, usted podr\u00e1 realizar una reclamaci\u00f3n ante la Autoridad de Control, cuyos datos de contacto indicamos a continuaci\u00f3n:<\/p>\n<p><strong>Agencia Espa\u00f1ola de Protecci\u00f3n de Datos<\/strong><br \/>C\/. Jorge Juan, 6. 28001, Madrid (Madrid), Espa\u00f1a<br \/>Email: info@aepd.es &#8211; Tel\u00e9fono: 912663517<br \/>Web: https:\/\/www.aepd.es<\/p>\n<p><!-- \/wp:paragraph --><\/p>\n<p><!-- wp:paragraph --><\/p>\n<p><strong>9.- CONSENTIMIENTO Y ACEPTACI\u00d3N<\/strong><\/p>\n<p><!-- \/wp:paragraph --><\/p>\n<p><!-- wp:paragraph --><\/p>\n<p>La aceptaci\u00f3n del presente documento indica que usted entiende, acepta todas las cl\u00e1usulas de nuestra pol\u00edtica de privacidad por lo que autoriza la recogida y el tratamiento de sus datos personales en estos t\u00e9rminos. Esta aceptaci\u00f3n se realiza mediante la activaci\u00f3n de la casilla de verificaci\u00f3n de \u00abLectura y Aceptaci\u00f3n\u00bb de nuestra Pol\u00edtica de Privacidad.<\/p>\n<p><!-- \/wp:paragraph --><\/p>\t\t\t\t\t\t<\/div>\n\t\t\t\t<\/div>\n\t\t\t\t\t<\/div>\n\t\t<\/div>\n\t\t\t\t\t\t\t<\/div>\n\t\t<\/section>\n\t\t\t\t\t\t\t<\/div>\n\t\t","protected":false},"excerpt":{"rendered":"<p>RESPONSABLE Anber Material Contra Incendios S.A.U &#8211; CIF A78104726 CONTACTO AV. DE LAS FLORES 13 &#8211; HUMANES DE MADRID (Madrid)mgavara@anber.es &#8211; Tel. 936800376 &#8211; http:\/\/www.anber.es FINALIDADES Env\u00edo informaci\u00f3n producto Comunicaciones comerciales LEGITIMACION CONFIRMACI\u00d3N DE PEDIDOS: Consentimiento expl\u00edcito del interesado ; Existencia de una relaci\u00f3ncontractual con el interesado mediante contrato o precontratoEnv\u00edo informaci\u00f3n producto: Consentimiento expl\u00edcito &#8230; <a title=\"Pol\u00edtica de privacidad\" class=\"read-more\" href=\"https:\/\/anber.es\/web\/politica-privacidad\/\" aria-label=\"M\u00e1s en Pol\u00edtica de privacidad\">Leer m\u00e1s<\/a><\/p>\n","protected":false},"author":2,"featured_media":0,"parent":0,"menu_order":0,"comment_status":"closed","ping_status":"closed","template":"","meta":{"footnotes":""},"yoast_head":"<!-- This site is optimized with the Yoast SEO plugin v22.1 - https:\/\/yoast.com\/wordpress\/plugins\/seo\/ -->\n<title>Pol\u00edtica de privacidad - Anber<\/title>\n<meta name=\"robots\" content=\"index, follow, max-snippet:-1, max-image-preview:large, max-video-preview:-1\" \/>\n<link rel=\"canonical\" href=\"https:\/\/anber.es\/web\/politica-privacidad\/\" \/>\n<meta property=\"og:locale\" content=\"es_ES\" \/>\n<meta property=\"og:type\" content=\"article\" \/>\n<meta property=\"og:title\" content=\"Pol\u00edtica de privacidad - Anber\" \/>\n<meta property=\"og:description\" content=\"RESPONSABLE Anber Material Contra Incendios S.A.U &#8211; CIF A78104726 CONTACTO AV. DE LAS FLORES 13 &#8211; HUMANES DE MADRID (Madrid)mgavara@anber.es &#8211; Tel. 936800376 &#8211; http:\/\/www.anber.es FINALIDADES Env\u00edo informaci\u00f3n producto Comunicaciones comerciales LEGITIMACION CONFIRMACI\u00d3N DE PEDIDOS: Consentimiento expl\u00edcito del interesado ; Existencia de una relaci\u00f3ncontractual con el interesado mediante contrato o precontratoEnv\u00edo informaci\u00f3n producto: Consentimiento expl\u00edcito ... Leer m\u00e1s\" \/>\n<meta property=\"og:url\" content=\"https:\/\/anber.es\/web\/politica-privacidad\/\" \/>\n<meta property=\"og:site_name\" content=\"Anber\" \/>\n<meta property=\"article:modified_time\" content=\"2021-03-02T13:26:37+00:00\" \/>\n<meta name=\"twitter:card\" content=\"summary_large_image\" \/>\n<meta name=\"twitter:label1\" content=\"Tiempo de lectura\" \/>\n\t<meta name=\"twitter:data1\" content=\"7 minutos\" \/>\n<script type=\"application\/ld+json\" class=\"yoast-schema-graph\">{\"@context\":\"https:\/\/schema.org\",\"@graph\":[{\"@type\":\"WebPage\",\"@id\":\"https:\/\/anber.es\/web\/politica-privacidad\/\",\"url\":\"https:\/\/anber.es\/web\/politica-privacidad\/\",\"name\":\"Pol\u00edtica de privacidad - Anber\",\"isPartOf\":{\"@id\":\"https:\/\/anber.es\/web\/#website\"},\"datePublished\":\"2020-10-13T11:03:21+00:00\",\"dateModified\":\"2021-03-02T13:26:37+00:00\",\"breadcrumb\":{\"@id\":\"https:\/\/anber.es\/web\/politica-privacidad\/#breadcrumb\"},\"inLanguage\":\"es\",\"potentialAction\":[{\"@type\":\"ReadAction\",\"target\":[\"https:\/\/anber.es\/web\/politica-privacidad\/\"]}]},{\"@type\":\"BreadcrumbList\",\"@id\":\"https:\/\/anber.es\/web\/politica-privacidad\/#breadcrumb\",\"itemListElement\":[{\"@type\":\"ListItem\",\"position\":1,\"name\":\"Portada\",\"item\":\"https:\/\/anber.es\/web\/\"},{\"@type\":\"ListItem\",\"position\":2,\"name\":\"Pol\u00edtica de privacidad\"}]},{\"@type\":\"WebSite\",\"@id\":\"https:\/\/anber.es\/web\/#website\",\"url\":\"https:\/\/anber.es\/web\/\",\"name\":\"Anber\",\"description\":\"Sistemas de protecci\u00f3n contra incendios\",\"publisher\":{\"@id\":\"https:\/\/anber.es\/web\/#organization\"},\"potentialAction\":[{\"@type\":\"SearchAction\",\"target\":{\"@type\":\"EntryPoint\",\"urlTemplate\":\"https:\/\/anber.es\/web\/?s={search_term_string}\"},\"query-input\":\"required name=search_term_string\"}],\"inLanguage\":\"es\"},{\"@type\":\"Organization\",\"@id\":\"https:\/\/anber.es\/web\/#organization\",\"name\":\"Anber\",\"url\":\"https:\/\/anber.es\/web\/\",\"logo\":{\"@type\":\"ImageObject\",\"inLanguage\":\"es\",\"@id\":\"https:\/\/anber.es\/web\/#\/schema\/logo\/image\/\",\"url\":\"https:\/\/anber.es\/web\/wp-content\/uploads\/2021\/03\/logo-anber.png\",\"contentUrl\":\"https:\/\/anber.es\/web\/wp-content\/uploads\/2021\/03\/logo-anber.png\",\"width\":2208,\"height\":500,\"caption\":\"Anber\"},\"image\":{\"@id\":\"https:\/\/anber.es\/web\/#\/schema\/logo\/image\/\"}}]}<\/script>\n<!-- \/ Yoast SEO plugin. -->","yoast_head_json":{"title":"Pol\u00edtica de privacidad - Anber","robots":{"index":"index","follow":"follow","max-snippet":"max-snippet:-1","max-image-preview":"max-image-preview:large","max-video-preview":"max-video-preview:-1"},"canonical":"https:\/\/anber.es\/web\/politica-privacidad\/","og_locale":"es_ES","og_type":"article","og_title":"Pol\u00edtica de privacidad - Anber","og_description":"RESPONSABLE Anber Material Contra Incendios S.A.U &#8211; CIF A78104726 CONTACTO AV. DE LAS FLORES 13 &#8211; HUMANES DE MADRID (Madrid)mgavara@anber.es &#8211; Tel. 936800376 &#8211; http:\/\/www.anber.es FINALIDADES Env\u00edo informaci\u00f3n producto Comunicaciones comerciales LEGITIMACION CONFIRMACI\u00d3N DE PEDIDOS: Consentimiento expl\u00edcito del interesado ; Existencia de una relaci\u00f3ncontractual con el interesado mediante contrato o precontratoEnv\u00edo informaci\u00f3n producto: Consentimiento expl\u00edcito ... Leer m\u00e1s","og_url":"https:\/\/anber.es\/web\/politica-privacidad\/","og_site_name":"Anber","article_modified_time":"2021-03-02T13:26:37+00:00","twitter_card":"summary_large_image","twitter_misc":{"Tiempo de lectura":"7 minutos"},"schema":{"@context":"https:\/\/schema.org","@graph":[{"@type":"WebPage","@id":"https:\/\/anber.es\/web\/politica-privacidad\/","url":"https:\/\/anber.es\/web\/politica-privacidad\/","name":"Pol\u00edtica de privacidad - Anber","isPartOf":{"@id":"https:\/\/anber.es\/web\/#website"},"datePublished":"2020-10-13T11:03:21+00:00","dateModified":"2021-03-02T13:26:37+00:00","breadcrumb":{"@id":"https:\/\/anber.es\/web\/politica-privacidad\/#breadcrumb"},"inLanguage":"es","potentialAction":[{"@type":"ReadAction","target":["https:\/\/anber.es\/web\/politica-privacidad\/"]}]},{"@type":"BreadcrumbList","@id":"https:\/\/anber.es\/web\/politica-privacidad\/#breadcrumb","itemListElement":[{"@type":"ListItem","position":1,"name":"Portada","item":"https:\/\/anber.es\/web\/"},{"@type":"ListItem","position":2,"name":"Pol\u00edtica de privacidad"}]},{"@type":"WebSite","@id":"https:\/\/anber.es\/web\/#website","url":"https:\/\/anber.es\/web\/","name":"Anber","description":"Sistemas de protecci\u00f3n contra incendios","publisher":{"@id":"https:\/\/anber.es\/web\/#organization"},"potentialAction":[{"@type":"SearchAction","target":{"@type":"EntryPoint","urlTemplate":"https:\/\/anber.es\/web\/?s={search_term_string}"},"query-input":"required name=search_term_string"}],"inLanguage":"es"},{"@type":"Organization","@id":"https:\/\/anber.es\/web\/#organization","name":"Anber","url":"https:\/\/anber.es\/web\/","logo":{"@type":"ImageObject","inLanguage":"es","@id":"https:\/\/anber.es\/web\/#\/schema\/logo\/image\/","url":"https:\/\/anber.es\/web\/wp-content\/uploads\/2021\/03\/logo-anber.png","contentUrl":"https:\/\/anber.es\/web\/wp-content\/uploads\/2021\/03\/logo-anber.png","width":2208,"height":500,"caption":"Anber"},"image":{"@id":"https:\/\/anber.es\/web\/#\/schema\/logo\/image\/"}}]}},"_links":{"self":[{"href":"https:\/\/anber.es\/web\/wp-json\/wp\/v2\/pages\/303"}],"collection":[{"href":"https:\/\/anber.es\/web\/wp-json\/wp\/v2\/pages"}],"about":[{"href":"https:\/\/anber.es\/web\/wp-json\/wp\/v2\/types\/page"}],"author":[{"embeddable":true,"href":"https:\/\/anber.es\/web\/wp-json\/wp\/v2\/users\/2"}],"replies":[{"embeddable":true,"href":"https:\/\/anber.es\/web\/wp-json\/wp\/v2\/comments?post=303"}],"version-history":[{"count":20,"href":"https:\/\/anber.es\/web\/wp-json\/wp\/v2\/pages\/303\/revisions"}],"predecessor-version":[{"id":3032,"href":"https:\/\/anber.es\/web\/wp-json\/wp\/v2\/pages\/303\/revisions\/3032"}],"wp:attachment":[{"href":"https:\/\/anber.es\/web\/wp-json\/wp\/v2\/media?parent=303"}],"curies":[{"name":"wp","href":"https:\/\/api.w.org\/{rel}","templated":true}]}}