{"id":3030,"date":"2021-05-20T11:57:24","date_gmt":"2021-05-20T09:57:24","guid":{"rendered":"https:\/\/anber.es\/?page_id=3030"},"modified":"2021-05-20T12:07:59","modified_gmt":"2021-05-20T10:07:59","slug":"politica-de-calidad","status":"publish","type":"page","link":"https:\/\/anber.es\/web\/politica-de-calidad\/","title":{"rendered":"Pol\u00edtica de calidad"},"content":{"rendered":"\t\t<div data-elementor-type=\"wp-page\" data-elementor-id=\"3030\" class=\"elementor elementor-3030\" data-elementor-post-type=\"page\">\n\t\t\t\t\t\t\t\t\t<section class=\"elementor-section elementor-top-section elementor-element elementor-element-c662167 elementor-section-boxed elementor-section-height-default elementor-section-height-default\" data-id=\"c662167\" data-element_type=\"section\">\n\t\t\t\t\t\t<div class=\"elementor-container elementor-column-gap-default\">\n\t\t\t\t\t<div class=\"elementor-column elementor-col-100 elementor-top-column elementor-element elementor-element-4d89081\" data-id=\"4d89081\" data-element_type=\"column\">\n\t\t\t<div class=\"elementor-widget-wrap elementor-element-populated\">\n\t\t\t\t\t\t\t\t<div class=\"elementor-element elementor-element-8390941 elementor-widget elementor-widget-text-editor\" data-id=\"8390941\" data-element_type=\"widget\" data-widget_type=\"text-editor.default\">\n\t\t\t\t<div class=\"elementor-widget-container\">\n\t\t\t\t\t\t\t<p>El sistema de calidad de <strong>ANBER MATERIAL CONTRA INCENDIOS, S.A.U. <\/strong>est\u00e1 estructurado y adaptado a la fabricaci\u00f3n de hidrantes contra incendios, siendo revisado continuamente para mejorar su eficacia, satisfaciendo los requisitos de la norma<strong>\u00a0ISO9001: 2015.<\/strong><\/p><p>Constituye un compromiso estrat\u00e9gico el cumplimiento de los requisitos establecidos y los reglamentarios adem\u00e1s de la mejora continua del sistema de gesti\u00f3n de la calidad.<\/p><p>La pol\u00edtica de calidad establecida proporciona un marco de referencia para establecer y revisar los objetivos de calidad y es comunicada y entendida a todos los niveles de la organizaci\u00f3n y se mantiene disponible para todas las partes interesadas.<\/p><p>Est\u00e1 basada en los siguientes requerimientos:<\/p><p>&#8211; La fabricaci\u00f3n de hidrantes contra incendios con un nivel de calidad que los haga competitivos desde el punto de vista del mercado y rentables desde el punto de vista de la organizaci\u00f3n.<br \/>&#8211; Asegurar que los hidrantes fabricados satisfacen los requerimientos del cliente.<br \/>&#8211; Prevenir los problemas y el uso de materiales, productos, documentos o servicios que sean defectuosos.<\/p>\t\t\t\t\t\t<\/div>\n\t\t\t\t<\/div>\n\t\t\t\t<div class=\"elementor-element elementor-element-4dbdd48 elementor-widget elementor-widget-image\" data-id=\"4dbdd48\" data-element_type=\"widget\" data-widget_type=\"image.default\">\n\t\t\t\t<div class=\"elementor-widget-container\">\n\t\t\t\t\t\t\t\t\t\t\t\t\t\t\t<img decoding=\"async\" src=\"https:\/\/anber.es\/web\/wp-content\/uploads\/2021\/05\/firma_politica_Calidad.png\" title=\"firma_politica_Calidad\" alt=\"firma de la pol\u00edtica de Calidad de ANBER\" loading=\"lazy\" \/>\t\t\t\t\t\t\t\t\t\t\t\t\t\t\t<\/div>\n\t\t\t\t<\/div>\n\t\t\t\t\t<\/div>\n\t\t<\/div>\n\t\t\t\t\t\t\t<\/div>\n\t\t<\/section>\n\t\t\t\t\t\t\t<\/div>\n\t\t","protected":false},"excerpt":{"rendered":"<p>El sistema de calidad de ANBER MATERIAL CONTRA INCENDIOS, S.A.U. est\u00e1 estructurado y adaptado a la fabricaci\u00f3n de hidrantes contra incendios, siendo revisado continuamente para mejorar su eficacia, satisfaciendo los requisitos de la norma\u00a0ISO9001: 2015. Constituye un compromiso estrat\u00e9gico el cumplimiento de los requisitos establecidos y los reglamentarios adem\u00e1s de la mejora continua del sistema &#8230; <a title=\"Pol\u00edtica de calidad\" class=\"read-more\" href=\"https:\/\/anber.es\/web\/politica-de-calidad\/\" aria-label=\"M\u00e1s en Pol\u00edtica de calidad\">Leer m\u00e1s<\/a><\/p>\n","protected":false},"author":8,"featured_media":0,"parent":0,"menu_order":0,"comment_status":"closed","ping_status":"closed","template":"","meta":{"footnotes":""},"yoast_head":"<!-- This site is optimized with the Yoast SEO plugin v22.1 - https:\/\/yoast.com\/wordpress\/plugins\/seo\/ -->\n<title>Pol\u00edtica de calidad - Anber<\/title>\n<meta name=\"robots\" content=\"index, follow, max-snippet:-1, max-image-preview:large, max-video-preview:-1\" \/>\n<link rel=\"canonical\" href=\"https:\/\/anber.es\/web\/politica-de-calidad\/\" \/>\n<meta property=\"og:locale\" content=\"es_ES\" \/>\n<meta property=\"og:type\" content=\"article\" \/>\n<meta property=\"og:title\" content=\"Pol\u00edtica de calidad - Anber\" \/>\n<meta property=\"og:description\" content=\"El sistema de calidad de ANBER MATERIAL CONTRA INCENDIOS, S.A.U. est\u00e1 estructurado y adaptado a la fabricaci\u00f3n de hidrantes contra incendios, siendo revisado continuamente para mejorar su eficacia, satisfaciendo los requisitos de la norma\u00a0ISO9001: 2015. Constituye un compromiso estrat\u00e9gico el cumplimiento de los requisitos establecidos y los reglamentarios adem\u00e1s de la mejora continua del sistema ... Leer m\u00e1s\" \/>\n<meta property=\"og:url\" content=\"https:\/\/anber.es\/web\/politica-de-calidad\/\" \/>\n<meta property=\"og:site_name\" content=\"Anber\" \/>\n<meta property=\"article:modified_time\" content=\"2021-05-20T10:07:59+00:00\" \/>\n<meta property=\"og:image\" content=\"https:\/\/anber.es\/web\/wp-content\/uploads\/2021\/05\/firma_politica_Calidad.png\" \/>\n<meta name=\"twitter:card\" content=\"summary_large_image\" \/>\n<meta name=\"twitter:label1\" content=\"Tiempo de lectura\" \/>\n\t<meta name=\"twitter:data1\" content=\"1 minuto\" \/>\n<script type=\"application\/ld+json\" class=\"yoast-schema-graph\">{\"@context\":\"https:\/\/schema.org\",\"@graph\":[{\"@type\":\"WebPage\",\"@id\":\"https:\/\/anber.es\/web\/politica-de-calidad\/\",\"url\":\"https:\/\/anber.es\/web\/politica-de-calidad\/\",\"name\":\"Pol\u00edtica de calidad - Anber\",\"isPartOf\":{\"@id\":\"https:\/\/anber.es\/web\/#website\"},\"datePublished\":\"2021-05-20T09:57:24+00:00\",\"dateModified\":\"2021-05-20T10:07:59+00:00\",\"breadcrumb\":{\"@id\":\"https:\/\/anber.es\/web\/politica-de-calidad\/#breadcrumb\"},\"inLanguage\":\"es\",\"potentialAction\":[{\"@type\":\"ReadAction\",\"target\":[\"https:\/\/anber.es\/web\/politica-de-calidad\/\"]}]},{\"@type\":\"BreadcrumbList\",\"@id\":\"https:\/\/anber.es\/web\/politica-de-calidad\/#breadcrumb\",\"itemListElement\":[{\"@type\":\"ListItem\",\"position\":1,\"name\":\"Portada\",\"item\":\"https:\/\/anber.es\/web\/\"},{\"@type\":\"ListItem\",\"position\":2,\"name\":\"Pol\u00edtica de calidad\"}]},{\"@type\":\"WebSite\",\"@id\":\"https:\/\/anber.es\/web\/#website\",\"url\":\"https:\/\/anber.es\/web\/\",\"name\":\"Anber\",\"description\":\"Sistemas de protecci\u00f3n contra incendios\",\"publisher\":{\"@id\":\"https:\/\/anber.es\/web\/#organization\"},\"potentialAction\":[{\"@type\":\"SearchAction\",\"target\":{\"@type\":\"EntryPoint\",\"urlTemplate\":\"https:\/\/anber.es\/web\/?s={search_term_string}\"},\"query-input\":\"required name=search_term_string\"}],\"inLanguage\":\"es\"},{\"@type\":\"Organization\",\"@id\":\"https:\/\/anber.es\/web\/#organization\",\"name\":\"Anber\",\"url\":\"https:\/\/anber.es\/web\/\",\"logo\":{\"@type\":\"ImageObject\",\"inLanguage\":\"es\",\"@id\":\"https:\/\/anber.es\/web\/#\/schema\/logo\/image\/\",\"url\":\"https:\/\/anber.es\/web\/wp-content\/uploads\/2021\/03\/logo-anber.png\",\"contentUrl\":\"https:\/\/anber.es\/web\/wp-content\/uploads\/2021\/03\/logo-anber.png\",\"width\":2208,\"height\":500,\"caption\":\"Anber\"},\"image\":{\"@id\":\"https:\/\/anber.es\/web\/#\/schema\/logo\/image\/\"}}]}<\/script>\n<!-- \/ Yoast SEO plugin. -->","yoast_head_json":{"title":"Pol\u00edtica de calidad - Anber","robots":{"index":"index","follow":"follow","max-snippet":"max-snippet:-1","max-image-preview":"max-image-preview:large","max-video-preview":"max-video-preview:-1"},"canonical":"https:\/\/anber.es\/web\/politica-de-calidad\/","og_locale":"es_ES","og_type":"article","og_title":"Pol\u00edtica de calidad - Anber","og_description":"El sistema de calidad de ANBER MATERIAL CONTRA INCENDIOS, S.A.U. est\u00e1 estructurado y adaptado a la fabricaci\u00f3n de hidrantes contra incendios, siendo revisado continuamente para mejorar su eficacia, satisfaciendo los requisitos de la norma\u00a0ISO9001: 2015. Constituye un compromiso estrat\u00e9gico el cumplimiento de los requisitos establecidos y los reglamentarios adem\u00e1s de la mejora continua del sistema ... Leer m\u00e1s","og_url":"https:\/\/anber.es\/web\/politica-de-calidad\/","og_site_name":"Anber","article_modified_time":"2021-05-20T10:07:59+00:00","og_image":[{"url":"https:\/\/anber.es\/web\/wp-content\/uploads\/2021\/05\/firma_politica_Calidad.png"}],"twitter_card":"summary_large_image","twitter_misc":{"Tiempo de lectura":"1 minuto"},"schema":{"@context":"https:\/\/schema.org","@graph":[{"@type":"WebPage","@id":"https:\/\/anber.es\/web\/politica-de-calidad\/","url":"https:\/\/anber.es\/web\/politica-de-calidad\/","name":"Pol\u00edtica de calidad - Anber","isPartOf":{"@id":"https:\/\/anber.es\/web\/#website"},"datePublished":"2021-05-20T09:57:24+00:00","dateModified":"2021-05-20T10:07:59+00:00","breadcrumb":{"@id":"https:\/\/anber.es\/web\/politica-de-calidad\/#breadcrumb"},"inLanguage":"es","potentialAction":[{"@type":"ReadAction","target":["https:\/\/anber.es\/web\/politica-de-calidad\/"]}]},{"@type":"BreadcrumbList","@id":"https:\/\/anber.es\/web\/politica-de-calidad\/#breadcrumb","itemListElement":[{"@type":"ListItem","position":1,"name":"Portada","item":"https:\/\/anber.es\/web\/"},{"@type":"ListItem","position":2,"name":"Pol\u00edtica de calidad"}]},{"@type":"WebSite","@id":"https:\/\/anber.es\/web\/#website","url":"https:\/\/anber.es\/web\/","name":"Anber","description":"Sistemas de protecci\u00f3n contra incendios","publisher":{"@id":"https:\/\/anber.es\/web\/#organization"},"potentialAction":[{"@type":"SearchAction","target":{"@type":"EntryPoint","urlTemplate":"https:\/\/anber.es\/web\/?s={search_term_string}"},"query-input":"required name=search_term_string"}],"inLanguage":"es"},{"@type":"Organization","@id":"https:\/\/anber.es\/web\/#organization","name":"Anber","url":"https:\/\/anber.es\/web\/","logo":{"@type":"ImageObject","inLanguage":"es","@id":"https:\/\/anber.es\/web\/#\/schema\/logo\/image\/","url":"https:\/\/anber.es\/web\/wp-content\/uploads\/2021\/03\/logo-anber.png","contentUrl":"https:\/\/anber.es\/web\/wp-content\/uploads\/2021\/03\/logo-anber.png","width":2208,"height":500,"caption":"Anber"},"image":{"@id":"https:\/\/anber.es\/web\/#\/schema\/logo\/image\/"}}]}},"_links":{"self":[{"href":"https:\/\/anber.es\/web\/wp-json\/wp\/v2\/pages\/3030"}],"collection":[{"href":"https:\/\/anber.es\/web\/wp-json\/wp\/v2\/pages"}],"about":[{"href":"https:\/\/anber.es\/web\/wp-json\/wp\/v2\/types\/page"}],"author":[{"embeddable":true,"href":"https:\/\/anber.es\/web\/wp-json\/wp\/v2\/users\/8"}],"replies":[{"embeddable":true,"href":"https:\/\/anber.es\/web\/wp-json\/wp\/v2\/comments?post=3030"}],"version-history":[{"count":19,"href":"https:\/\/anber.es\/web\/wp-json\/wp\/v2\/pages\/3030\/revisions"}],"predecessor-version":[{"id":3054,"href":"https:\/\/anber.es\/web\/wp-json\/wp\/v2\/pages\/3030\/revisions\/3054"}],"wp:attachment":[{"href":"https:\/\/anber.es\/web\/wp-json\/wp\/v2\/media?parent=3030"}],"curies":[{"name":"wp","href":"https:\/\/api.w.org\/{rel}","templated":true}]}}