{"id":305,"date":"2020-10-13T13:03:34","date_gmt":"2020-10-13T11:03:34","guid":{"rendered":"http:\/\/anber.es\/web\/?page_id=305"},"modified":"2025-02-03T12:44:12","modified_gmt":"2025-02-03T10:44:12","slug":"terminos-de-venta","status":"publish","type":"page","link":"https:\/\/anber.es\/web\/terminos-de-venta\/","title":{"rendered":"T\u00e9rminos de venta"},"content":{"rendered":"\t\t<div data-elementor-type=\"wp-page\" data-elementor-id=\"305\" class=\"elementor elementor-305\" data-elementor-post-type=\"page\">\n\t\t\t\t\t\t\t\t\t<section class=\"elementor-section elementor-top-section elementor-element elementor-element-3dd5dbf6 elementor-section-boxed elementor-section-height-default elementor-section-height-default\" data-id=\"3dd5dbf6\" data-element_type=\"section\">\n\t\t\t\t\t\t<div class=\"elementor-container elementor-column-gap-default\">\n\t\t\t\t\t<div class=\"elementor-column elementor-col-100 elementor-top-column elementor-element elementor-element-17932e04\" data-id=\"17932e04\" data-element_type=\"column\">\n\t\t\t<div class=\"elementor-widget-wrap elementor-element-populated\">\n\t\t\t\t\t\t\t\t<div class=\"elementor-element elementor-element-3ed346e elementor-widget elementor-widget-text-editor\" data-id=\"3ed346e\" data-element_type=\"widget\" data-widget_type=\"text-editor.default\">\n\t\t\t\t<div class=\"elementor-widget-container\">\n\t\t\t\t\t\t\t<p><!-- wp:paragraph --><\/p>\n<p style=\"text-align: justify;\">GARANT\u00cdA\u00a0 |<strong>\u00a0 <\/strong><strong>AQL Protecci\u00f3n S.A. y ANBER S.A.U. <\/strong>garantizan el material que distribuye o comercializa bajo condiciones normales de uso y servicio. La obligaci\u00f3n de <strong>AQL Protecci\u00f3n S.A. y ANBER S.A.U.<\/strong> bajo la presente garant\u00eda se limitar\u00e1 a la reparaci\u00f3n o reposici\u00f3n de aquellos materiales que, dentro del periodo de 3 a\u00f1os desde la fecha de la factura original, se demuestren defectuosos. Para poder probar si los materiales son o no defectuosos, estos deber\u00e1n ser enviados por el comprador original a <strong>AQL Protecci\u00f3n S.A.<\/strong>, N-340 KM 1245,3 Nave B5 P.I. El Pla 08750 Molins de Rei, Barcelona, Espa\u00f1a o a <strong>ANBER S.A.U.<\/strong> Avda. de las Flores 15 P. Emp. El Molino 28970 Humanes de Madrid. Madrid (Espa\u00f1a). <strong>AQL Protecci\u00f3n S.A. y ANBER S.A.U.<\/strong> no aceptar\u00e1 ninguna responsabilidad bajo los t\u00e9rminos de esta garant\u00eda si los materiales no son sometidos a su inspecci\u00f3n. Esta garant\u00eda no es extensible a da\u00f1os incidentales o consecuencias de cualquier naturaleza.<\/p>\n<p><!-- \/wp:paragraph --><\/p>\n<p><!-- wp:paragraph --><\/p>\n<p style=\"text-align: justify;\">PRECIOS\u00a0 | \u00a0Los precios, t\u00e9rminos y condiciones de venta est\u00e1n reflejados en las Tarifas de Precios actuales y est\u00e1n sujetos a modificaciones o anulaciones sin previo aviso. Los errores tipogr\u00e1ficos est\u00e1n sujetos a correcci\u00f3n. Los pedidos ser\u00e1n enviados y facturados a los precios en vigor a la fecha de env\u00edo.<\/p>\n<p><!-- \/wp:paragraph --><\/p>\n<p><!-- wp:paragraph --><\/p>\n<p style=\"text-align: justify;\">FORMA DE PAGO\u00a0 | \u00a0Toda forma de pago diferente a contado estar\u00e1 sujeta a la aprobaci\u00f3n del departamento de administraci\u00f3n de <strong>AQL Protecci\u00f3n S.A. y ANBER S.A.U. <\/strong>y deber\u00e1 estar dentro del marco de la ley vigente, ley de morosidad 15\/2010. Del mismo modo <strong>AQL Protecci\u00f3n S.A. y ANBER S.A.U.<\/strong> se reserva el derecho de aplicar un inter\u00e9s sobre el importe de las facturas impagadas tras su vencimiento. Cualquier gasto derivado del cobro de facturas pendientes tras su vencimiento, incluyendo razonables tasas legales, ser\u00e1 responsabilidad del comprador. <strong>AQL Protecci\u00f3n S.A. y ANBER S.A.U.<\/strong> se reserva el derecho a retrasar el env\u00edo de materiales en caso de falta de seguridad de cobro.<\/p>\n<p><!-- \/wp:paragraph --><\/p>\n<p><!-- wp:paragraph --><\/p>\n<p style=\"text-align: justify;\">ACEPTACI\u00d3N DE PEDIDOS\u00a0 | \u00a0Todos los pedidos est\u00e1n sujetos a aceptaci\u00f3n por parte de <strong>AQL Protecci\u00f3n S.A. y ANBER S.A.U.<\/strong> Ninguno de los derechos del comprador se aplicar\u00e1 hasta que dicha aceptaci\u00f3n tenga lugar. <strong>AQL Protecci\u00f3n S.A. y ANBER S.A.U.<\/strong> s\u00f3lo aceptar\u00e1 pedidos inferiores a 50\u20ac si la forma de pago es contado o mediante la forma de pago habitual con un cargo extra de 15\u20ac por la tramitaci\u00f3n y gesti\u00f3n del mismo.<\/p>\n<p><!-- \/wp:paragraph --><\/p>\n<p><!-- wp:paragraph --><\/p>\n<p style=\"text-align: justify;\">PORTES\u00a0 | \u00a0Todos los env\u00edos ser\u00e1n EXWORKS f\u00e1brica o lugar de suministro de <strong>AQL Protecci\u00f3n S.A. y ANBER S.A.U.<\/strong> La forma de env\u00edo ser\u00e1 designada por el comprador. En caso contrario, <strong>AQL Protecci\u00f3n S.A. y ANBER S.A.U.<\/strong> se reservan el derecho de determinar dicha forma de env\u00edo a su elecci\u00f3n. Una vez entregados los materiales al transportista, cualquier riesgo de p\u00e9rdida o da\u00f1o del producto ser\u00e1 responsabilidad del comprador, quien ser\u00e1 igualmente responsable de cumplimentar las reclamaciones pertinentes al transportista. Cualquier seguro especial ser\u00e1 tambi\u00e9n responsabilidad del comprador. Cualquier error en el env\u00edo de materiales deber\u00e1 ser notificado a <strong>AQL Protecci\u00f3n S.A. y ANBER S.A.U.<\/strong> inmediatamente tras su identificaci\u00f3n y \/ o recepci\u00f3n.<\/p>\n<p><!-- \/wp:paragraph --><\/p>\n<p><!-- wp:paragraph --><\/p>\n<p style=\"text-align: justify;\">RETRASOS\u00a0 |\u00a0 Cualquier plazo de entrega especificado es aproximado y no garantiza la fecha de env\u00edo particular. <strong>AQL Protecci\u00f3n S.A. y ANBER S.A.U.<\/strong> no ser\u00e1 responsable, bajo ninguna circunstancia, por incapacidad de entregar o retrasos en la entrega de materiales ocasionados, en su totalidad o en parte, por razones de fuerza mayor.<\/p>\n<p><!-- \/wp:paragraph --><\/p>\n<p><!-- wp:paragraph --><\/p>\n<p style=\"text-align: justify;\">ENV\u00cdOS PARCIALES\u00a0 | \u00a0<strong>AQL Protecci\u00f3n S.A. y ANBER S.A.U.<\/strong> se reservan el derecho a hacer env\u00edos parciales y a emitir las facturas correspondientes a dichos env\u00edos para las que aplicar\u00e1n los mismos t\u00e9rminos y condiciones de venta habituales. Del mismo modo <strong>AQL Protecci\u00f3n S.A. y ANBER S.A.U.<\/strong> se reservan el derecho a suspender o retrasar el resto de las entregas en caso de facturas impagadas tras su vencimiento.<\/p>\n<p><!-- \/wp:paragraph --><\/p>\n<p><!-- wp:paragraph --><\/p>\n<p style=\"text-align: justify;\">PAGOS\u00a0 | \u00a0Todos los pagos ser\u00e1n en EUROS, por el importe total de la factura, libres de comisiones bancarias por el cambio, cobro o cualquier otro concepto.<\/p>\n<p><!-- \/wp:paragraph --><\/p>\n<p><!-- wp:paragraph --><\/p>\n<p style=\"text-align: justify;\">CAMBIO, CANCELACIONES, SUSPENSIONES O INSTRUCCIONES ESPECIALES\u00a0 | \u00a0Cualquier cambio, cancelaci\u00f3n, suspensi\u00f3n, instrucci\u00f3n de retrasar la entrega o cualquier otra instrucci\u00f3n especial deber\u00e1 ser comunicada por el comprador por escrito y est\u00e1 sujeta a la aceptaci\u00f3n por <strong>AQL Protecci\u00f3n S.A. y ANBER S.A.U.<\/strong><\/p>\n<p><!-- \/wp:paragraph --><\/p>\n<p><!-- wp:paragraph --><\/p>\n<p style=\"text-align: justify;\">DEVOLUCIONES\u00a0 | \u00a0Ning\u00fan producto vendido por <strong>AQL Protecci\u00f3n S.A. y ANBER S.A.U.<\/strong> podr\u00e1 ser devuelto sin autorizaci\u00f3n previa por escrito. <strong>AQL Protecci\u00f3n S.A. y ANBER S.A.U.<\/strong> no aceptar\u00e1n devoluciones pasados 15 d\u00edas del suministro. Todas las devoluciones aceptadas previamente deben llegar correctamente documentadas y sin gastos de transporte u otro tipo.<\/p>\n<p><!-- \/wp:paragraph --><\/p>\n<p><!-- wp:paragraph --><\/p>\n<p style=\"text-align: justify;\">A todas las devoluciones se les aplicar\u00e1 un dem\u00e9rito del 20% por manipulaci\u00f3n y gastos de reacondicionamiento.<\/p>\n<p><!-- \/wp:paragraph --><\/p>\t\t\t\t\t\t<\/div>\n\t\t\t\t<\/div>\n\t\t\t\t\t<\/div>\n\t\t<\/div>\n\t\t\t\t\t\t\t<\/div>\n\t\t<\/section>\n\t\t\t\t\t\t\t<\/div>\n\t\t","protected":false},"excerpt":{"rendered":"<p>GARANT\u00cdA\u00a0 |\u00a0 AQL Protecci\u00f3n S.A. y ANBER S.A.U. garantizan el material que distribuye o comercializa bajo condiciones normales de uso y servicio. La obligaci\u00f3n de AQL Protecci\u00f3n S.A. y ANBER S.A.U. bajo la presente garant\u00eda se limitar\u00e1 a la reparaci\u00f3n o reposici\u00f3n de aquellos materiales que, dentro del periodo de 3 a\u00f1os desde la fecha &#8230; <a title=\"T\u00e9rminos de venta\" class=\"read-more\" href=\"https:\/\/anber.es\/web\/terminos-de-venta\/\" aria-label=\"M\u00e1s en T\u00e9rminos de venta\">Leer m\u00e1s<\/a><\/p>\n","protected":false},"author":2,"featured_media":0,"parent":0,"menu_order":0,"comment_status":"closed","ping_status":"closed","template":"","meta":{"footnotes":""},"yoast_head":"<!-- This site is optimized with the Yoast SEO plugin v22.1 - https:\/\/yoast.com\/wordpress\/plugins\/seo\/ -->\n<title>T\u00e9rminos de venta - Anber<\/title>\n<meta name=\"robots\" content=\"index, follow, max-snippet:-1, max-image-preview:large, max-video-preview:-1\" \/>\n<link rel=\"canonical\" href=\"https:\/\/anber.es\/web\/terminos-de-venta\/\" \/>\n<meta property=\"og:locale\" content=\"es_ES\" \/>\n<meta property=\"og:type\" content=\"article\" \/>\n<meta property=\"og:title\" content=\"T\u00e9rminos de venta - Anber\" \/>\n<meta property=\"og:description\" content=\"GARANT\u00cdA\u00a0 |\u00a0 AQL Protecci\u00f3n S.A. y ANBER S.A.U. garantizan el material que distribuye o comercializa bajo condiciones normales de uso y servicio. La obligaci\u00f3n de AQL Protecci\u00f3n S.A. y ANBER S.A.U. bajo la presente garant\u00eda se limitar\u00e1 a la reparaci\u00f3n o reposici\u00f3n de aquellos materiales que, dentro del periodo de 3 a\u00f1os desde la fecha ... Leer m\u00e1s\" \/>\n<meta property=\"og:url\" content=\"https:\/\/anber.es\/web\/terminos-de-venta\/\" \/>\n<meta property=\"og:site_name\" content=\"Anber\" \/>\n<meta property=\"article:modified_time\" content=\"2025-02-03T10:44:12+00:00\" \/>\n<meta name=\"twitter:card\" content=\"summary_large_image\" \/>\n<meta name=\"twitter:label1\" content=\"Tiempo de lectura\" \/>\n\t<meta name=\"twitter:data1\" content=\"4 minutos\" \/>\n<script type=\"application\/ld+json\" class=\"yoast-schema-graph\">{\"@context\":\"https:\/\/schema.org\",\"@graph\":[{\"@type\":\"WebPage\",\"@id\":\"https:\/\/anber.es\/web\/terminos-de-venta\/\",\"url\":\"https:\/\/anber.es\/web\/terminos-de-venta\/\",\"name\":\"T\u00e9rminos de venta - Anber\",\"isPartOf\":{\"@id\":\"https:\/\/anber.es\/web\/#website\"},\"datePublished\":\"2020-10-13T11:03:34+00:00\",\"dateModified\":\"2025-02-03T10:44:12+00:00\",\"breadcrumb\":{\"@id\":\"https:\/\/anber.es\/web\/terminos-de-venta\/#breadcrumb\"},\"inLanguage\":\"es\",\"potentialAction\":[{\"@type\":\"ReadAction\",\"target\":[\"https:\/\/anber.es\/web\/terminos-de-venta\/\"]}]},{\"@type\":\"BreadcrumbList\",\"@id\":\"https:\/\/anber.es\/web\/terminos-de-venta\/#breadcrumb\",\"itemListElement\":[{\"@type\":\"ListItem\",\"position\":1,\"name\":\"Portada\",\"item\":\"https:\/\/anber.es\/web\/\"},{\"@type\":\"ListItem\",\"position\":2,\"name\":\"T\u00e9rminos de venta\"}]},{\"@type\":\"WebSite\",\"@id\":\"https:\/\/anber.es\/web\/#website\",\"url\":\"https:\/\/anber.es\/web\/\",\"name\":\"Anber\",\"description\":\"Sistemas de protecci\u00f3n contra incendios\",\"publisher\":{\"@id\":\"https:\/\/anber.es\/web\/#organization\"},\"potentialAction\":[{\"@type\":\"SearchAction\",\"target\":{\"@type\":\"EntryPoint\",\"urlTemplate\":\"https:\/\/anber.es\/web\/?s={search_term_string}\"},\"query-input\":\"required name=search_term_string\"}],\"inLanguage\":\"es\"},{\"@type\":\"Organization\",\"@id\":\"https:\/\/anber.es\/web\/#organization\",\"name\":\"Anber\",\"url\":\"https:\/\/anber.es\/web\/\",\"logo\":{\"@type\":\"ImageObject\",\"inLanguage\":\"es\",\"@id\":\"https:\/\/anber.es\/web\/#\/schema\/logo\/image\/\",\"url\":\"https:\/\/anber.es\/web\/wp-content\/uploads\/2021\/03\/logo-anber.png\",\"contentUrl\":\"https:\/\/anber.es\/web\/wp-content\/uploads\/2021\/03\/logo-anber.png\",\"width\":2208,\"height\":500,\"caption\":\"Anber\"},\"image\":{\"@id\":\"https:\/\/anber.es\/web\/#\/schema\/logo\/image\/\"}}]}<\/script>\n<!-- \/ Yoast SEO plugin. -->","yoast_head_json":{"title":"T\u00e9rminos de venta - Anber","robots":{"index":"index","follow":"follow","max-snippet":"max-snippet:-1","max-image-preview":"max-image-preview:large","max-video-preview":"max-video-preview:-1"},"canonical":"https:\/\/anber.es\/web\/terminos-de-venta\/","og_locale":"es_ES","og_type":"article","og_title":"T\u00e9rminos de venta - Anber","og_description":"GARANT\u00cdA\u00a0 |\u00a0 AQL Protecci\u00f3n S.A. y ANBER S.A.U. garantizan el material que distribuye o comercializa bajo condiciones normales de uso y servicio. La obligaci\u00f3n de AQL Protecci\u00f3n S.A. y ANBER S.A.U. bajo la presente garant\u00eda se limitar\u00e1 a la reparaci\u00f3n o reposici\u00f3n de aquellos materiales que, dentro del periodo de 3 a\u00f1os desde la fecha ... Leer m\u00e1s","og_url":"https:\/\/anber.es\/web\/terminos-de-venta\/","og_site_name":"Anber","article_modified_time":"2025-02-03T10:44:12+00:00","twitter_card":"summary_large_image","twitter_misc":{"Tiempo de lectura":"4 minutos"},"schema":{"@context":"https:\/\/schema.org","@graph":[{"@type":"WebPage","@id":"https:\/\/anber.es\/web\/terminos-de-venta\/","url":"https:\/\/anber.es\/web\/terminos-de-venta\/","name":"T\u00e9rminos de venta - Anber","isPartOf":{"@id":"https:\/\/anber.es\/web\/#website"},"datePublished":"2020-10-13T11:03:34+00:00","dateModified":"2025-02-03T10:44:12+00:00","breadcrumb":{"@id":"https:\/\/anber.es\/web\/terminos-de-venta\/#breadcrumb"},"inLanguage":"es","potentialAction":[{"@type":"ReadAction","target":["https:\/\/anber.es\/web\/terminos-de-venta\/"]}]},{"@type":"BreadcrumbList","@id":"https:\/\/anber.es\/web\/terminos-de-venta\/#breadcrumb","itemListElement":[{"@type":"ListItem","position":1,"name":"Portada","item":"https:\/\/anber.es\/web\/"},{"@type":"ListItem","position":2,"name":"T\u00e9rminos de venta"}]},{"@type":"WebSite","@id":"https:\/\/anber.es\/web\/#website","url":"https:\/\/anber.es\/web\/","name":"Anber","description":"Sistemas de protecci\u00f3n contra incendios","publisher":{"@id":"https:\/\/anber.es\/web\/#organization"},"potentialAction":[{"@type":"SearchAction","target":{"@type":"EntryPoint","urlTemplate":"https:\/\/anber.es\/web\/?s={search_term_string}"},"query-input":"required name=search_term_string"}],"inLanguage":"es"},{"@type":"Organization","@id":"https:\/\/anber.es\/web\/#organization","name":"Anber","url":"https:\/\/anber.es\/web\/","logo":{"@type":"ImageObject","inLanguage":"es","@id":"https:\/\/anber.es\/web\/#\/schema\/logo\/image\/","url":"https:\/\/anber.es\/web\/wp-content\/uploads\/2021\/03\/logo-anber.png","contentUrl":"https:\/\/anber.es\/web\/wp-content\/uploads\/2021\/03\/logo-anber.png","width":2208,"height":500,"caption":"Anber"},"image":{"@id":"https:\/\/anber.es\/web\/#\/schema\/logo\/image\/"}}]}},"_links":{"self":[{"href":"https:\/\/anber.es\/web\/wp-json\/wp\/v2\/pages\/305"}],"collection":[{"href":"https:\/\/anber.es\/web\/wp-json\/wp\/v2\/pages"}],"about":[{"href":"https:\/\/anber.es\/web\/wp-json\/wp\/v2\/types\/page"}],"author":[{"embeddable":true,"href":"https:\/\/anber.es\/web\/wp-json\/wp\/v2\/users\/2"}],"replies":[{"embeddable":true,"href":"https:\/\/anber.es\/web\/wp-json\/wp\/v2\/comments?post=305"}],"version-history":[{"count":5,"href":"https:\/\/anber.es\/web\/wp-json\/wp\/v2\/pages\/305\/revisions"}],"predecessor-version":[{"id":9731,"href":"https:\/\/anber.es\/web\/wp-json\/wp\/v2\/pages\/305\/revisions\/9731"}],"wp:attachment":[{"href":"https:\/\/anber.es\/web\/wp-json\/wp\/v2\/media?parent=305"}],"curies":[{"name":"wp","href":"https:\/\/api.w.org\/{rel}","templated":true}]}}