{"id":10127,"date":"2025-07-07T12:15:12","date_gmt":"2025-07-07T10:15:12","guid":{"rendered":"https:\/\/anber.es\/web\/?post_type=product&#038;p=10127"},"modified":"2025-07-07T12:35:14","modified_gmt":"2025-07-07T10:35:14","slug":"detector-multisensor-acc-enm","status":"publish","type":"product","link":"https:\/\/anber.es\/web\/producto\/detector-multisensor-acc-enm\/","title":{"rendered":"Detector multisensor ACC-ENM"},"content":{"rendered":"<p>El <strong>detector multisensor  ACC-ENM <\/strong>incorpora un sensor t\u00e9rmico y una c\u00e1mara fotoel\u00e9ctrica de alto rendimiento. Desde la central se puede programar de tres modos diferentes: sensor \u00f3ptico y t\u00e9rmico trabajando de forma independiente o simult\u00e1neamente. <\/p>\n<p>Sensibilidad variable.<\/p>\n<p><b>LEDS con visualizaci\u00f3n de 360\u00ba<\/b> con control de pulsaci\u00f3n o no pulsaci\u00f3n.<\/p>\n<p>Se suministra en color blanco. Tambi\u00e9n disponible en marfil.<\/p>\n<p>Referencia: DADMACCENMW0.<\/p>\n<p><a href=\"\/web\/wp-content\/uploads\/2025\/07\/Ficha_tecnica-detector_multisensor_ACC-ENM_marina.pdf\" target=\"_blank\" rel=\"noopener noreferrer\"><button>Descarga ficha<\/button><\/a><br \/>\n<a class=\"insta-link\" href=\"https:\/\/www.instagram.com\/aqlproteccion\/?hl=es\" target=\"_blank\" rel=\"noopener noreferrer\">Instagram<\/a><\/p>\n","protected":false},"excerpt":{"rendered":"<p>El detector multisensor  ACC-ENM incorpora un sensor t\u00e9rmico y una c\u00e1mara fotoel\u00e9ctrica de alto rendimiento. Desde la central se puede programar de tres modos diferentes: sensor \u00f3ptico y t\u00e9rmico trabajando de forma independiente o simult\u00e1neamente. <\/p>\n","protected":false},"featured_media":10125,"template":"","meta":[],"product_cat":[155,51,23],"product_tag":[215],"yoast_head":"<!-- This site is optimized with the Yoast SEO plugin v22.1 - https:\/\/yoast.com\/wordpress\/plugins\/seo\/ -->\n<title>Detector multisensor ACC-ENM - Anber<\/title>\n<meta name=\"description\" content=\"El detector multisensor ACC-ENM incorpora un sensor t\u00e9rmico y una c\u00e1mara fotoel\u00e9ctrica de alto rendimiento. Se puede programar de tres modos diferentes\" \/>\n<meta name=\"robots\" content=\"index, follow, max-snippet:-1, max-image-preview:large, max-video-preview:-1\" \/>\n<link rel=\"canonical\" href=\"https:\/\/anber.es\/web\/producto\/detector-multisensor-acc-enm\/\" \/>\n<meta property=\"og:locale\" content=\"es_ES\" \/>\n<meta property=\"og:type\" content=\"article\" \/>\n<meta property=\"og:title\" content=\"Detector multisensor ACC-ENM - Anber\" \/>\n<meta property=\"og:description\" content=\"El detector multisensor ACC-ENM incorpora un sensor t\u00e9rmico y una c\u00e1mara fotoel\u00e9ctrica de alto rendimiento. Se puede programar de tres modos diferentes\" \/>\n<meta property=\"og:url\" content=\"https:\/\/anber.es\/web\/producto\/detector-multisensor-acc-enm\/\" \/>\n<meta property=\"og:site_name\" content=\"Anber\" \/>\n<meta property=\"article:modified_time\" content=\"2025-07-07T10:35:14+00:00\" \/>\n<meta property=\"og:image\" content=\"https:\/\/anber.es\/web\/wp-content\/uploads\/2025\/07\/detector_multisensor_modelo_ACC-ENM.webp\" \/>\n\t<meta property=\"og:image:width\" content=\"1000\" \/>\n\t<meta property=\"og:image:height\" content=\"1000\" \/>\n\t<meta property=\"og:image:type\" content=\"image\/webp\" \/>\n<meta name=\"twitter:card\" content=\"summary_large_image\" \/>\n<meta name=\"twitter:label1\" content=\"Tiempo de lectura\" \/>\n\t<meta name=\"twitter:data1\" content=\"1 minuto\" \/>\n<script type=\"application\/ld+json\" class=\"yoast-schema-graph\">{\"@context\":\"https:\/\/schema.org\",\"@graph\":[{\"@type\":\"WebPage\",\"@id\":\"https:\/\/anber.es\/web\/producto\/detector-multisensor-acc-enm\/\",\"url\":\"https:\/\/anber.es\/web\/producto\/detector-multisensor-acc-enm\/\",\"name\":\"Detector multisensor ACC-ENM - Anber\",\"isPartOf\":{\"@id\":\"https:\/\/anber.es\/web\/#website\"},\"datePublished\":\"2025-07-07T10:15:12+00:00\",\"dateModified\":\"2025-07-07T10:35:14+00:00\",\"description\":\"El detector multisensor ACC-ENM incorpora un sensor t\u00e9rmico y una c\u00e1mara fotoel\u00e9ctrica de alto rendimiento. Se puede programar de tres modos diferentes\",\"breadcrumb\":{\"@id\":\"https:\/\/anber.es\/web\/producto\/detector-multisensor-acc-enm\/#breadcrumb\"},\"inLanguage\":\"es\",\"potentialAction\":[{\"@type\":\"ReadAction\",\"target\":[\"https:\/\/anber.es\/web\/producto\/detector-multisensor-acc-enm\/\"]}]},{\"@type\":\"BreadcrumbList\",\"@id\":\"https:\/\/anber.es\/web\/producto\/detector-multisensor-acc-enm\/#breadcrumb\",\"itemListElement\":[{\"@type\":\"ListItem\",\"position\":1,\"name\":\"Portada\",\"item\":\"https:\/\/anber.es\/web\/\"},{\"@type\":\"ListItem\",\"position\":2,\"name\":\"Productos\",\"item\":\"https:\/\/anber.es\/web\/productos\/\"},{\"@type\":\"ListItem\",\"position\":3,\"name\":\"Detector multisensor ACC-ENM\"}]},{\"@type\":\"WebSite\",\"@id\":\"https:\/\/anber.es\/web\/#website\",\"url\":\"https:\/\/anber.es\/web\/\",\"name\":\"Anber\",\"description\":\"Sistemas de protecci\u00f3n contra incendios\",\"publisher\":{\"@id\":\"https:\/\/anber.es\/web\/#organization\"},\"potentialAction\":[{\"@type\":\"SearchAction\",\"target\":{\"@type\":\"EntryPoint\",\"urlTemplate\":\"https:\/\/anber.es\/web\/?s={search_term_string}\"},\"query-input\":\"required name=search_term_string\"}],\"inLanguage\":\"es\"},{\"@type\":\"Organization\",\"@id\":\"https:\/\/anber.es\/web\/#organization\",\"name\":\"Anber\",\"url\":\"https:\/\/anber.es\/web\/\",\"logo\":{\"@type\":\"ImageObject\",\"inLanguage\":\"es\",\"@id\":\"https:\/\/anber.es\/web\/#\/schema\/logo\/image\/\",\"url\":\"https:\/\/anber.es\/web\/wp-content\/uploads\/2021\/03\/logo-anber.png\",\"contentUrl\":\"https:\/\/anber.es\/web\/wp-content\/uploads\/2021\/03\/logo-anber.png\",\"width\":2208,\"height\":500,\"caption\":\"Anber\"},\"image\":{\"@id\":\"https:\/\/anber.es\/web\/#\/schema\/logo\/image\/\"}}]}<\/script>\n<!-- \/ Yoast SEO plugin. -->","yoast_head_json":{"title":"Detector multisensor ACC-ENM - Anber","description":"El detector multisensor ACC-ENM incorpora un sensor t\u00e9rmico y una c\u00e1mara fotoel\u00e9ctrica de alto rendimiento. Se puede programar de tres modos diferentes","robots":{"index":"index","follow":"follow","max-snippet":"max-snippet:-1","max-image-preview":"max-image-preview:large","max-video-preview":"max-video-preview:-1"},"canonical":"https:\/\/anber.es\/web\/producto\/detector-multisensor-acc-enm\/","og_locale":"es_ES","og_type":"article","og_title":"Detector multisensor ACC-ENM - Anber","og_description":"El detector multisensor ACC-ENM incorpora un sensor t\u00e9rmico y una c\u00e1mara fotoel\u00e9ctrica de alto rendimiento. Se puede programar de tres modos diferentes","og_url":"https:\/\/anber.es\/web\/producto\/detector-multisensor-acc-enm\/","og_site_name":"Anber","article_modified_time":"2025-07-07T10:35:14+00:00","og_image":[{"width":1000,"height":1000,"url":"https:\/\/anber.es\/web\/wp-content\/uploads\/2025\/07\/detector_multisensor_modelo_ACC-ENM.webp","type":"image\/webp"}],"twitter_card":"summary_large_image","twitter_misc":{"Tiempo de lectura":"1 minuto"},"schema":{"@context":"https:\/\/schema.org","@graph":[{"@type":"WebPage","@id":"https:\/\/anber.es\/web\/producto\/detector-multisensor-acc-enm\/","url":"https:\/\/anber.es\/web\/producto\/detector-multisensor-acc-enm\/","name":"Detector multisensor ACC-ENM - Anber","isPartOf":{"@id":"https:\/\/anber.es\/web\/#website"},"datePublished":"2025-07-07T10:15:12+00:00","dateModified":"2025-07-07T10:35:14+00:00","description":"El detector multisensor ACC-ENM incorpora un sensor t\u00e9rmico y una c\u00e1mara fotoel\u00e9ctrica de alto rendimiento. Se puede programar de tres modos diferentes","breadcrumb":{"@id":"https:\/\/anber.es\/web\/producto\/detector-multisensor-acc-enm\/#breadcrumb"},"inLanguage":"es","potentialAction":[{"@type":"ReadAction","target":["https:\/\/anber.es\/web\/producto\/detector-multisensor-acc-enm\/"]}]},{"@type":"BreadcrumbList","@id":"https:\/\/anber.es\/web\/producto\/detector-multisensor-acc-enm\/#breadcrumb","itemListElement":[{"@type":"ListItem","position":1,"name":"Portada","item":"https:\/\/anber.es\/web\/"},{"@type":"ListItem","position":2,"name":"Productos","item":"https:\/\/anber.es\/web\/productos\/"},{"@type":"ListItem","position":3,"name":"Detector multisensor ACC-ENM"}]},{"@type":"WebSite","@id":"https:\/\/anber.es\/web\/#website","url":"https:\/\/anber.es\/web\/","name":"Anber","description":"Sistemas de protecci\u00f3n contra incendios","publisher":{"@id":"https:\/\/anber.es\/web\/#organization"},"potentialAction":[{"@type":"SearchAction","target":{"@type":"EntryPoint","urlTemplate":"https:\/\/anber.es\/web\/?s={search_term_string}"},"query-input":"required name=search_term_string"}],"inLanguage":"es"},{"@type":"Organization","@id":"https:\/\/anber.es\/web\/#organization","name":"Anber","url":"https:\/\/anber.es\/web\/","logo":{"@type":"ImageObject","inLanguage":"es","@id":"https:\/\/anber.es\/web\/#\/schema\/logo\/image\/","url":"https:\/\/anber.es\/web\/wp-content\/uploads\/2021\/03\/logo-anber.png","contentUrl":"https:\/\/anber.es\/web\/wp-content\/uploads\/2021\/03\/logo-anber.png","width":2208,"height":500,"caption":"Anber"},"image":{"@id":"https:\/\/anber.es\/web\/#\/schema\/logo\/image\/"}}]}},"_links":{"self":[{"href":"https:\/\/anber.es\/web\/wp-json\/wp\/v2\/product\/10127"}],"collection":[{"href":"https:\/\/anber.es\/web\/wp-json\/wp\/v2\/product"}],"about":[{"href":"https:\/\/anber.es\/web\/wp-json\/wp\/v2\/types\/product"}],"wp:featuredmedia":[{"embeddable":true,"href":"https:\/\/anber.es\/web\/wp-json\/wp\/v2\/media\/10125"}],"wp:attachment":[{"href":"https:\/\/anber.es\/web\/wp-json\/wp\/v2\/media?parent=10127"}],"wp:term":[{"taxonomy":"product_cat","embeddable":true,"href":"https:\/\/anber.es\/web\/wp-json\/wp\/v2\/product_cat?post=10127"},{"taxonomy":"product_tag","embeddable":true,"href":"https:\/\/anber.es\/web\/wp-json\/wp\/v2\/product_tag?post=10127"}],"curies":[{"name":"wp","href":"https:\/\/api.w.org\/{rel}","templated":true}]}}