{"id":10849,"date":"2026-03-24T16:33:49","date_gmt":"2026-03-24T14:33:49","guid":{"rendered":"https:\/\/anber.es\/web\/?post_type=product&#038;p=10849"},"modified":"2026-03-24T16:39:15","modified_gmt":"2026-03-24T14:39:15","slug":"agente-extintor-armanfire-chef","status":"publish","type":"product","link":"https:\/\/anber.es\/web\/producto\/agente-extintor-armanfire-chef\/","title":{"rendered":"Agente extintor ArmanFire Chef"},"content":{"rendered":"<p><strong>Agente extintor usado en los sistemas ARMANFire Chef <\/strong>con una composici\u00f3n bioqu\u00edmica especial y \u00fanica, dise\u00f1ada para ofrecer soluciones de extinci\u00f3n altamente eficientes, as\u00ed como un rendimiento medioambiental inigualable.<\/p>\n<p>Es una espuma <b>Eco-Encapsuladora<\/b> de extinci\u00f3n de alto rendimiento con capacidades AFFF certificadas.<\/p>\n<p>Ofrece caracter\u00edsticas inigualables de supresi\u00f3n, enfriamiento superior en superficies de fuel y met\u00e1licas, combinado con una resistencia \u00f3ptima a la reignici\u00f3n.<\/p>\n<p>\u00b7 <b>Acci\u00f3n simultanea <\/b>sobre la temperatura, el combustible, el ox\u00edgeno y la reacci\u00f3n en cadena qu\u00edmica.<br \/>\n\u00b7 Se reduce el humo t\u00f3xico a trav\u00e9s de la encapsulaci\u00f3n de vapor que mejora la visibilidad y la respiraci\u00f3n.<br \/>\n\u00b7 El agente extintor es <b>biodegradable hasta un 73% despu\u00e9s de 3 d\u00edas<\/b>.<\/p>\n<p>Agente de pH neutro, Inofensivo para la piel y los ojos humanos, dermatol\u00f3gicamente probado seg\u00fan los requisitos cosm\u00e9ticos.<\/p>\n<p>Disponible en formatos de 5 y 20 L o mediante las recargas de los cilindros.<\/p>\n<p>Es apto para los cilindros de los sistemas ARMANFire Chef y permite ser recargado.<\/p>\n<p>Referencia: IKCHEF.<\/p>\n<p><a class=\"insta-link\" href=\"\/web\/wp-content\/uploads\/2022\/05\/Ficha_tecnica-kits_extincion_de_cocina_por_difusor.pdf\" target=\"_blank\" rel=\"noopener noreferrer\"><button>Descarga ficha<\/button><\/a><br \/>\n<a class=\"insta-link\" href=\"https:\/\/www.instagram.com\/aqlproteccion\/?hl=es\" target=\"_blank\" rel=\"noopener noreferrer\">Instagram<\/a><\/p>\n","protected":false},"excerpt":{"rendered":"<p>Agente extintor usado en los sistemas ARMANfire Chef con una composici\u00f3n bioqu\u00edmica especial y \u00fanica, dise\u00f1ada para ofrecer soluciones de extinci\u00f3n altamente eficientes, as\u00ed como un rendimiento medioambiental inigualable.<\/p>\n","protected":false},"featured_media":10842,"template":"","meta":[],"product_cat":[172,241,171],"product_tag":[215],"yoast_head":"<!-- This site is optimized with the Yoast SEO plugin v22.1 - https:\/\/yoast.com\/wordpress\/plugins\/seo\/ -->\n<title>Agente extintor ArmanFire Chef - Anber<\/title>\n<meta name=\"description\" content=\"Agente extintor usado en los sistemas ARMANfire Chef con una composici\u00f3n bioqu\u00edmica especial y \u00fanica, dise\u00f1ada para ofrecer soluciones de extinci\u00f3n\" \/>\n<meta name=\"robots\" content=\"index, follow, max-snippet:-1, max-image-preview:large, max-video-preview:-1\" \/>\n<link rel=\"canonical\" href=\"https:\/\/anber.es\/web\/producto\/agente-extintor-armanfire-chef\/\" \/>\n<meta property=\"og:locale\" content=\"es_ES\" \/>\n<meta property=\"og:type\" content=\"article\" \/>\n<meta property=\"og:title\" content=\"Agente extintor ArmanFire Chef - Anber\" \/>\n<meta property=\"og:description\" content=\"Agente extintor usado en los sistemas ARMANfire Chef con una composici\u00f3n bioqu\u00edmica especial y \u00fanica, dise\u00f1ada para ofrecer soluciones de extinci\u00f3n\" \/>\n<meta property=\"og:url\" content=\"https:\/\/anber.es\/web\/producto\/agente-extintor-armanfire-chef\/\" \/>\n<meta property=\"og:site_name\" content=\"Anber\" \/>\n<meta property=\"article:modified_time\" content=\"2026-03-24T14:39:15+00:00\" \/>\n<meta property=\"og:image\" content=\"https:\/\/anber.es\/web\/wp-content\/uploads\/2026\/03\/agente_extintor_ARMANfire.webp\" \/>\n\t<meta property=\"og:image:width\" content=\"1000\" \/>\n\t<meta property=\"og:image:height\" content=\"1000\" \/>\n\t<meta property=\"og:image:type\" content=\"image\/webp\" \/>\n<meta name=\"twitter:card\" content=\"summary_large_image\" \/>\n<meta name=\"twitter:label1\" content=\"Tiempo de lectura\" \/>\n\t<meta name=\"twitter:data1\" content=\"1 minuto\" \/>\n<script type=\"application\/ld+json\" class=\"yoast-schema-graph\">{\"@context\":\"https:\/\/schema.org\",\"@graph\":[{\"@type\":\"WebPage\",\"@id\":\"https:\/\/anber.es\/web\/producto\/agente-extintor-armanfire-chef\/\",\"url\":\"https:\/\/anber.es\/web\/producto\/agente-extintor-armanfire-chef\/\",\"name\":\"Agente extintor ArmanFire Chef - Anber\",\"isPartOf\":{\"@id\":\"https:\/\/anber.es\/web\/#website\"},\"datePublished\":\"2026-03-24T14:33:49+00:00\",\"dateModified\":\"2026-03-24T14:39:15+00:00\",\"description\":\"Agente extintor usado en los sistemas ARMANfire Chef con una composici\u00f3n bioqu\u00edmica especial y \u00fanica, dise\u00f1ada para ofrecer soluciones de extinci\u00f3n\",\"breadcrumb\":{\"@id\":\"https:\/\/anber.es\/web\/producto\/agente-extintor-armanfire-chef\/#breadcrumb\"},\"inLanguage\":\"es\",\"potentialAction\":[{\"@type\":\"ReadAction\",\"target\":[\"https:\/\/anber.es\/web\/producto\/agente-extintor-armanfire-chef\/\"]}]},{\"@type\":\"BreadcrumbList\",\"@id\":\"https:\/\/anber.es\/web\/producto\/agente-extintor-armanfire-chef\/#breadcrumb\",\"itemListElement\":[{\"@type\":\"ListItem\",\"position\":1,\"name\":\"Portada\",\"item\":\"https:\/\/anber.es\/web\/\"},{\"@type\":\"ListItem\",\"position\":2,\"name\":\"Productos\",\"item\":\"https:\/\/anber.es\/web\/productos\/\"},{\"@type\":\"ListItem\",\"position\":3,\"name\":\"Agente extintor ArmanFire Chef\"}]},{\"@type\":\"WebSite\",\"@id\":\"https:\/\/anber.es\/web\/#website\",\"url\":\"https:\/\/anber.es\/web\/\",\"name\":\"Anber\",\"description\":\"Sistemas de protecci\u00f3n contra incendios\",\"publisher\":{\"@id\":\"https:\/\/anber.es\/web\/#organization\"},\"potentialAction\":[{\"@type\":\"SearchAction\",\"target\":{\"@type\":\"EntryPoint\",\"urlTemplate\":\"https:\/\/anber.es\/web\/?s={search_term_string}\"},\"query-input\":\"required name=search_term_string\"}],\"inLanguage\":\"es\"},{\"@type\":\"Organization\",\"@id\":\"https:\/\/anber.es\/web\/#organization\",\"name\":\"Anber\",\"url\":\"https:\/\/anber.es\/web\/\",\"logo\":{\"@type\":\"ImageObject\",\"inLanguage\":\"es\",\"@id\":\"https:\/\/anber.es\/web\/#\/schema\/logo\/image\/\",\"url\":\"https:\/\/anber.es\/web\/wp-content\/uploads\/2021\/03\/logo-anber.png\",\"contentUrl\":\"https:\/\/anber.es\/web\/wp-content\/uploads\/2021\/03\/logo-anber.png\",\"width\":2208,\"height\":500,\"caption\":\"Anber\"},\"image\":{\"@id\":\"https:\/\/anber.es\/web\/#\/schema\/logo\/image\/\"}}]}<\/script>\n<!-- \/ Yoast SEO plugin. -->","yoast_head_json":{"title":"Agente extintor ArmanFire Chef - Anber","description":"Agente extintor usado en los sistemas ARMANfire Chef con una composici\u00f3n bioqu\u00edmica especial y \u00fanica, dise\u00f1ada para ofrecer soluciones de extinci\u00f3n","robots":{"index":"index","follow":"follow","max-snippet":"max-snippet:-1","max-image-preview":"max-image-preview:large","max-video-preview":"max-video-preview:-1"},"canonical":"https:\/\/anber.es\/web\/producto\/agente-extintor-armanfire-chef\/","og_locale":"es_ES","og_type":"article","og_title":"Agente extintor ArmanFire Chef - Anber","og_description":"Agente extintor usado en los sistemas ARMANfire Chef con una composici\u00f3n bioqu\u00edmica especial y \u00fanica, dise\u00f1ada para ofrecer soluciones de extinci\u00f3n","og_url":"https:\/\/anber.es\/web\/producto\/agente-extintor-armanfire-chef\/","og_site_name":"Anber","article_modified_time":"2026-03-24T14:39:15+00:00","og_image":[{"width":1000,"height":1000,"url":"https:\/\/anber.es\/web\/wp-content\/uploads\/2026\/03\/agente_extintor_ARMANfire.webp","type":"image\/webp"}],"twitter_card":"summary_large_image","twitter_misc":{"Tiempo de lectura":"1 minuto"},"schema":{"@context":"https:\/\/schema.org","@graph":[{"@type":"WebPage","@id":"https:\/\/anber.es\/web\/producto\/agente-extintor-armanfire-chef\/","url":"https:\/\/anber.es\/web\/producto\/agente-extintor-armanfire-chef\/","name":"Agente extintor ArmanFire Chef - Anber","isPartOf":{"@id":"https:\/\/anber.es\/web\/#website"},"datePublished":"2026-03-24T14:33:49+00:00","dateModified":"2026-03-24T14:39:15+00:00","description":"Agente extintor usado en los sistemas ARMANfire Chef con una composici\u00f3n bioqu\u00edmica especial y \u00fanica, dise\u00f1ada para ofrecer soluciones de extinci\u00f3n","breadcrumb":{"@id":"https:\/\/anber.es\/web\/producto\/agente-extintor-armanfire-chef\/#breadcrumb"},"inLanguage":"es","potentialAction":[{"@type":"ReadAction","target":["https:\/\/anber.es\/web\/producto\/agente-extintor-armanfire-chef\/"]}]},{"@type":"BreadcrumbList","@id":"https:\/\/anber.es\/web\/producto\/agente-extintor-armanfire-chef\/#breadcrumb","itemListElement":[{"@type":"ListItem","position":1,"name":"Portada","item":"https:\/\/anber.es\/web\/"},{"@type":"ListItem","position":2,"name":"Productos","item":"https:\/\/anber.es\/web\/productos\/"},{"@type":"ListItem","position":3,"name":"Agente extintor ArmanFire Chef"}]},{"@type":"WebSite","@id":"https:\/\/anber.es\/web\/#website","url":"https:\/\/anber.es\/web\/","name":"Anber","description":"Sistemas de protecci\u00f3n contra incendios","publisher":{"@id":"https:\/\/anber.es\/web\/#organization"},"potentialAction":[{"@type":"SearchAction","target":{"@type":"EntryPoint","urlTemplate":"https:\/\/anber.es\/web\/?s={search_term_string}"},"query-input":"required name=search_term_string"}],"inLanguage":"es"},{"@type":"Organization","@id":"https:\/\/anber.es\/web\/#organization","name":"Anber","url":"https:\/\/anber.es\/web\/","logo":{"@type":"ImageObject","inLanguage":"es","@id":"https:\/\/anber.es\/web\/#\/schema\/logo\/image\/","url":"https:\/\/anber.es\/web\/wp-content\/uploads\/2021\/03\/logo-anber.png","contentUrl":"https:\/\/anber.es\/web\/wp-content\/uploads\/2021\/03\/logo-anber.png","width":2208,"height":500,"caption":"Anber"},"image":{"@id":"https:\/\/anber.es\/web\/#\/schema\/logo\/image\/"}}]}},"_links":{"self":[{"href":"https:\/\/anber.es\/web\/wp-json\/wp\/v2\/product\/10849"}],"collection":[{"href":"https:\/\/anber.es\/web\/wp-json\/wp\/v2\/product"}],"about":[{"href":"https:\/\/anber.es\/web\/wp-json\/wp\/v2\/types\/product"}],"wp:featuredmedia":[{"embeddable":true,"href":"https:\/\/anber.es\/web\/wp-json\/wp\/v2\/media\/10842"}],"wp:attachment":[{"href":"https:\/\/anber.es\/web\/wp-json\/wp\/v2\/media?parent=10849"}],"wp:term":[{"taxonomy":"product_cat","embeddable":true,"href":"https:\/\/anber.es\/web\/wp-json\/wp\/v2\/product_cat?post=10849"},{"taxonomy":"product_tag","embeddable":true,"href":"https:\/\/anber.es\/web\/wp-json\/wp\/v2\/product_tag?post=10849"}],"curies":[{"name":"wp","href":"https:\/\/api.w.org\/{rel}","templated":true}]}}