{"id":10940,"date":"2026-03-27T11:05:12","date_gmt":"2026-03-27T09:05:12","guid":{"rendered":"https:\/\/anber.es\/web\/?post_type=product&#038;p=10940"},"modified":"2026-03-27T11:07:36","modified_gmt":"2026-03-27T09:07:36","slug":"llave-montaje-de-sprinklers-modelo-tipo-18","status":"publish","type":"product","link":"https:\/\/anber.es\/web\/producto\/llave-montaje-de-sprinklers-modelo-tipo-18\/","title":{"rendered":"Llave montaje de sprinklers modelo tipo 18"},"content":{"rendered":"<p>La <strong>llave montaje de sprinklers modelo tipo 18<\/strong> est\u00e1 dise\u00f1ada para la instalaci\u00f3n, ajuste y mantenimiento correcto de sprinklers autom\u00e1ticos garantizando que el montaje se realice sin da\u00f1ar el cuerpo, el deflector ni el elemento t\u00e9rmico del sprinkler.<\/p>\n<p>Esta llave permite aplicar el par de apriete correcto sin da\u00f1ar el sprinkler.<\/p>\n<p>Dise\u00f1ado para los <b>sprinklers ocultos K160 de cobertura extendida<\/b>.<\/p>\n<p>Referencia: SLTCT18.<\/p>\n<p><a href=\"\/web\/wp-content\/uploads\/2026\/03\/Ficha_tecnica-llaves_montaje_sprinklers_Tyco.pdf\" target=\"_blank\" rel=\"noopener noreferrer\"><button>Descarga ficha <\/button><\/a><br \/>\n<a class=\"insta-link\" href=\"https:\/\/www.instagram.com\/aqlproteccion\/?hl=es\" target=\"_blank\" rel=\"noopener noreferrer\">Instagram<\/a><\/p>\n","protected":false},"excerpt":{"rendered":"<p>La llave montaje de sprinklers modelo tipo 18 est\u00e1 dise\u00f1ada para la instalaci\u00f3n, ajuste y mantenimiento correcto de sprinklers ocultos K160 de cobertura extendida.<\/p>\n","protected":false},"featured_media":10913,"template":"","meta":[],"product_cat":[120,119,127],"product_tag":[215],"yoast_head":"<!-- This site is optimized with the Yoast SEO plugin v22.1 - https:\/\/yoast.com\/wordpress\/plugins\/seo\/ -->\n<title>Llave montaje de sprinklers modelo tipo 18 - Anber<\/title>\n<meta name=\"description\" content=\"La llave montaje de sprinklers modelo tipo 18 est\u00e1 dise\u00f1ada para la instalaci\u00f3n, ajuste y mantenimiento correcto de sprinklers ocultos K160 de EC.\" \/>\n<meta name=\"robots\" content=\"index, follow, max-snippet:-1, max-image-preview:large, max-video-preview:-1\" \/>\n<link rel=\"canonical\" href=\"https:\/\/anber.es\/web\/producto\/llave-montaje-de-sprinklers-modelo-tipo-18\/\" \/>\n<meta property=\"og:locale\" content=\"es_ES\" \/>\n<meta property=\"og:type\" content=\"article\" \/>\n<meta property=\"og:title\" content=\"Llave montaje de sprinklers modelo tipo 18 - Anber\" \/>\n<meta property=\"og:description\" content=\"La llave montaje de sprinklers modelo tipo 18 est\u00e1 dise\u00f1ada para la instalaci\u00f3n, ajuste y mantenimiento correcto de sprinklers ocultos K160 de EC.\" \/>\n<meta property=\"og:url\" content=\"https:\/\/anber.es\/web\/producto\/llave-montaje-de-sprinklers-modelo-tipo-18\/\" \/>\n<meta property=\"og:site_name\" content=\"Anber\" \/>\n<meta property=\"article:modified_time\" content=\"2026-03-27T09:07:36+00:00\" \/>\n<meta property=\"og:image\" content=\"https:\/\/anber.es\/web\/wp-content\/uploads\/2026\/03\/llave_montaje_sprinkler_18.webp\" \/>\n\t<meta property=\"og:image:width\" content=\"1000\" \/>\n\t<meta property=\"og:image:height\" content=\"1000\" \/>\n\t<meta property=\"og:image:type\" content=\"image\/webp\" \/>\n<meta name=\"twitter:card\" content=\"summary_large_image\" \/>\n<meta name=\"twitter:label1\" content=\"Tiempo de lectura\" \/>\n\t<meta name=\"twitter:data1\" content=\"1 minuto\" \/>\n<script type=\"application\/ld+json\" class=\"yoast-schema-graph\">{\"@context\":\"https:\/\/schema.org\",\"@graph\":[{\"@type\":\"WebPage\",\"@id\":\"https:\/\/anber.es\/web\/producto\/llave-montaje-de-sprinklers-modelo-tipo-18\/\",\"url\":\"https:\/\/anber.es\/web\/producto\/llave-montaje-de-sprinklers-modelo-tipo-18\/\",\"name\":\"Llave montaje de sprinklers modelo tipo 18 - Anber\",\"isPartOf\":{\"@id\":\"https:\/\/anber.es\/web\/#website\"},\"datePublished\":\"2026-03-27T09:05:12+00:00\",\"dateModified\":\"2026-03-27T09:07:36+00:00\",\"description\":\"La llave montaje de sprinklers modelo tipo 18 est\u00e1 dise\u00f1ada para la instalaci\u00f3n, ajuste y mantenimiento correcto de sprinklers ocultos K160 de EC.\",\"breadcrumb\":{\"@id\":\"https:\/\/anber.es\/web\/producto\/llave-montaje-de-sprinklers-modelo-tipo-18\/#breadcrumb\"},\"inLanguage\":\"es\",\"potentialAction\":[{\"@type\":\"ReadAction\",\"target\":[\"https:\/\/anber.es\/web\/producto\/llave-montaje-de-sprinklers-modelo-tipo-18\/\"]}]},{\"@type\":\"BreadcrumbList\",\"@id\":\"https:\/\/anber.es\/web\/producto\/llave-montaje-de-sprinklers-modelo-tipo-18\/#breadcrumb\",\"itemListElement\":[{\"@type\":\"ListItem\",\"position\":1,\"name\":\"Portada\",\"item\":\"https:\/\/anber.es\/web\/\"},{\"@type\":\"ListItem\",\"position\":2,\"name\":\"Productos\",\"item\":\"https:\/\/anber.es\/web\/productos\/\"},{\"@type\":\"ListItem\",\"position\":3,\"name\":\"Llave montaje de sprinklers modelo tipo 18\"}]},{\"@type\":\"WebSite\",\"@id\":\"https:\/\/anber.es\/web\/#website\",\"url\":\"https:\/\/anber.es\/web\/\",\"name\":\"Anber\",\"description\":\"Sistemas de protecci\u00f3n contra incendios\",\"publisher\":{\"@id\":\"https:\/\/anber.es\/web\/#organization\"},\"potentialAction\":[{\"@type\":\"SearchAction\",\"target\":{\"@type\":\"EntryPoint\",\"urlTemplate\":\"https:\/\/anber.es\/web\/?s={search_term_string}\"},\"query-input\":\"required name=search_term_string\"}],\"inLanguage\":\"es\"},{\"@type\":\"Organization\",\"@id\":\"https:\/\/anber.es\/web\/#organization\",\"name\":\"Anber\",\"url\":\"https:\/\/anber.es\/web\/\",\"logo\":{\"@type\":\"ImageObject\",\"inLanguage\":\"es\",\"@id\":\"https:\/\/anber.es\/web\/#\/schema\/logo\/image\/\",\"url\":\"https:\/\/anber.es\/web\/wp-content\/uploads\/2021\/03\/logo-anber.png\",\"contentUrl\":\"https:\/\/anber.es\/web\/wp-content\/uploads\/2021\/03\/logo-anber.png\",\"width\":2208,\"height\":500,\"caption\":\"Anber\"},\"image\":{\"@id\":\"https:\/\/anber.es\/web\/#\/schema\/logo\/image\/\"}}]}<\/script>\n<!-- \/ Yoast SEO plugin. -->","yoast_head_json":{"title":"Llave montaje de sprinklers modelo tipo 18 - Anber","description":"La llave montaje de sprinklers modelo tipo 18 est\u00e1 dise\u00f1ada para la instalaci\u00f3n, ajuste y mantenimiento correcto de sprinklers ocultos K160 de EC.","robots":{"index":"index","follow":"follow","max-snippet":"max-snippet:-1","max-image-preview":"max-image-preview:large","max-video-preview":"max-video-preview:-1"},"canonical":"https:\/\/anber.es\/web\/producto\/llave-montaje-de-sprinklers-modelo-tipo-18\/","og_locale":"es_ES","og_type":"article","og_title":"Llave montaje de sprinklers modelo tipo 18 - Anber","og_description":"La llave montaje de sprinklers modelo tipo 18 est\u00e1 dise\u00f1ada para la instalaci\u00f3n, ajuste y mantenimiento correcto de sprinklers ocultos K160 de EC.","og_url":"https:\/\/anber.es\/web\/producto\/llave-montaje-de-sprinklers-modelo-tipo-18\/","og_site_name":"Anber","article_modified_time":"2026-03-27T09:07:36+00:00","og_image":[{"width":1000,"height":1000,"url":"https:\/\/anber.es\/web\/wp-content\/uploads\/2026\/03\/llave_montaje_sprinkler_18.webp","type":"image\/webp"}],"twitter_card":"summary_large_image","twitter_misc":{"Tiempo de lectura":"1 minuto"},"schema":{"@context":"https:\/\/schema.org","@graph":[{"@type":"WebPage","@id":"https:\/\/anber.es\/web\/producto\/llave-montaje-de-sprinklers-modelo-tipo-18\/","url":"https:\/\/anber.es\/web\/producto\/llave-montaje-de-sprinklers-modelo-tipo-18\/","name":"Llave montaje de sprinklers modelo tipo 18 - Anber","isPartOf":{"@id":"https:\/\/anber.es\/web\/#website"},"datePublished":"2026-03-27T09:05:12+00:00","dateModified":"2026-03-27T09:07:36+00:00","description":"La llave montaje de sprinklers modelo tipo 18 est\u00e1 dise\u00f1ada para la instalaci\u00f3n, ajuste y mantenimiento correcto de sprinklers ocultos K160 de EC.","breadcrumb":{"@id":"https:\/\/anber.es\/web\/producto\/llave-montaje-de-sprinklers-modelo-tipo-18\/#breadcrumb"},"inLanguage":"es","potentialAction":[{"@type":"ReadAction","target":["https:\/\/anber.es\/web\/producto\/llave-montaje-de-sprinklers-modelo-tipo-18\/"]}]},{"@type":"BreadcrumbList","@id":"https:\/\/anber.es\/web\/producto\/llave-montaje-de-sprinklers-modelo-tipo-18\/#breadcrumb","itemListElement":[{"@type":"ListItem","position":1,"name":"Portada","item":"https:\/\/anber.es\/web\/"},{"@type":"ListItem","position":2,"name":"Productos","item":"https:\/\/anber.es\/web\/productos\/"},{"@type":"ListItem","position":3,"name":"Llave montaje de sprinklers modelo tipo 18"}]},{"@type":"WebSite","@id":"https:\/\/anber.es\/web\/#website","url":"https:\/\/anber.es\/web\/","name":"Anber","description":"Sistemas de protecci\u00f3n contra incendios","publisher":{"@id":"https:\/\/anber.es\/web\/#organization"},"potentialAction":[{"@type":"SearchAction","target":{"@type":"EntryPoint","urlTemplate":"https:\/\/anber.es\/web\/?s={search_term_string}"},"query-input":"required name=search_term_string"}],"inLanguage":"es"},{"@type":"Organization","@id":"https:\/\/anber.es\/web\/#organization","name":"Anber","url":"https:\/\/anber.es\/web\/","logo":{"@type":"ImageObject","inLanguage":"es","@id":"https:\/\/anber.es\/web\/#\/schema\/logo\/image\/","url":"https:\/\/anber.es\/web\/wp-content\/uploads\/2021\/03\/logo-anber.png","contentUrl":"https:\/\/anber.es\/web\/wp-content\/uploads\/2021\/03\/logo-anber.png","width":2208,"height":500,"caption":"Anber"},"image":{"@id":"https:\/\/anber.es\/web\/#\/schema\/logo\/image\/"}}]}},"_links":{"self":[{"href":"https:\/\/anber.es\/web\/wp-json\/wp\/v2\/product\/10940"}],"collection":[{"href":"https:\/\/anber.es\/web\/wp-json\/wp\/v2\/product"}],"about":[{"href":"https:\/\/anber.es\/web\/wp-json\/wp\/v2\/types\/product"}],"wp:featuredmedia":[{"embeddable":true,"href":"https:\/\/anber.es\/web\/wp-json\/wp\/v2\/media\/10913"}],"wp:attachment":[{"href":"https:\/\/anber.es\/web\/wp-json\/wp\/v2\/media?parent=10940"}],"wp:term":[{"taxonomy":"product_cat","embeddable":true,"href":"https:\/\/anber.es\/web\/wp-json\/wp\/v2\/product_cat?post=10940"},{"taxonomy":"product_tag","embeddable":true,"href":"https:\/\/anber.es\/web\/wp-json\/wp\/v2\/product_tag?post=10940"}],"curies":[{"name":"wp","href":"https:\/\/api.w.org\/{rel}","templated":true}]}}