{"id":1287,"date":"2020-12-15T18:34:59","date_gmt":"2020-12-15T16:34:59","guid":{"rendered":"http:\/\/anber.es\/web\/?post_type=product&#038;p=1287"},"modified":"2026-03-26T13:29:21","modified_gmt":"2026-03-26T11:29:21","slug":"proporcionador-deposito-membrana-urm","status":"publish","type":"product","link":"https:\/\/anber.es\/web\/producto\/proporcionador-deposito-membrana-urm\/","title":{"rendered":"Proporcionador para dep\u00f3sito de membrana URM"},"content":{"rendered":"<p>Este <strong>proporcionador para dep\u00f3sito de membrana<\/strong> est\u00e1 dise\u00f1ado para ser utilizado en combinaci\u00f3n con los dep\u00f3sitos de membrana SDM  modelo URT en configuraci\u00f3n horizontal, vertical o doble.<\/p>\n<p>Conexiones: bridas ANSI 150 RF o DIN, ranuradas.<\/p>\n<p>Versi\u00f3n de acero al carbono: pintura color rojo RAL 3000.<br \/>\nVersi\u00f3n de acero inoxidable: acabado satinado.<\/p>\n<p>Este producto cumple con las especificaciones t\u00e9cnicas indicadas en las normas: SIST-TS CEN \/ TS 14816, UNE-EN 13565-2, NFPA 11, NFPA 15 y NFPA 16.<\/p>\n<p>Referencia: FPPROPURM3.<\/p>\n<p><a href=\"\/web\/wp-content\/uploads\/2020\/12\/Ficha_tecnica-proporcionador_deposito_membrana.pdf\" target=\"_blank\" rel=\"noopener noreferrer\"><button>Descarga ficha<\/button><\/a><br \/>\n<a class=\"insta-link\" href=\"https:\/\/www.instagram.com\/aqlproteccion\/?hl=es\" target=\"_blank\" rel=\"noopener noreferrer\">Instagram<\/a><\/p>\n","protected":false},"excerpt":{"rendered":"<p>Este proporcionador para dep\u00f3sito de membrana se utiliza junto con los dep\u00f3sitos de membrana SDM modelo URT en horizontal, vertical o doble.<\/p>\n","protected":false},"featured_media":3400,"template":"","meta":[],"product_cat":[62,244],"product_tag":[215],"yoast_head":"<!-- This site is optimized with the Yoast SEO plugin v22.1 - https:\/\/yoast.com\/wordpress\/plugins\/seo\/ -->\n<title>Proporcionador para dep\u00f3sito de membrana URM - Anber<\/title>\n<meta name=\"description\" content=\"Este proporcionador para dep\u00f3sito de membrana se utiliza junto con los dep\u00f3sitos de membrana SDM modelo URT en horizontal, vertical o doble.\" \/>\n<meta name=\"robots\" content=\"index, follow, max-snippet:-1, max-image-preview:large, max-video-preview:-1\" \/>\n<link rel=\"canonical\" href=\"https:\/\/anber.es\/web\/producto\/proporcionador-deposito-membrana-urm\/\" \/>\n<meta property=\"og:locale\" content=\"es_ES\" \/>\n<meta property=\"og:type\" content=\"article\" \/>\n<meta property=\"og:title\" content=\"Proporcionador para dep\u00f3sito de membrana URM - Anber\" \/>\n<meta property=\"og:description\" content=\"Este proporcionador para dep\u00f3sito de membrana se utiliza junto con los dep\u00f3sitos de membrana SDM modelo URT en horizontal, vertical o doble.\" \/>\n<meta property=\"og:url\" content=\"https:\/\/anber.es\/web\/producto\/proporcionador-deposito-membrana-urm\/\" \/>\n<meta property=\"og:site_name\" content=\"Anber\" \/>\n<meta property=\"article:modified_time\" content=\"2026-03-26T11:29:21+00:00\" \/>\n<meta property=\"og:image\" content=\"https:\/\/anber.es\/web\/wp-content\/uploads\/2021\/05\/proporcionador_deposito_membrana.png\" \/>\n\t<meta property=\"og:image:width\" content=\"1000\" \/>\n\t<meta property=\"og:image:height\" content=\"1000\" \/>\n\t<meta property=\"og:image:type\" content=\"image\/png\" \/>\n<meta name=\"twitter:card\" content=\"summary_large_image\" \/>\n<meta name=\"twitter:label1\" content=\"Tiempo de lectura\" \/>\n\t<meta name=\"twitter:data1\" content=\"1 minuto\" \/>\n<script type=\"application\/ld+json\" class=\"yoast-schema-graph\">{\"@context\":\"https:\/\/schema.org\",\"@graph\":[{\"@type\":\"WebPage\",\"@id\":\"https:\/\/anber.es\/web\/producto\/proporcionador-deposito-membrana-urm\/\",\"url\":\"https:\/\/anber.es\/web\/producto\/proporcionador-deposito-membrana-urm\/\",\"name\":\"Proporcionador para dep\u00f3sito de membrana URM - Anber\",\"isPartOf\":{\"@id\":\"https:\/\/anber.es\/web\/#website\"},\"datePublished\":\"2020-12-15T16:34:59+00:00\",\"dateModified\":\"2026-03-26T11:29:21+00:00\",\"description\":\"Este proporcionador para dep\u00f3sito de membrana se utiliza junto con los dep\u00f3sitos de membrana SDM modelo URT en horizontal, vertical o doble.\",\"breadcrumb\":{\"@id\":\"https:\/\/anber.es\/web\/producto\/proporcionador-deposito-membrana-urm\/#breadcrumb\"},\"inLanguage\":\"es\",\"potentialAction\":[{\"@type\":\"ReadAction\",\"target\":[\"https:\/\/anber.es\/web\/producto\/proporcionador-deposito-membrana-urm\/\"]}]},{\"@type\":\"BreadcrumbList\",\"@id\":\"https:\/\/anber.es\/web\/producto\/proporcionador-deposito-membrana-urm\/#breadcrumb\",\"itemListElement\":[{\"@type\":\"ListItem\",\"position\":1,\"name\":\"Portada\",\"item\":\"https:\/\/anber.es\/web\/\"},{\"@type\":\"ListItem\",\"position\":2,\"name\":\"Productos\",\"item\":\"https:\/\/anber.es\/web\/productos\/\"},{\"@type\":\"ListItem\",\"position\":3,\"name\":\"Proporcionador para dep\u00f3sito de membrana URM\"}]},{\"@type\":\"WebSite\",\"@id\":\"https:\/\/anber.es\/web\/#website\",\"url\":\"https:\/\/anber.es\/web\/\",\"name\":\"Anber\",\"description\":\"Sistemas de protecci\u00f3n contra incendios\",\"publisher\":{\"@id\":\"https:\/\/anber.es\/web\/#organization\"},\"potentialAction\":[{\"@type\":\"SearchAction\",\"target\":{\"@type\":\"EntryPoint\",\"urlTemplate\":\"https:\/\/anber.es\/web\/?s={search_term_string}\"},\"query-input\":\"required name=search_term_string\"}],\"inLanguage\":\"es\"},{\"@type\":\"Organization\",\"@id\":\"https:\/\/anber.es\/web\/#organization\",\"name\":\"Anber\",\"url\":\"https:\/\/anber.es\/web\/\",\"logo\":{\"@type\":\"ImageObject\",\"inLanguage\":\"es\",\"@id\":\"https:\/\/anber.es\/web\/#\/schema\/logo\/image\/\",\"url\":\"https:\/\/anber.es\/web\/wp-content\/uploads\/2021\/03\/logo-anber.png\",\"contentUrl\":\"https:\/\/anber.es\/web\/wp-content\/uploads\/2021\/03\/logo-anber.png\",\"width\":2208,\"height\":500,\"caption\":\"Anber\"},\"image\":{\"@id\":\"https:\/\/anber.es\/web\/#\/schema\/logo\/image\/\"}}]}<\/script>\n<!-- \/ Yoast SEO plugin. -->","yoast_head_json":{"title":"Proporcionador para dep\u00f3sito de membrana URM - Anber","description":"Este proporcionador para dep\u00f3sito de membrana se utiliza junto con los dep\u00f3sitos de membrana SDM modelo URT en horizontal, vertical o doble.","robots":{"index":"index","follow":"follow","max-snippet":"max-snippet:-1","max-image-preview":"max-image-preview:large","max-video-preview":"max-video-preview:-1"},"canonical":"https:\/\/anber.es\/web\/producto\/proporcionador-deposito-membrana-urm\/","og_locale":"es_ES","og_type":"article","og_title":"Proporcionador para dep\u00f3sito de membrana URM - Anber","og_description":"Este proporcionador para dep\u00f3sito de membrana se utiliza junto con los dep\u00f3sitos de membrana SDM modelo URT en horizontal, vertical o doble.","og_url":"https:\/\/anber.es\/web\/producto\/proporcionador-deposito-membrana-urm\/","og_site_name":"Anber","article_modified_time":"2026-03-26T11:29:21+00:00","og_image":[{"width":1000,"height":1000,"url":"https:\/\/anber.es\/web\/wp-content\/uploads\/2021\/05\/proporcionador_deposito_membrana.png","type":"image\/png"}],"twitter_card":"summary_large_image","twitter_misc":{"Tiempo de lectura":"1 minuto"},"schema":{"@context":"https:\/\/schema.org","@graph":[{"@type":"WebPage","@id":"https:\/\/anber.es\/web\/producto\/proporcionador-deposito-membrana-urm\/","url":"https:\/\/anber.es\/web\/producto\/proporcionador-deposito-membrana-urm\/","name":"Proporcionador para dep\u00f3sito de membrana URM - Anber","isPartOf":{"@id":"https:\/\/anber.es\/web\/#website"},"datePublished":"2020-12-15T16:34:59+00:00","dateModified":"2026-03-26T11:29:21+00:00","description":"Este proporcionador para dep\u00f3sito de membrana se utiliza junto con los dep\u00f3sitos de membrana SDM modelo URT en horizontal, vertical o doble.","breadcrumb":{"@id":"https:\/\/anber.es\/web\/producto\/proporcionador-deposito-membrana-urm\/#breadcrumb"},"inLanguage":"es","potentialAction":[{"@type":"ReadAction","target":["https:\/\/anber.es\/web\/producto\/proporcionador-deposito-membrana-urm\/"]}]},{"@type":"BreadcrumbList","@id":"https:\/\/anber.es\/web\/producto\/proporcionador-deposito-membrana-urm\/#breadcrumb","itemListElement":[{"@type":"ListItem","position":1,"name":"Portada","item":"https:\/\/anber.es\/web\/"},{"@type":"ListItem","position":2,"name":"Productos","item":"https:\/\/anber.es\/web\/productos\/"},{"@type":"ListItem","position":3,"name":"Proporcionador para dep\u00f3sito de membrana URM"}]},{"@type":"WebSite","@id":"https:\/\/anber.es\/web\/#website","url":"https:\/\/anber.es\/web\/","name":"Anber","description":"Sistemas de protecci\u00f3n contra incendios","publisher":{"@id":"https:\/\/anber.es\/web\/#organization"},"potentialAction":[{"@type":"SearchAction","target":{"@type":"EntryPoint","urlTemplate":"https:\/\/anber.es\/web\/?s={search_term_string}"},"query-input":"required name=search_term_string"}],"inLanguage":"es"},{"@type":"Organization","@id":"https:\/\/anber.es\/web\/#organization","name":"Anber","url":"https:\/\/anber.es\/web\/","logo":{"@type":"ImageObject","inLanguage":"es","@id":"https:\/\/anber.es\/web\/#\/schema\/logo\/image\/","url":"https:\/\/anber.es\/web\/wp-content\/uploads\/2021\/03\/logo-anber.png","contentUrl":"https:\/\/anber.es\/web\/wp-content\/uploads\/2021\/03\/logo-anber.png","width":2208,"height":500,"caption":"Anber"},"image":{"@id":"https:\/\/anber.es\/web\/#\/schema\/logo\/image\/"}}]}},"_links":{"self":[{"href":"https:\/\/anber.es\/web\/wp-json\/wp\/v2\/product\/1287"}],"collection":[{"href":"https:\/\/anber.es\/web\/wp-json\/wp\/v2\/product"}],"about":[{"href":"https:\/\/anber.es\/web\/wp-json\/wp\/v2\/types\/product"}],"wp:featuredmedia":[{"embeddable":true,"href":"https:\/\/anber.es\/web\/wp-json\/wp\/v2\/media\/3400"}],"wp:attachment":[{"href":"https:\/\/anber.es\/web\/wp-json\/wp\/v2\/media?parent=1287"}],"wp:term":[{"taxonomy":"product_cat","embeddable":true,"href":"https:\/\/anber.es\/web\/wp-json\/wp\/v2\/product_cat?post=1287"},{"taxonomy":"product_tag","embeddable":true,"href":"https:\/\/anber.es\/web\/wp-json\/wp\/v2\/product_tag?post=1287"}],"curies":[{"name":"wp","href":"https:\/\/api.w.org\/{rel}","templated":true}]}}