{"id":1403,"date":"2020-12-31T10:13:32","date_gmt":"2020-12-31T08:13:32","guid":{"rendered":"http:\/\/anber.es\/web\/?post_type=product&#038;p=1403"},"modified":"2024-04-09T15:58:22","modified_gmt":"2024-04-09T13:58:22","slug":"pera-ajustable-fcs","status":"publish","type":"product","link":"https:\/\/anber.es\/web\/producto\/pera-ajustable-fcs\/","title":{"rendered":"Pera ajustable FCS"},"content":{"rendered":"<p>La <strong>pera ajustable FCS <\/strong>sirve para la suspensi\u00f3n de tuber\u00edas estacionarias no aisladas de <b>Sistemas de Sprinklers contra Incendios<\/b>. Su estructura est\u00e1 dise\u00f1ada para minimizar la fricci\u00f3n y facilitar el ajuste de nivel en la varilla roscada.<\/p>\n<p>Material: acero.<\/p>\n<p>Acabado: electrocincado.<\/p>\n<p>El di\u00e1metro del tubo puede ser de: 3\/4&#8243; a 10&#8243;.<\/p>\n<p>Listada y aprobada<b> FM y\/o VdS<\/b>.<\/p>\n<p>Referencia: CP597FCS.<\/p>\n<p><a href=\"\/web\/wp-content\/uploads\/2024\/04\/Ficha_tecnica-cuelgue_pera_modelo_FCS.pdf\" target=\"_blank\" rel=\"noopener noreferrer\"><button>Descarga ficha <\/button><\/a><br \/>\n<a class=\"insta-link\" href=\"https:\/\/www.instagram.com\/aqlproteccion\/?hl=es\" target=\"_blank\" rel=\"noopener noreferrer\">Instagram<\/a><\/p>\n","protected":false},"excerpt":{"rendered":"<p>La pera ajustable FCS sirve para la suspensi\u00f3n de tuber\u00edas estacionarias no aisladas de Sistemas de Rociadores contra Incendios.<\/p>\n","protected":false},"featured_media":9210,"template":"","meta":[],"product_cat":[206],"product_tag":[215],"yoast_head":"<!-- This site is optimized with the Yoast SEO plugin v22.1 - https:\/\/yoast.com\/wordpress\/plugins\/seo\/ -->\n<title>Pera ajustable FCS - Anber<\/title>\n<meta name=\"description\" content=\"La pera ajustable FCS sirve para la suspensi\u00f3n de tuber\u00edas estacionarias no aisladas de Sistemas de Rociadores contra Incendios.\" \/>\n<meta name=\"robots\" content=\"index, follow, max-snippet:-1, max-image-preview:large, max-video-preview:-1\" \/>\n<link rel=\"canonical\" href=\"https:\/\/anber.es\/web\/producto\/pera-ajustable-fcs\/\" \/>\n<meta property=\"og:locale\" content=\"es_ES\" \/>\n<meta property=\"og:type\" content=\"article\" \/>\n<meta property=\"og:title\" content=\"Pera ajustable FCS - Anber\" \/>\n<meta property=\"og:description\" content=\"La pera ajustable FCS sirve para la suspensi\u00f3n de tuber\u00edas estacionarias no aisladas de Sistemas de Rociadores contra Incendios.\" \/>\n<meta property=\"og:url\" content=\"https:\/\/anber.es\/web\/producto\/pera-ajustable-fcs\/\" \/>\n<meta property=\"og:site_name\" content=\"Anber\" \/>\n<meta property=\"article:modified_time\" content=\"2024-04-09T13:58:22+00:00\" \/>\n<meta property=\"og:image\" content=\"https:\/\/anber.es\/web\/wp-content\/uploads\/2024\/04\/cuelgue_pera_ajustable_FCS.webp\" \/>\n\t<meta property=\"og:image:width\" content=\"1000\" \/>\n\t<meta property=\"og:image:height\" content=\"1000\" \/>\n\t<meta property=\"og:image:type\" content=\"image\/webp\" \/>\n<meta name=\"twitter:card\" content=\"summary_large_image\" \/>\n<meta name=\"twitter:label1\" content=\"Tiempo de lectura\" \/>\n\t<meta name=\"twitter:data1\" content=\"1 minuto\" \/>\n<script type=\"application\/ld+json\" class=\"yoast-schema-graph\">{\"@context\":\"https:\/\/schema.org\",\"@graph\":[{\"@type\":\"WebPage\",\"@id\":\"https:\/\/anber.es\/web\/producto\/pera-ajustable-fcs\/\",\"url\":\"https:\/\/anber.es\/web\/producto\/pera-ajustable-fcs\/\",\"name\":\"Pera ajustable FCS - Anber\",\"isPartOf\":{\"@id\":\"https:\/\/anber.es\/web\/#website\"},\"datePublished\":\"2020-12-31T08:13:32+00:00\",\"dateModified\":\"2024-04-09T13:58:22+00:00\",\"description\":\"La pera ajustable FCS sirve para la suspensi\u00f3n de tuber\u00edas estacionarias no aisladas de Sistemas de Rociadores contra Incendios.\",\"breadcrumb\":{\"@id\":\"https:\/\/anber.es\/web\/producto\/pera-ajustable-fcs\/#breadcrumb\"},\"inLanguage\":\"es\",\"potentialAction\":[{\"@type\":\"ReadAction\",\"target\":[\"https:\/\/anber.es\/web\/producto\/pera-ajustable-fcs\/\"]}]},{\"@type\":\"BreadcrumbList\",\"@id\":\"https:\/\/anber.es\/web\/producto\/pera-ajustable-fcs\/#breadcrumb\",\"itemListElement\":[{\"@type\":\"ListItem\",\"position\":1,\"name\":\"Portada\",\"item\":\"https:\/\/anber.es\/web\/\"},{\"@type\":\"ListItem\",\"position\":2,\"name\":\"Productos\",\"item\":\"https:\/\/anber.es\/web\/productos\/\"},{\"@type\":\"ListItem\",\"position\":3,\"name\":\"Pera ajustable FCS\"}]},{\"@type\":\"WebSite\",\"@id\":\"https:\/\/anber.es\/web\/#website\",\"url\":\"https:\/\/anber.es\/web\/\",\"name\":\"Anber\",\"description\":\"Sistemas de protecci\u00f3n contra incendios\",\"publisher\":{\"@id\":\"https:\/\/anber.es\/web\/#organization\"},\"potentialAction\":[{\"@type\":\"SearchAction\",\"target\":{\"@type\":\"EntryPoint\",\"urlTemplate\":\"https:\/\/anber.es\/web\/?s={search_term_string}\"},\"query-input\":\"required name=search_term_string\"}],\"inLanguage\":\"es\"},{\"@type\":\"Organization\",\"@id\":\"https:\/\/anber.es\/web\/#organization\",\"name\":\"Anber\",\"url\":\"https:\/\/anber.es\/web\/\",\"logo\":{\"@type\":\"ImageObject\",\"inLanguage\":\"es\",\"@id\":\"https:\/\/anber.es\/web\/#\/schema\/logo\/image\/\",\"url\":\"https:\/\/anber.es\/web\/wp-content\/uploads\/2021\/03\/logo-anber.png\",\"contentUrl\":\"https:\/\/anber.es\/web\/wp-content\/uploads\/2021\/03\/logo-anber.png\",\"width\":2208,\"height\":500,\"caption\":\"Anber\"},\"image\":{\"@id\":\"https:\/\/anber.es\/web\/#\/schema\/logo\/image\/\"}}]}<\/script>\n<!-- \/ Yoast SEO plugin. -->","yoast_head_json":{"title":"Pera ajustable FCS - Anber","description":"La pera ajustable FCS sirve para la suspensi\u00f3n de tuber\u00edas estacionarias no aisladas de Sistemas de Rociadores contra Incendios.","robots":{"index":"index","follow":"follow","max-snippet":"max-snippet:-1","max-image-preview":"max-image-preview:large","max-video-preview":"max-video-preview:-1"},"canonical":"https:\/\/anber.es\/web\/producto\/pera-ajustable-fcs\/","og_locale":"es_ES","og_type":"article","og_title":"Pera ajustable FCS - Anber","og_description":"La pera ajustable FCS sirve para la suspensi\u00f3n de tuber\u00edas estacionarias no aisladas de Sistemas de Rociadores contra Incendios.","og_url":"https:\/\/anber.es\/web\/producto\/pera-ajustable-fcs\/","og_site_name":"Anber","article_modified_time":"2024-04-09T13:58:22+00:00","og_image":[{"width":1000,"height":1000,"url":"https:\/\/anber.es\/web\/wp-content\/uploads\/2024\/04\/cuelgue_pera_ajustable_FCS.webp","type":"image\/webp"}],"twitter_card":"summary_large_image","twitter_misc":{"Tiempo de lectura":"1 minuto"},"schema":{"@context":"https:\/\/schema.org","@graph":[{"@type":"WebPage","@id":"https:\/\/anber.es\/web\/producto\/pera-ajustable-fcs\/","url":"https:\/\/anber.es\/web\/producto\/pera-ajustable-fcs\/","name":"Pera ajustable FCS - Anber","isPartOf":{"@id":"https:\/\/anber.es\/web\/#website"},"datePublished":"2020-12-31T08:13:32+00:00","dateModified":"2024-04-09T13:58:22+00:00","description":"La pera ajustable FCS sirve para la suspensi\u00f3n de tuber\u00edas estacionarias no aisladas de Sistemas de Rociadores contra Incendios.","breadcrumb":{"@id":"https:\/\/anber.es\/web\/producto\/pera-ajustable-fcs\/#breadcrumb"},"inLanguage":"es","potentialAction":[{"@type":"ReadAction","target":["https:\/\/anber.es\/web\/producto\/pera-ajustable-fcs\/"]}]},{"@type":"BreadcrumbList","@id":"https:\/\/anber.es\/web\/producto\/pera-ajustable-fcs\/#breadcrumb","itemListElement":[{"@type":"ListItem","position":1,"name":"Portada","item":"https:\/\/anber.es\/web\/"},{"@type":"ListItem","position":2,"name":"Productos","item":"https:\/\/anber.es\/web\/productos\/"},{"@type":"ListItem","position":3,"name":"Pera ajustable FCS"}]},{"@type":"WebSite","@id":"https:\/\/anber.es\/web\/#website","url":"https:\/\/anber.es\/web\/","name":"Anber","description":"Sistemas de protecci\u00f3n contra incendios","publisher":{"@id":"https:\/\/anber.es\/web\/#organization"},"potentialAction":[{"@type":"SearchAction","target":{"@type":"EntryPoint","urlTemplate":"https:\/\/anber.es\/web\/?s={search_term_string}"},"query-input":"required name=search_term_string"}],"inLanguage":"es"},{"@type":"Organization","@id":"https:\/\/anber.es\/web\/#organization","name":"Anber","url":"https:\/\/anber.es\/web\/","logo":{"@type":"ImageObject","inLanguage":"es","@id":"https:\/\/anber.es\/web\/#\/schema\/logo\/image\/","url":"https:\/\/anber.es\/web\/wp-content\/uploads\/2021\/03\/logo-anber.png","contentUrl":"https:\/\/anber.es\/web\/wp-content\/uploads\/2021\/03\/logo-anber.png","width":2208,"height":500,"caption":"Anber"},"image":{"@id":"https:\/\/anber.es\/web\/#\/schema\/logo\/image\/"}}]}},"_links":{"self":[{"href":"https:\/\/anber.es\/web\/wp-json\/wp\/v2\/product\/1403"}],"collection":[{"href":"https:\/\/anber.es\/web\/wp-json\/wp\/v2\/product"}],"about":[{"href":"https:\/\/anber.es\/web\/wp-json\/wp\/v2\/types\/product"}],"wp:featuredmedia":[{"embeddable":true,"href":"https:\/\/anber.es\/web\/wp-json\/wp\/v2\/media\/9210"}],"wp:attachment":[{"href":"https:\/\/anber.es\/web\/wp-json\/wp\/v2\/media?parent=1403"}],"wp:term":[{"taxonomy":"product_cat","embeddable":true,"href":"https:\/\/anber.es\/web\/wp-json\/wp\/v2\/product_cat?post=1403"},{"taxonomy":"product_tag","embeddable":true,"href":"https:\/\/anber.es\/web\/wp-json\/wp\/v2\/product_tag?post=1403"}],"curies":[{"name":"wp","href":"https:\/\/api.w.org\/{rel}","templated":true}]}}