{"id":1545,"date":"2021-01-19T12:22:50","date_gmt":"2021-01-19T10:22:50","guid":{"rendered":"http:\/\/anber.es\/web\/?post_type=product&#038;p=1545"},"modified":"2026-03-26T11:00:32","modified_gmt":"2026-03-26T09:00:32","slug":"sistema-de-columna-y-armario-extintor","status":"publish","type":"product","link":"https:\/\/anber.es\/web\/producto\/sistema-de-columna-y-armario-extintor\/","title":{"rendered":"Sistema de columna + armario extintor"},"content":{"rendered":"<p>El <strong>Sistema de columna + armario extintor <\/strong>es un sistema patentado de columna para cajas de extintor modelo JG. Sirven tanto para extintores de polvo como de CO2 (indicar en el pedido porque el tama\u00f1o del armario cambia). <\/p>\n<p>Material columna: base de fundici\u00f3n de aluminio 6063T5 en aleaci\u00f3n inoxidable 2341, pintada con pintura poli\u00e9ster para exterior gris plata RAL 7035, con capa de protecci\u00f3n de 20 micras de anodizado.<br \/>\nMaterial armario: hecho de polipropileno, Copol\u00edmero, 20% talco MFI-20 Rojo RAL 3000 estabilizado para UV. Y con una cinta industrial de 40mm con cierre de Nylon de apertura r\u00e1pida.<\/p>\n<p>Permite un ajuste en altura del extintor, gracias al sistema de regulaci\u00f3n por gu\u00edas.<\/p>\n<p>Posibilidad de diferentes alturas de columna (bajo pedido).<\/p>\n<p>Permite colocar cajas de extintor P-6, P-9\/P-12, Co2 5Kg Mod. JG, cajas Mod. DUO, Bie 25 JG, sistema de se\u00f1alizaci\u00f3n Mod. Danatela y otros tipos de complementos.<\/p>\n<p>Referencia: ESSOEXT.<\/p>\n<p><a href=\"\/web\/wp-content\/uploads\/2021\/01\/Ficha_tecnica-sistema_de_columna__armario_extintor.pdf\" target=\"_blank\" rel=\"noopener noreferrer\"><button>Descarga ficha <\/button><\/a><br \/>\n<a class=\"insta-link\" href=\"https:\/\/www.instagram.com\/aqlproteccion\/?hl=es\" target=\"_blank\" rel=\"noopener noreferrer\">Instagram<\/a><\/p>\n","protected":false},"excerpt":{"rendered":"<p>El sistema de columna + armario extintor es un sistema patentado de columna para cajas de extintor modelo JG. Para extintores ABC y CO2.<\/p>\n","protected":false},"featured_media":3357,"template":"","meta":[],"product_cat":[243,20,84],"product_tag":[215],"yoast_head":"<!-- This site is optimized with the Yoast SEO plugin v22.1 - https:\/\/yoast.com\/wordpress\/plugins\/seo\/ -->\n<title>Sistema de columna + armario extintor - Anber<\/title>\n<meta name=\"description\" content=\"El sistema de columna + armario extintor es un sistema patentado de columna para cajas de extintor modelo JG. Para extintores ABC y CO2.\" \/>\n<meta name=\"robots\" content=\"index, follow, max-snippet:-1, max-image-preview:large, max-video-preview:-1\" \/>\n<link rel=\"canonical\" href=\"https:\/\/anber.es\/web\/producto\/sistema-de-columna-y-armario-extintor\/\" \/>\n<meta property=\"og:locale\" content=\"es_ES\" \/>\n<meta property=\"og:type\" content=\"article\" \/>\n<meta property=\"og:title\" content=\"Sistema de columna + armario extintor - Anber\" \/>\n<meta property=\"og:description\" content=\"El sistema de columna + armario extintor es un sistema patentado de columna para cajas de extintor modelo JG. Para extintores ABC y CO2.\" \/>\n<meta property=\"og:url\" content=\"https:\/\/anber.es\/web\/producto\/sistema-de-columna-y-armario-extintor\/\" \/>\n<meta property=\"og:site_name\" content=\"Anber\" \/>\n<meta property=\"article:modified_time\" content=\"2026-03-26T09:00:32+00:00\" \/>\n<meta property=\"og:image\" content=\"https:\/\/anber.es\/web\/wp-content\/uploads\/2021\/05\/sistema_de_columna__armario_extintor.png\" \/>\n\t<meta property=\"og:image:width\" content=\"1000\" \/>\n\t<meta property=\"og:image:height\" content=\"1000\" \/>\n\t<meta property=\"og:image:type\" content=\"image\/png\" \/>\n<meta name=\"twitter:card\" content=\"summary_large_image\" \/>\n<meta name=\"twitter:label1\" content=\"Tiempo de lectura\" \/>\n\t<meta name=\"twitter:data1\" content=\"1 minuto\" \/>\n<script type=\"application\/ld+json\" class=\"yoast-schema-graph\">{\"@context\":\"https:\/\/schema.org\",\"@graph\":[{\"@type\":\"WebPage\",\"@id\":\"https:\/\/anber.es\/web\/producto\/sistema-de-columna-y-armario-extintor\/\",\"url\":\"https:\/\/anber.es\/web\/producto\/sistema-de-columna-y-armario-extintor\/\",\"name\":\"Sistema de columna + armario extintor - Anber\",\"isPartOf\":{\"@id\":\"https:\/\/anber.es\/web\/#website\"},\"datePublished\":\"2021-01-19T10:22:50+00:00\",\"dateModified\":\"2026-03-26T09:00:32+00:00\",\"description\":\"El sistema de columna + armario extintor es un sistema patentado de columna para cajas de extintor modelo JG. Para extintores ABC y CO2.\",\"breadcrumb\":{\"@id\":\"https:\/\/anber.es\/web\/producto\/sistema-de-columna-y-armario-extintor\/#breadcrumb\"},\"inLanguage\":\"es\",\"potentialAction\":[{\"@type\":\"ReadAction\",\"target\":[\"https:\/\/anber.es\/web\/producto\/sistema-de-columna-y-armario-extintor\/\"]}]},{\"@type\":\"BreadcrumbList\",\"@id\":\"https:\/\/anber.es\/web\/producto\/sistema-de-columna-y-armario-extintor\/#breadcrumb\",\"itemListElement\":[{\"@type\":\"ListItem\",\"position\":1,\"name\":\"Portada\",\"item\":\"https:\/\/anber.es\/web\/\"},{\"@type\":\"ListItem\",\"position\":2,\"name\":\"Productos\",\"item\":\"https:\/\/anber.es\/web\/productos\/\"},{\"@type\":\"ListItem\",\"position\":3,\"name\":\"Sistema de columna + armario extintor\"}]},{\"@type\":\"WebSite\",\"@id\":\"https:\/\/anber.es\/web\/#website\",\"url\":\"https:\/\/anber.es\/web\/\",\"name\":\"Anber\",\"description\":\"Sistemas de protecci\u00f3n contra incendios\",\"publisher\":{\"@id\":\"https:\/\/anber.es\/web\/#organization\"},\"potentialAction\":[{\"@type\":\"SearchAction\",\"target\":{\"@type\":\"EntryPoint\",\"urlTemplate\":\"https:\/\/anber.es\/web\/?s={search_term_string}\"},\"query-input\":\"required name=search_term_string\"}],\"inLanguage\":\"es\"},{\"@type\":\"Organization\",\"@id\":\"https:\/\/anber.es\/web\/#organization\",\"name\":\"Anber\",\"url\":\"https:\/\/anber.es\/web\/\",\"logo\":{\"@type\":\"ImageObject\",\"inLanguage\":\"es\",\"@id\":\"https:\/\/anber.es\/web\/#\/schema\/logo\/image\/\",\"url\":\"https:\/\/anber.es\/web\/wp-content\/uploads\/2021\/03\/logo-anber.png\",\"contentUrl\":\"https:\/\/anber.es\/web\/wp-content\/uploads\/2021\/03\/logo-anber.png\",\"width\":2208,\"height\":500,\"caption\":\"Anber\"},\"image\":{\"@id\":\"https:\/\/anber.es\/web\/#\/schema\/logo\/image\/\"}}]}<\/script>\n<!-- \/ Yoast SEO plugin. -->","yoast_head_json":{"title":"Sistema de columna + armario extintor - Anber","description":"El sistema de columna + armario extintor es un sistema patentado de columna para cajas de extintor modelo JG. Para extintores ABC y CO2.","robots":{"index":"index","follow":"follow","max-snippet":"max-snippet:-1","max-image-preview":"max-image-preview:large","max-video-preview":"max-video-preview:-1"},"canonical":"https:\/\/anber.es\/web\/producto\/sistema-de-columna-y-armario-extintor\/","og_locale":"es_ES","og_type":"article","og_title":"Sistema de columna + armario extintor - Anber","og_description":"El sistema de columna + armario extintor es un sistema patentado de columna para cajas de extintor modelo JG. Para extintores ABC y CO2.","og_url":"https:\/\/anber.es\/web\/producto\/sistema-de-columna-y-armario-extintor\/","og_site_name":"Anber","article_modified_time":"2026-03-26T09:00:32+00:00","og_image":[{"width":1000,"height":1000,"url":"https:\/\/anber.es\/web\/wp-content\/uploads\/2021\/05\/sistema_de_columna__armario_extintor.png","type":"image\/png"}],"twitter_card":"summary_large_image","twitter_misc":{"Tiempo de lectura":"1 minuto"},"schema":{"@context":"https:\/\/schema.org","@graph":[{"@type":"WebPage","@id":"https:\/\/anber.es\/web\/producto\/sistema-de-columna-y-armario-extintor\/","url":"https:\/\/anber.es\/web\/producto\/sistema-de-columna-y-armario-extintor\/","name":"Sistema de columna + armario extintor - Anber","isPartOf":{"@id":"https:\/\/anber.es\/web\/#website"},"datePublished":"2021-01-19T10:22:50+00:00","dateModified":"2026-03-26T09:00:32+00:00","description":"El sistema de columna + armario extintor es un sistema patentado de columna para cajas de extintor modelo JG. Para extintores ABC y CO2.","breadcrumb":{"@id":"https:\/\/anber.es\/web\/producto\/sistema-de-columna-y-armario-extintor\/#breadcrumb"},"inLanguage":"es","potentialAction":[{"@type":"ReadAction","target":["https:\/\/anber.es\/web\/producto\/sistema-de-columna-y-armario-extintor\/"]}]},{"@type":"BreadcrumbList","@id":"https:\/\/anber.es\/web\/producto\/sistema-de-columna-y-armario-extintor\/#breadcrumb","itemListElement":[{"@type":"ListItem","position":1,"name":"Portada","item":"https:\/\/anber.es\/web\/"},{"@type":"ListItem","position":2,"name":"Productos","item":"https:\/\/anber.es\/web\/productos\/"},{"@type":"ListItem","position":3,"name":"Sistema de columna + armario extintor"}]},{"@type":"WebSite","@id":"https:\/\/anber.es\/web\/#website","url":"https:\/\/anber.es\/web\/","name":"Anber","description":"Sistemas de protecci\u00f3n contra incendios","publisher":{"@id":"https:\/\/anber.es\/web\/#organization"},"potentialAction":[{"@type":"SearchAction","target":{"@type":"EntryPoint","urlTemplate":"https:\/\/anber.es\/web\/?s={search_term_string}"},"query-input":"required name=search_term_string"}],"inLanguage":"es"},{"@type":"Organization","@id":"https:\/\/anber.es\/web\/#organization","name":"Anber","url":"https:\/\/anber.es\/web\/","logo":{"@type":"ImageObject","inLanguage":"es","@id":"https:\/\/anber.es\/web\/#\/schema\/logo\/image\/","url":"https:\/\/anber.es\/web\/wp-content\/uploads\/2021\/03\/logo-anber.png","contentUrl":"https:\/\/anber.es\/web\/wp-content\/uploads\/2021\/03\/logo-anber.png","width":2208,"height":500,"caption":"Anber"},"image":{"@id":"https:\/\/anber.es\/web\/#\/schema\/logo\/image\/"}}]}},"_links":{"self":[{"href":"https:\/\/anber.es\/web\/wp-json\/wp\/v2\/product\/1545"}],"collection":[{"href":"https:\/\/anber.es\/web\/wp-json\/wp\/v2\/product"}],"about":[{"href":"https:\/\/anber.es\/web\/wp-json\/wp\/v2\/types\/product"}],"wp:featuredmedia":[{"embeddable":true,"href":"https:\/\/anber.es\/web\/wp-json\/wp\/v2\/media\/3357"}],"wp:attachment":[{"href":"https:\/\/anber.es\/web\/wp-json\/wp\/v2\/media?parent=1545"}],"wp:term":[{"taxonomy":"product_cat","embeddable":true,"href":"https:\/\/anber.es\/web\/wp-json\/wp\/v2\/product_cat?post=1545"},{"taxonomy":"product_tag","embeddable":true,"href":"https:\/\/anber.es\/web\/wp-json\/wp\/v2\/product_tag?post=1545"}],"curies":[{"name":"wp","href":"https:\/\/api.w.org\/{rel}","templated":true}]}}