{"id":3106,"date":"2021-05-28T10:03:01","date_gmt":"2021-05-28T08:03:01","guid":{"rendered":"https:\/\/anber.es\/producto\/fuente-de-alimentacion-fps-745b\/"},"modified":"2025-02-21T14:35:40","modified_gmt":"2025-02-21T12:35:40","slug":"fuente-de-alimentacion-fps-745b","status":"publish","type":"product","link":"https:\/\/anber.es\/web\/producto\/fuente-de-alimentacion-fps-745b\/","title":{"rendered":"Fuente de alimentaci\u00f3n FPS-745B"},"content":{"rendered":"<p>La<STRONG> fuente de alimentaci\u00f3n FPS-745B<\/STRONG> est\u00e1 indicada para alimentar equipos externos del sistema de detecci\u00f3n contra incendios tales como: retenedores de puerta, barreras \u00f3pticas, etc.<\/p>\n<p><b>Caracter\u00edsticas de la fuente de alimentaci\u00f3n<\/b>:<br \/>\n\u00b7 Certificada EN54-4.<br \/>\n\u00b7 M\u00f3dulo opcional TCP \/ IP para monitoreo remoto e integraci\u00f3n con el software SmartView.<br \/>\n\u00b7 Reinicio autom\u00e1tico o manual en corte por sobre corriente (configurable para cada salida).<br \/>\n\u00b7 Notificaci\u00f3n de audio para aver\u00edas, configurable mediante un puente (si se desea).<br \/>\n\u00b7 5 indicadores externos (alimentaci\u00f3n, aver\u00edas, sobre corriente).<br \/>\n\u00b7 9 indicadores internos para varias aver\u00edas, estado y corriente de salida.<br \/>\n\u00b7 5 salidas basadas en el estado del sistema (aver\u00edas) para interfaz a BMS o sistemas de supervisi\u00f3n remota (colector abierto).<\/p>\n<p>Referencia: DVPHPS745.<\/p>\n<p><a href=\"\/web\/wp-content\/uploads\/2025\/02\/Ficha_tecnica-fuente_de_alimentacion_FPS-745B.pdf\" target=\"_blank\" rel=\"noopener noreferrer\"><button>Descarga ficha<\/button><\/a><br \/>\n<a class=\"insta-link\" href=\"https:\/\/www.instagram.com\/aqlproteccion\/?hl=es\" target=\"_blank\" rel=\"noopener noreferrer\">Instagram<\/a><\/p>\n","protected":false},"excerpt":{"rendered":"<p>La fuente de alimentaci\u00f3n FPS-745B est\u00e1 indicada para alimentar equipos externos del sistema de detecci\u00f3n contra incendios tales como: retenedores de puerta, barreras \u00f3pticas, etc.<\/p>\n","protected":false},"featured_media":9887,"template":"","meta":[],"product_cat":[49,151,23],"product_tag":[],"yoast_head":"<!-- This site is optimized with the Yoast SEO plugin v22.1 - https:\/\/yoast.com\/wordpress\/plugins\/seo\/ -->\n<title>Fuente de alimentaci\u00f3n FPS-745B - Anber<\/title>\n<meta name=\"description\" content=\"La fuente de alimentaci\u00f3n FPS-745B est\u00e1 indicada para alimentar equipos externos del sistema de detecci\u00f3n contra incendios.\" \/>\n<meta name=\"robots\" content=\"index, follow, max-snippet:-1, max-image-preview:large, max-video-preview:-1\" \/>\n<link rel=\"canonical\" href=\"https:\/\/anber.es\/web\/producto\/fuente-de-alimentacion-fps-745b\/\" \/>\n<meta property=\"og:locale\" content=\"es_ES\" \/>\n<meta property=\"og:type\" content=\"article\" \/>\n<meta property=\"og:title\" content=\"Fuente de alimentaci\u00f3n FPS-745B - Anber\" \/>\n<meta property=\"og:description\" content=\"La fuente de alimentaci\u00f3n FPS-745B est\u00e1 indicada para alimentar equipos externos del sistema de detecci\u00f3n contra incendios.\" \/>\n<meta property=\"og:url\" content=\"https:\/\/anber.es\/web\/producto\/fuente-de-alimentacion-fps-745b\/\" \/>\n<meta property=\"og:site_name\" content=\"Anber\" \/>\n<meta property=\"article:modified_time\" content=\"2025-02-21T12:35:40+00:00\" \/>\n<meta property=\"og:image\" content=\"https:\/\/anber.es\/web\/wp-content\/uploads\/2025\/02\/fuente_de_alimentacion_FPS-745B.webp\" \/>\n\t<meta property=\"og:image:width\" content=\"1000\" \/>\n\t<meta property=\"og:image:height\" content=\"1000\" \/>\n\t<meta property=\"og:image:type\" content=\"image\/webp\" \/>\n<meta name=\"twitter:card\" content=\"summary_large_image\" \/>\n<meta name=\"twitter:label1\" content=\"Tiempo de lectura\" \/>\n\t<meta name=\"twitter:data1\" content=\"1 minuto\" \/>\n<script type=\"application\/ld+json\" class=\"yoast-schema-graph\">{\"@context\":\"https:\/\/schema.org\",\"@graph\":[{\"@type\":\"WebPage\",\"@id\":\"https:\/\/anber.es\/web\/producto\/fuente-de-alimentacion-fps-745b\/\",\"url\":\"https:\/\/anber.es\/web\/producto\/fuente-de-alimentacion-fps-745b\/\",\"name\":\"Fuente de alimentaci\u00f3n FPS-745B - Anber\",\"isPartOf\":{\"@id\":\"https:\/\/anber.es\/web\/#website\"},\"datePublished\":\"2021-05-28T08:03:01+00:00\",\"dateModified\":\"2025-02-21T12:35:40+00:00\",\"description\":\"La fuente de alimentaci\u00f3n FPS-745B est\u00e1 indicada para alimentar equipos externos del sistema de detecci\u00f3n contra incendios.\",\"breadcrumb\":{\"@id\":\"https:\/\/anber.es\/web\/producto\/fuente-de-alimentacion-fps-745b\/#breadcrumb\"},\"inLanguage\":\"es\",\"potentialAction\":[{\"@type\":\"ReadAction\",\"target\":[\"https:\/\/anber.es\/web\/producto\/fuente-de-alimentacion-fps-745b\/\"]}]},{\"@type\":\"BreadcrumbList\",\"@id\":\"https:\/\/anber.es\/web\/producto\/fuente-de-alimentacion-fps-745b\/#breadcrumb\",\"itemListElement\":[{\"@type\":\"ListItem\",\"position\":1,\"name\":\"Portada\",\"item\":\"https:\/\/anber.es\/web\/\"},{\"@type\":\"ListItem\",\"position\":2,\"name\":\"Productos\",\"item\":\"https:\/\/anber.es\/web\/productos\/\"},{\"@type\":\"ListItem\",\"position\":3,\"name\":\"Fuente de alimentaci\u00f3n FPS-745B\"}]},{\"@type\":\"WebSite\",\"@id\":\"https:\/\/anber.es\/web\/#website\",\"url\":\"https:\/\/anber.es\/web\/\",\"name\":\"Anber\",\"description\":\"Sistemas de protecci\u00f3n contra incendios\",\"publisher\":{\"@id\":\"https:\/\/anber.es\/web\/#organization\"},\"potentialAction\":[{\"@type\":\"SearchAction\",\"target\":{\"@type\":\"EntryPoint\",\"urlTemplate\":\"https:\/\/anber.es\/web\/?s={search_term_string}\"},\"query-input\":\"required name=search_term_string\"}],\"inLanguage\":\"es\"},{\"@type\":\"Organization\",\"@id\":\"https:\/\/anber.es\/web\/#organization\",\"name\":\"Anber\",\"url\":\"https:\/\/anber.es\/web\/\",\"logo\":{\"@type\":\"ImageObject\",\"inLanguage\":\"es\",\"@id\":\"https:\/\/anber.es\/web\/#\/schema\/logo\/image\/\",\"url\":\"https:\/\/anber.es\/web\/wp-content\/uploads\/2021\/03\/logo-anber.png\",\"contentUrl\":\"https:\/\/anber.es\/web\/wp-content\/uploads\/2021\/03\/logo-anber.png\",\"width\":2208,\"height\":500,\"caption\":\"Anber\"},\"image\":{\"@id\":\"https:\/\/anber.es\/web\/#\/schema\/logo\/image\/\"}}]}<\/script>\n<!-- \/ Yoast SEO plugin. -->","yoast_head_json":{"title":"Fuente de alimentaci\u00f3n FPS-745B - Anber","description":"La fuente de alimentaci\u00f3n FPS-745B est\u00e1 indicada para alimentar equipos externos del sistema de detecci\u00f3n contra incendios.","robots":{"index":"index","follow":"follow","max-snippet":"max-snippet:-1","max-image-preview":"max-image-preview:large","max-video-preview":"max-video-preview:-1"},"canonical":"https:\/\/anber.es\/web\/producto\/fuente-de-alimentacion-fps-745b\/","og_locale":"es_ES","og_type":"article","og_title":"Fuente de alimentaci\u00f3n FPS-745B - Anber","og_description":"La fuente de alimentaci\u00f3n FPS-745B est\u00e1 indicada para alimentar equipos externos del sistema de detecci\u00f3n contra incendios.","og_url":"https:\/\/anber.es\/web\/producto\/fuente-de-alimentacion-fps-745b\/","og_site_name":"Anber","article_modified_time":"2025-02-21T12:35:40+00:00","og_image":[{"width":1000,"height":1000,"url":"https:\/\/anber.es\/web\/wp-content\/uploads\/2025\/02\/fuente_de_alimentacion_FPS-745B.webp","type":"image\/webp"}],"twitter_card":"summary_large_image","twitter_misc":{"Tiempo de lectura":"1 minuto"},"schema":{"@context":"https:\/\/schema.org","@graph":[{"@type":"WebPage","@id":"https:\/\/anber.es\/web\/producto\/fuente-de-alimentacion-fps-745b\/","url":"https:\/\/anber.es\/web\/producto\/fuente-de-alimentacion-fps-745b\/","name":"Fuente de alimentaci\u00f3n FPS-745B - Anber","isPartOf":{"@id":"https:\/\/anber.es\/web\/#website"},"datePublished":"2021-05-28T08:03:01+00:00","dateModified":"2025-02-21T12:35:40+00:00","description":"La fuente de alimentaci\u00f3n FPS-745B est\u00e1 indicada para alimentar equipos externos del sistema de detecci\u00f3n contra incendios.","breadcrumb":{"@id":"https:\/\/anber.es\/web\/producto\/fuente-de-alimentacion-fps-745b\/#breadcrumb"},"inLanguage":"es","potentialAction":[{"@type":"ReadAction","target":["https:\/\/anber.es\/web\/producto\/fuente-de-alimentacion-fps-745b\/"]}]},{"@type":"BreadcrumbList","@id":"https:\/\/anber.es\/web\/producto\/fuente-de-alimentacion-fps-745b\/#breadcrumb","itemListElement":[{"@type":"ListItem","position":1,"name":"Portada","item":"https:\/\/anber.es\/web\/"},{"@type":"ListItem","position":2,"name":"Productos","item":"https:\/\/anber.es\/web\/productos\/"},{"@type":"ListItem","position":3,"name":"Fuente de alimentaci\u00f3n FPS-745B"}]},{"@type":"WebSite","@id":"https:\/\/anber.es\/web\/#website","url":"https:\/\/anber.es\/web\/","name":"Anber","description":"Sistemas de protecci\u00f3n contra incendios","publisher":{"@id":"https:\/\/anber.es\/web\/#organization"},"potentialAction":[{"@type":"SearchAction","target":{"@type":"EntryPoint","urlTemplate":"https:\/\/anber.es\/web\/?s={search_term_string}"},"query-input":"required name=search_term_string"}],"inLanguage":"es"},{"@type":"Organization","@id":"https:\/\/anber.es\/web\/#organization","name":"Anber","url":"https:\/\/anber.es\/web\/","logo":{"@type":"ImageObject","inLanguage":"es","@id":"https:\/\/anber.es\/web\/#\/schema\/logo\/image\/","url":"https:\/\/anber.es\/web\/wp-content\/uploads\/2021\/03\/logo-anber.png","contentUrl":"https:\/\/anber.es\/web\/wp-content\/uploads\/2021\/03\/logo-anber.png","width":2208,"height":500,"caption":"Anber"},"image":{"@id":"https:\/\/anber.es\/web\/#\/schema\/logo\/image\/"}}]}},"_links":{"self":[{"href":"https:\/\/anber.es\/web\/wp-json\/wp\/v2\/product\/3106"}],"collection":[{"href":"https:\/\/anber.es\/web\/wp-json\/wp\/v2\/product"}],"about":[{"href":"https:\/\/anber.es\/web\/wp-json\/wp\/v2\/types\/product"}],"wp:featuredmedia":[{"embeddable":true,"href":"https:\/\/anber.es\/web\/wp-json\/wp\/v2\/media\/9887"}],"wp:attachment":[{"href":"https:\/\/anber.es\/web\/wp-json\/wp\/v2\/media?parent=3106"}],"wp:term":[{"taxonomy":"product_cat","embeddable":true,"href":"https:\/\/anber.es\/web\/wp-json\/wp\/v2\/product_cat?post=3106"},{"taxonomy":"product_tag","embeddable":true,"href":"https:\/\/anber.es\/web\/wp-json\/wp\/v2\/product_tag?post=3106"}],"curies":[{"name":"wp","href":"https:\/\/api.w.org\/{rel}","templated":true}]}}