{"id":3180,"date":"2021-05-28T10:06:01","date_gmt":"2021-05-28T08:06:01","guid":{"rendered":"https:\/\/anber.es\/producto\/taco-nylon-tn4s\/"},"modified":"2024-04-08T10:10:19","modified_gmt":"2024-04-08T08:10:19","slug":"taco-nylon-tn4s","status":"publish","type":"product","link":"https:\/\/anber.es\/web\/producto\/taco-nylon-tn4s\/","title":{"rendered":"Taco nylon TN4S"},"content":{"rendered":"<p><strong>Taco nylon <\/strong>de poliamida 6 para cargas bajas.<\/p>\n<p>Con collar\u00edn para evitar que se cuele en el interior del material base durante la instalaci\u00f3n.<\/p>\n<p>Anti giros laterales para fijar en todo tipo de material base.<\/p>\n<p>Expande en 4 direcciones.<\/p>\n<p>Taco con informaci\u00f3n de instalaci\u00f3n marcada en el mismo: di\u00e1metro de broca, profundidad de taladrado y di\u00e1metro de tornillo a utilizar.<\/p>\n<p>Recomendados para usar con tirafondo cabeza avellanada, TPPO (huella Pz), TPTO (huella hexalobular Tx) o tornillo barraquero TB.<\/p>\n<p>Temperatura de servicio: -40 + 70 \u00baC.<\/p>\n<p>Referencia: CPTN4S.<\/p>\n<p><a href=\"\/web\/wp-content\/uploads\/2024\/04\/Ficha_tecnica-Taco_nylon_TN4S.pdf\" target=\"_blank\" rel=\"noopener noreferrer\"><button>Descarga ficha <\/button><\/a><\/p>\n<p><a class=\"insta-link\" href=\"https:\/\/www.instagram.com\/aqlproteccion\/?hl=es\" target=\"_blank\" rel=\"noopener noreferrer\">Instagram<\/a><\/p>\n","protected":false},"excerpt":{"rendered":"<p>El taco nylon se expande en 4 direcciones, tiene collar\u00edn para evitar que se cuele en el interior del material y sirve para muchos materiales<\/p>\n","protected":false},"featured_media":3179,"template":"","meta":[],"product_cat":[206],"product_tag":[215],"yoast_head":"<!-- This site is optimized with the Yoast SEO plugin v22.1 - https:\/\/yoast.com\/wordpress\/plugins\/seo\/ -->\n<title>Taco nylon TN4S - Anber<\/title>\n<meta name=\"description\" content=\"El taco nylon se expande en 4 direcciones, tiene collar\u00edn para evitar que se cuele en el interior del material y sirve para muchos materiales\" \/>\n<meta name=\"robots\" content=\"index, follow, max-snippet:-1, max-image-preview:large, max-video-preview:-1\" \/>\n<link rel=\"canonical\" href=\"https:\/\/anber.es\/web\/producto\/taco-nylon-tn4s\/\" \/>\n<meta property=\"og:locale\" content=\"es_ES\" \/>\n<meta property=\"og:type\" content=\"article\" \/>\n<meta property=\"og:title\" content=\"Taco nylon TN4S - Anber\" \/>\n<meta property=\"og:description\" content=\"El taco nylon se expande en 4 direcciones, tiene collar\u00edn para evitar que se cuele en el interior del material y sirve para muchos materiales\" \/>\n<meta property=\"og:url\" content=\"https:\/\/anber.es\/web\/producto\/taco-nylon-tn4s\/\" \/>\n<meta property=\"og:site_name\" content=\"Anber\" \/>\n<meta property=\"article:modified_time\" content=\"2024-04-08T08:10:19+00:00\" \/>\n<meta property=\"og:image\" content=\"https:\/\/anber.es\/web\/wp-content\/uploads\/2021\/05\/taco_nylon_TN4S.png\" \/>\n\t<meta property=\"og:image:width\" content=\"1000\" \/>\n\t<meta property=\"og:image:height\" content=\"1000\" \/>\n\t<meta property=\"og:image:type\" content=\"image\/png\" \/>\n<meta name=\"twitter:card\" content=\"summary_large_image\" \/>\n<meta name=\"twitter:label1\" content=\"Tiempo de lectura\" \/>\n\t<meta name=\"twitter:data1\" content=\"1 minuto\" \/>\n<script type=\"application\/ld+json\" class=\"yoast-schema-graph\">{\"@context\":\"https:\/\/schema.org\",\"@graph\":[{\"@type\":\"WebPage\",\"@id\":\"https:\/\/anber.es\/web\/producto\/taco-nylon-tn4s\/\",\"url\":\"https:\/\/anber.es\/web\/producto\/taco-nylon-tn4s\/\",\"name\":\"Taco nylon TN4S - Anber\",\"isPartOf\":{\"@id\":\"https:\/\/anber.es\/web\/#website\"},\"datePublished\":\"2021-05-28T08:06:01+00:00\",\"dateModified\":\"2024-04-08T08:10:19+00:00\",\"description\":\"El taco nylon se expande en 4 direcciones, tiene collar\u00edn para evitar que se cuele en el interior del material y sirve para muchos materiales\",\"breadcrumb\":{\"@id\":\"https:\/\/anber.es\/web\/producto\/taco-nylon-tn4s\/#breadcrumb\"},\"inLanguage\":\"es\",\"potentialAction\":[{\"@type\":\"ReadAction\",\"target\":[\"https:\/\/anber.es\/web\/producto\/taco-nylon-tn4s\/\"]}]},{\"@type\":\"BreadcrumbList\",\"@id\":\"https:\/\/anber.es\/web\/producto\/taco-nylon-tn4s\/#breadcrumb\",\"itemListElement\":[{\"@type\":\"ListItem\",\"position\":1,\"name\":\"Portada\",\"item\":\"https:\/\/anber.es\/web\/\"},{\"@type\":\"ListItem\",\"position\":2,\"name\":\"Productos\",\"item\":\"https:\/\/anber.es\/web\/productos\/\"},{\"@type\":\"ListItem\",\"position\":3,\"name\":\"Taco nylon TN4S\"}]},{\"@type\":\"WebSite\",\"@id\":\"https:\/\/anber.es\/web\/#website\",\"url\":\"https:\/\/anber.es\/web\/\",\"name\":\"Anber\",\"description\":\"Sistemas de protecci\u00f3n contra incendios\",\"publisher\":{\"@id\":\"https:\/\/anber.es\/web\/#organization\"},\"potentialAction\":[{\"@type\":\"SearchAction\",\"target\":{\"@type\":\"EntryPoint\",\"urlTemplate\":\"https:\/\/anber.es\/web\/?s={search_term_string}\"},\"query-input\":\"required name=search_term_string\"}],\"inLanguage\":\"es\"},{\"@type\":\"Organization\",\"@id\":\"https:\/\/anber.es\/web\/#organization\",\"name\":\"Anber\",\"url\":\"https:\/\/anber.es\/web\/\",\"logo\":{\"@type\":\"ImageObject\",\"inLanguage\":\"es\",\"@id\":\"https:\/\/anber.es\/web\/#\/schema\/logo\/image\/\",\"url\":\"https:\/\/anber.es\/web\/wp-content\/uploads\/2021\/03\/logo-anber.png\",\"contentUrl\":\"https:\/\/anber.es\/web\/wp-content\/uploads\/2021\/03\/logo-anber.png\",\"width\":2208,\"height\":500,\"caption\":\"Anber\"},\"image\":{\"@id\":\"https:\/\/anber.es\/web\/#\/schema\/logo\/image\/\"}}]}<\/script>\n<!-- \/ Yoast SEO plugin. -->","yoast_head_json":{"title":"Taco nylon TN4S - Anber","description":"El taco nylon se expande en 4 direcciones, tiene collar\u00edn para evitar que se cuele en el interior del material y sirve para muchos materiales","robots":{"index":"index","follow":"follow","max-snippet":"max-snippet:-1","max-image-preview":"max-image-preview:large","max-video-preview":"max-video-preview:-1"},"canonical":"https:\/\/anber.es\/web\/producto\/taco-nylon-tn4s\/","og_locale":"es_ES","og_type":"article","og_title":"Taco nylon TN4S - Anber","og_description":"El taco nylon se expande en 4 direcciones, tiene collar\u00edn para evitar que se cuele en el interior del material y sirve para muchos materiales","og_url":"https:\/\/anber.es\/web\/producto\/taco-nylon-tn4s\/","og_site_name":"Anber","article_modified_time":"2024-04-08T08:10:19+00:00","og_image":[{"width":1000,"height":1000,"url":"https:\/\/anber.es\/web\/wp-content\/uploads\/2021\/05\/taco_nylon_TN4S.png","type":"image\/png"}],"twitter_card":"summary_large_image","twitter_misc":{"Tiempo de lectura":"1 minuto"},"schema":{"@context":"https:\/\/schema.org","@graph":[{"@type":"WebPage","@id":"https:\/\/anber.es\/web\/producto\/taco-nylon-tn4s\/","url":"https:\/\/anber.es\/web\/producto\/taco-nylon-tn4s\/","name":"Taco nylon TN4S - Anber","isPartOf":{"@id":"https:\/\/anber.es\/web\/#website"},"datePublished":"2021-05-28T08:06:01+00:00","dateModified":"2024-04-08T08:10:19+00:00","description":"El taco nylon se expande en 4 direcciones, tiene collar\u00edn para evitar que se cuele en el interior del material y sirve para muchos materiales","breadcrumb":{"@id":"https:\/\/anber.es\/web\/producto\/taco-nylon-tn4s\/#breadcrumb"},"inLanguage":"es","potentialAction":[{"@type":"ReadAction","target":["https:\/\/anber.es\/web\/producto\/taco-nylon-tn4s\/"]}]},{"@type":"BreadcrumbList","@id":"https:\/\/anber.es\/web\/producto\/taco-nylon-tn4s\/#breadcrumb","itemListElement":[{"@type":"ListItem","position":1,"name":"Portada","item":"https:\/\/anber.es\/web\/"},{"@type":"ListItem","position":2,"name":"Productos","item":"https:\/\/anber.es\/web\/productos\/"},{"@type":"ListItem","position":3,"name":"Taco nylon TN4S"}]},{"@type":"WebSite","@id":"https:\/\/anber.es\/web\/#website","url":"https:\/\/anber.es\/web\/","name":"Anber","description":"Sistemas de protecci\u00f3n contra incendios","publisher":{"@id":"https:\/\/anber.es\/web\/#organization"},"potentialAction":[{"@type":"SearchAction","target":{"@type":"EntryPoint","urlTemplate":"https:\/\/anber.es\/web\/?s={search_term_string}"},"query-input":"required name=search_term_string"}],"inLanguage":"es"},{"@type":"Organization","@id":"https:\/\/anber.es\/web\/#organization","name":"Anber","url":"https:\/\/anber.es\/web\/","logo":{"@type":"ImageObject","inLanguage":"es","@id":"https:\/\/anber.es\/web\/#\/schema\/logo\/image\/","url":"https:\/\/anber.es\/web\/wp-content\/uploads\/2021\/03\/logo-anber.png","contentUrl":"https:\/\/anber.es\/web\/wp-content\/uploads\/2021\/03\/logo-anber.png","width":2208,"height":500,"caption":"Anber"},"image":{"@id":"https:\/\/anber.es\/web\/#\/schema\/logo\/image\/"}}]}},"_links":{"self":[{"href":"https:\/\/anber.es\/web\/wp-json\/wp\/v2\/product\/3180"}],"collection":[{"href":"https:\/\/anber.es\/web\/wp-json\/wp\/v2\/product"}],"about":[{"href":"https:\/\/anber.es\/web\/wp-json\/wp\/v2\/types\/product"}],"wp:featuredmedia":[{"embeddable":true,"href":"https:\/\/anber.es\/web\/wp-json\/wp\/v2\/media\/3179"}],"wp:attachment":[{"href":"https:\/\/anber.es\/web\/wp-json\/wp\/v2\/media?parent=3180"}],"wp:term":[{"taxonomy":"product_cat","embeddable":true,"href":"https:\/\/anber.es\/web\/wp-json\/wp\/v2\/product_cat?post=3180"},{"taxonomy":"product_tag","embeddable":true,"href":"https:\/\/anber.es\/web\/wp-json\/wp\/v2\/product_tag?post=3180"}],"curies":[{"name":"wp","href":"https:\/\/api.w.org\/{rel}","templated":true}]}}