{"id":3242,"date":"2021-05-28T10:09:33","date_gmt":"2021-05-28T08:09:33","guid":{"rendered":"https:\/\/anber.es\/producto\/bridas-forjadas\/"},"modified":"2025-04-08T08:47:45","modified_gmt":"2025-04-08T06:47:45","slug":"bridas-forjadas","status":"publish","type":"product","link":"https:\/\/anber.es\/web\/producto\/bridas-forjadas\/","title":{"rendered":"Bridas forjadas"},"content":{"rendered":"<p>Disponemos de <strong>bridas forjadas<\/strong> en diferentes normativas: ASME B16.5, EN 1092-1 y DIN. Disponemos de bridas forjadas de diferentes tipos: planas, ciegas, con cuello, roscadas y Slip On.<\/p>\n<p>Bridas ASME B16.5, el acero al carbono ASTM A105\/A105M.<br \/>\nBridas EN 1092-1, el acero al carbono calidad P245GH (1.0352).<br \/>\nBridas DIN, el acero al carbono calidad RSt 37.2.<\/p>\n<p><strong>La rosca<\/strong> se efect\u00faa de acuerdo a la norma ISO 7-1 (rosca interior cil\u00edndrica &#8211; Rp-) siendo la misma conc\u00e9ntrica al eje de la brida. (nota:  ISO 7-1 = EN 10226-1 = DIN 2999-1).<\/p>\n<p>Referencia: CBHA.<\/p>\n<p><a href=\"\/web\/wp-content\/uploads\/2025\/04\/Ficha_tecnica-bridas_forjadas.pdf\" target=\"_blank\" rel=\"noopener noreferrer\"><button>Descarga ficha <\/button><\/a>  <a href=\"\/web\/wp-content\/uploads\/2023\/03\/equivalencias_bridas_DIN_EN1092-1.pdf\" target=\"_blank\" rel=\"noopener noreferrer\"><button>Descarga equivalencias bridas <\/button><\/a><br \/>\n<a class=\"insta-link\" href=\"https:\/\/www.instagram.com\/aqlproteccion\/?hl=es\" target=\"_blank\" rel=\"noopener noreferrer\">Instagram<\/a><\/p>\n","protected":false},"excerpt":{"rendered":"<p>Las bridas forjadas son de diferentes normativas: ASME B16.5, EN 1092-1 y DIN. Disponemos de bridas forjadas de diferentes tipos: planas &#8230;<\/p>\n","protected":false},"featured_media":3241,"template":"","meta":[],"product_cat":[212,41,136],"product_tag":[215],"yoast_head":"<!-- This site is optimized with the Yoast SEO plugin v22.1 - https:\/\/yoast.com\/wordpress\/plugins\/seo\/ -->\n<title>Bridas forjadas - Anber<\/title>\n<meta name=\"description\" content=\"Las bridas forjadas son de diferentes normativas: ASME B16.5, EN 1092-1 y DIN. Disponemos de bridas forjadas de diferentes tipos: planas ...\" \/>\n<meta name=\"robots\" content=\"index, follow, max-snippet:-1, max-image-preview:large, max-video-preview:-1\" \/>\n<link rel=\"canonical\" href=\"https:\/\/anber.es\/web\/producto\/bridas-forjadas\/\" \/>\n<meta property=\"og:locale\" content=\"es_ES\" \/>\n<meta property=\"og:type\" content=\"article\" \/>\n<meta property=\"og:title\" content=\"Bridas forjadas - Anber\" \/>\n<meta property=\"og:description\" content=\"Las bridas forjadas son de diferentes normativas: ASME B16.5, EN 1092-1 y DIN. Disponemos de bridas forjadas de diferentes tipos: planas ...\" \/>\n<meta property=\"og:url\" content=\"https:\/\/anber.es\/web\/producto\/bridas-forjadas\/\" \/>\n<meta property=\"og:site_name\" content=\"Anber\" \/>\n<meta property=\"article:modified_time\" content=\"2025-04-08T06:47:45+00:00\" \/>\n<meta property=\"og:image\" content=\"https:\/\/anber.es\/web\/wp-content\/uploads\/2021\/05\/bridas_forjadas.png\" \/>\n\t<meta property=\"og:image:width\" content=\"1000\" \/>\n\t<meta property=\"og:image:height\" content=\"1000\" \/>\n\t<meta property=\"og:image:type\" content=\"image\/png\" \/>\n<meta name=\"twitter:card\" content=\"summary_large_image\" \/>\n<meta name=\"twitter:label1\" content=\"Tiempo de lectura\" \/>\n\t<meta name=\"twitter:data1\" content=\"1 minuto\" \/>\n<script type=\"application\/ld+json\" class=\"yoast-schema-graph\">{\"@context\":\"https:\/\/schema.org\",\"@graph\":[{\"@type\":\"WebPage\",\"@id\":\"https:\/\/anber.es\/web\/producto\/bridas-forjadas\/\",\"url\":\"https:\/\/anber.es\/web\/producto\/bridas-forjadas\/\",\"name\":\"Bridas forjadas - Anber\",\"isPartOf\":{\"@id\":\"https:\/\/anber.es\/web\/#website\"},\"datePublished\":\"2021-05-28T08:09:33+00:00\",\"dateModified\":\"2025-04-08T06:47:45+00:00\",\"description\":\"Las bridas forjadas son de diferentes normativas: ASME B16.5, EN 1092-1 y DIN. Disponemos de bridas forjadas de diferentes tipos: planas ...\",\"breadcrumb\":{\"@id\":\"https:\/\/anber.es\/web\/producto\/bridas-forjadas\/#breadcrumb\"},\"inLanguage\":\"es\",\"potentialAction\":[{\"@type\":\"ReadAction\",\"target\":[\"https:\/\/anber.es\/web\/producto\/bridas-forjadas\/\"]}]},{\"@type\":\"BreadcrumbList\",\"@id\":\"https:\/\/anber.es\/web\/producto\/bridas-forjadas\/#breadcrumb\",\"itemListElement\":[{\"@type\":\"ListItem\",\"position\":1,\"name\":\"Portada\",\"item\":\"https:\/\/anber.es\/web\/\"},{\"@type\":\"ListItem\",\"position\":2,\"name\":\"Productos\",\"item\":\"https:\/\/anber.es\/web\/productos\/\"},{\"@type\":\"ListItem\",\"position\":3,\"name\":\"Bridas forjadas\"}]},{\"@type\":\"WebSite\",\"@id\":\"https:\/\/anber.es\/web\/#website\",\"url\":\"https:\/\/anber.es\/web\/\",\"name\":\"Anber\",\"description\":\"Sistemas de protecci\u00f3n contra incendios\",\"publisher\":{\"@id\":\"https:\/\/anber.es\/web\/#organization\"},\"potentialAction\":[{\"@type\":\"SearchAction\",\"target\":{\"@type\":\"EntryPoint\",\"urlTemplate\":\"https:\/\/anber.es\/web\/?s={search_term_string}\"},\"query-input\":\"required name=search_term_string\"}],\"inLanguage\":\"es\"},{\"@type\":\"Organization\",\"@id\":\"https:\/\/anber.es\/web\/#organization\",\"name\":\"Anber\",\"url\":\"https:\/\/anber.es\/web\/\",\"logo\":{\"@type\":\"ImageObject\",\"inLanguage\":\"es\",\"@id\":\"https:\/\/anber.es\/web\/#\/schema\/logo\/image\/\",\"url\":\"https:\/\/anber.es\/web\/wp-content\/uploads\/2021\/03\/logo-anber.png\",\"contentUrl\":\"https:\/\/anber.es\/web\/wp-content\/uploads\/2021\/03\/logo-anber.png\",\"width\":2208,\"height\":500,\"caption\":\"Anber\"},\"image\":{\"@id\":\"https:\/\/anber.es\/web\/#\/schema\/logo\/image\/\"}}]}<\/script>\n<!-- \/ Yoast SEO plugin. -->","yoast_head_json":{"title":"Bridas forjadas - Anber","description":"Las bridas forjadas son de diferentes normativas: ASME B16.5, EN 1092-1 y DIN. Disponemos de bridas forjadas de diferentes tipos: planas ...","robots":{"index":"index","follow":"follow","max-snippet":"max-snippet:-1","max-image-preview":"max-image-preview:large","max-video-preview":"max-video-preview:-1"},"canonical":"https:\/\/anber.es\/web\/producto\/bridas-forjadas\/","og_locale":"es_ES","og_type":"article","og_title":"Bridas forjadas - Anber","og_description":"Las bridas forjadas son de diferentes normativas: ASME B16.5, EN 1092-1 y DIN. Disponemos de bridas forjadas de diferentes tipos: planas ...","og_url":"https:\/\/anber.es\/web\/producto\/bridas-forjadas\/","og_site_name":"Anber","article_modified_time":"2025-04-08T06:47:45+00:00","og_image":[{"width":1000,"height":1000,"url":"https:\/\/anber.es\/web\/wp-content\/uploads\/2021\/05\/bridas_forjadas.png","type":"image\/png"}],"twitter_card":"summary_large_image","twitter_misc":{"Tiempo de lectura":"1 minuto"},"schema":{"@context":"https:\/\/schema.org","@graph":[{"@type":"WebPage","@id":"https:\/\/anber.es\/web\/producto\/bridas-forjadas\/","url":"https:\/\/anber.es\/web\/producto\/bridas-forjadas\/","name":"Bridas forjadas - Anber","isPartOf":{"@id":"https:\/\/anber.es\/web\/#website"},"datePublished":"2021-05-28T08:09:33+00:00","dateModified":"2025-04-08T06:47:45+00:00","description":"Las bridas forjadas son de diferentes normativas: ASME B16.5, EN 1092-1 y DIN. Disponemos de bridas forjadas de diferentes tipos: planas ...","breadcrumb":{"@id":"https:\/\/anber.es\/web\/producto\/bridas-forjadas\/#breadcrumb"},"inLanguage":"es","potentialAction":[{"@type":"ReadAction","target":["https:\/\/anber.es\/web\/producto\/bridas-forjadas\/"]}]},{"@type":"BreadcrumbList","@id":"https:\/\/anber.es\/web\/producto\/bridas-forjadas\/#breadcrumb","itemListElement":[{"@type":"ListItem","position":1,"name":"Portada","item":"https:\/\/anber.es\/web\/"},{"@type":"ListItem","position":2,"name":"Productos","item":"https:\/\/anber.es\/web\/productos\/"},{"@type":"ListItem","position":3,"name":"Bridas forjadas"}]},{"@type":"WebSite","@id":"https:\/\/anber.es\/web\/#website","url":"https:\/\/anber.es\/web\/","name":"Anber","description":"Sistemas de protecci\u00f3n contra incendios","publisher":{"@id":"https:\/\/anber.es\/web\/#organization"},"potentialAction":[{"@type":"SearchAction","target":{"@type":"EntryPoint","urlTemplate":"https:\/\/anber.es\/web\/?s={search_term_string}"},"query-input":"required name=search_term_string"}],"inLanguage":"es"},{"@type":"Organization","@id":"https:\/\/anber.es\/web\/#organization","name":"Anber","url":"https:\/\/anber.es\/web\/","logo":{"@type":"ImageObject","inLanguage":"es","@id":"https:\/\/anber.es\/web\/#\/schema\/logo\/image\/","url":"https:\/\/anber.es\/web\/wp-content\/uploads\/2021\/03\/logo-anber.png","contentUrl":"https:\/\/anber.es\/web\/wp-content\/uploads\/2021\/03\/logo-anber.png","width":2208,"height":500,"caption":"Anber"},"image":{"@id":"https:\/\/anber.es\/web\/#\/schema\/logo\/image\/"}}]}},"_links":{"self":[{"href":"https:\/\/anber.es\/web\/wp-json\/wp\/v2\/product\/3242"}],"collection":[{"href":"https:\/\/anber.es\/web\/wp-json\/wp\/v2\/product"}],"about":[{"href":"https:\/\/anber.es\/web\/wp-json\/wp\/v2\/types\/product"}],"wp:featuredmedia":[{"embeddable":true,"href":"https:\/\/anber.es\/web\/wp-json\/wp\/v2\/media\/3241"}],"wp:attachment":[{"href":"https:\/\/anber.es\/web\/wp-json\/wp\/v2\/media?parent=3242"}],"wp:term":[{"taxonomy":"product_cat","embeddable":true,"href":"https:\/\/anber.es\/web\/wp-json\/wp\/v2\/product_cat?post=3242"},{"taxonomy":"product_tag","embeddable":true,"href":"https:\/\/anber.es\/web\/wp-json\/wp\/v2\/product_tag?post=3242"}],"curies":[{"name":"wp","href":"https:\/\/api.w.org\/{rel}","templated":true}]}}