{"id":3580,"date":"2021-06-07T10:04:24","date_gmt":"2021-06-07T08:04:24","guid":{"rendered":"https:\/\/anber.es\/producto\/catalogo-de-tuberias-y-accesorios-ppr-para-pci\/"},"modified":"2023-06-26T16:21:00","modified_gmt":"2023-06-26T14:21:00","slug":"catalogo-de-tuberias-y-accesorios-ppr-para-pci","status":"publish","type":"product","link":"https:\/\/anber.es\/web\/producto\/catalogo-de-tuberias-y-accesorios-ppr-para-pci\/","title":{"rendered":"Cat\u00e1logo de tuber\u00edas y accesorios PPR para PCI"},"content":{"rendered":"<p>En este cat\u00e1logo pod\u00e9is encontrar <strong>tuber\u00edas y accesorios PPR homologados para instalaciones de rociadores autom\u00e1ticos<\/strong> contra incendios y bocas de incendio equipadas (BIES).<\/p>\n<p>El material utilizado para fabricar esta tuber\u00eda, el fusiolen\u00ae PP-R FS, es un pol\u00edmero cuyas propiedades cumplen las exigencias espec\u00edficas para este uso, con una clasificaci\u00f3n alcanzada de reacci\u00f3n al fuego B,s1,dO (seg\u00fan Norma EN 13501-1).<\/p>\n<p>El <strong>sistema aquatherm red pipe<\/strong> es:<br \/>\n   &#8211; Soldable por fusi\u00f3n.<br \/>\n   La conexi\u00f3n es sencilla, formando una firme uni\u00f3n entre los materiales sin necesidad de material de aportaci\u00f3n o adhesivo.<br \/>\n   &#8211; Resistente a la corrosi\u00f3n.<br \/>\n   Impide que se obstruyan los rociadores con productos de la corrosi\u00f3n, garantizando un per\u00edodo de servicio prolongado sin mantenimiento y un funcionamiento correcto de la instalaci\u00f3n.<\/p>\n<p>Las tuber\u00edas y accesorios de uni\u00f3n est\u00e1n acreditados por diversos certificados, tanto nacionales como internacionales, entre los que destacan: Documentos de Idoneidad T\u00e9cnica DIT N\u00ba526\/09 y DIT N\u00ba 592\/12 (Instituto de las Ciencias de la Construcci\u00f3n Eduardo Torroja), LPBC (Inglaterra) con el n\u00famero de registro 684 y Vds (Alemania) G4050042.<\/p>\n<p><a href=\"\/web\/wp-content\/uploads\/2021\/06\/Catalogo_Tuberias_y_accesorios_PPR_para_PCI.pdf\" target=\"_blank\" rel=\"noopener noreferrer\"><button>Descarga ficha <\/button><\/a><br \/>\n<a class=\"insta-link\" href=\"https:\/\/www.instagram.com\/aqlproteccion\/?hl=es\" target=\"_blank\" rel=\"noopener noreferrer\">Instagram<\/a><\/p>\n","protected":false},"excerpt":{"rendered":"<p>En este cat\u00e1logo pod\u00e9is encontrar tuber\u00edas y accesorios homologados para instalaciones de rociadores autom\u00e1ticos contra incendios y bocas de incendio equipadas (BIES).<\/p>\n","protected":false},"featured_media":3584,"template":"","meta":[],"product_cat":[193,41,46,191],"product_tag":[215],"yoast_head":"<!-- This site is optimized with the Yoast SEO plugin v22.1 - https:\/\/yoast.com\/wordpress\/plugins\/seo\/ -->\n<title>Cat\u00e1logo de tuber\u00edas y accesorios PPR para PCI - Anber<\/title>\n<meta name=\"description\" content=\"En el cat\u00e1logo pod\u00e9is encontrar tuber\u00eda y accesorios PPR homologados para instalaciones de rociadores autom\u00e1ticos contra incendios y (BIES).\" \/>\n<meta name=\"robots\" content=\"index, follow, max-snippet:-1, max-image-preview:large, max-video-preview:-1\" \/>\n<link rel=\"canonical\" href=\"https:\/\/anber.es\/web\/producto\/catalogo-de-tuberias-y-accesorios-ppr-para-pci\/\" \/>\n<meta property=\"og:locale\" content=\"es_ES\" \/>\n<meta property=\"og:type\" content=\"article\" \/>\n<meta property=\"og:title\" content=\"Cat\u00e1logo de tuber\u00edas y accesorios PPR para PCI - Anber\" \/>\n<meta property=\"og:description\" content=\"En el cat\u00e1logo pod\u00e9is encontrar tuber\u00eda y accesorios PPR homologados para instalaciones de rociadores autom\u00e1ticos contra incendios y (BIES).\" \/>\n<meta property=\"og:url\" content=\"https:\/\/anber.es\/web\/producto\/catalogo-de-tuberias-y-accesorios-ppr-para-pci\/\" \/>\n<meta property=\"og:site_name\" content=\"Anber\" \/>\n<meta property=\"article:modified_time\" content=\"2023-06-26T14:21:00+00:00\" \/>\n<meta property=\"og:image\" content=\"https:\/\/anber.es\/web\/wp-content\/uploads\/2021\/06\/tuberia_y_accesorios_PPR.jpg\" \/>\n\t<meta property=\"og:image:width\" content=\"1000\" \/>\n\t<meta property=\"og:image:height\" content=\"1000\" \/>\n\t<meta property=\"og:image:type\" content=\"image\/jpeg\" \/>\n<meta name=\"twitter:card\" content=\"summary_large_image\" \/>\n<meta name=\"twitter:label1\" content=\"Tiempo de lectura\" \/>\n\t<meta name=\"twitter:data1\" content=\"1 minuto\" \/>\n<script type=\"application\/ld+json\" class=\"yoast-schema-graph\">{\"@context\":\"https:\/\/schema.org\",\"@graph\":[{\"@type\":\"WebPage\",\"@id\":\"https:\/\/anber.es\/web\/producto\/catalogo-de-tuberias-y-accesorios-ppr-para-pci\/\",\"url\":\"https:\/\/anber.es\/web\/producto\/catalogo-de-tuberias-y-accesorios-ppr-para-pci\/\",\"name\":\"Cat\u00e1logo de tuber\u00edas y accesorios PPR para PCI - Anber\",\"isPartOf\":{\"@id\":\"https:\/\/anber.es\/web\/#website\"},\"datePublished\":\"2021-06-07T08:04:24+00:00\",\"dateModified\":\"2023-06-26T14:21:00+00:00\",\"description\":\"En el cat\u00e1logo pod\u00e9is encontrar tuber\u00eda y accesorios PPR homologados para instalaciones de rociadores autom\u00e1ticos contra incendios y (BIES).\",\"breadcrumb\":{\"@id\":\"https:\/\/anber.es\/web\/producto\/catalogo-de-tuberias-y-accesorios-ppr-para-pci\/#breadcrumb\"},\"inLanguage\":\"es\",\"potentialAction\":[{\"@type\":\"ReadAction\",\"target\":[\"https:\/\/anber.es\/web\/producto\/catalogo-de-tuberias-y-accesorios-ppr-para-pci\/\"]}]},{\"@type\":\"BreadcrumbList\",\"@id\":\"https:\/\/anber.es\/web\/producto\/catalogo-de-tuberias-y-accesorios-ppr-para-pci\/#breadcrumb\",\"itemListElement\":[{\"@type\":\"ListItem\",\"position\":1,\"name\":\"Portada\",\"item\":\"https:\/\/anber.es\/web\/\"},{\"@type\":\"ListItem\",\"position\":2,\"name\":\"Productos\",\"item\":\"https:\/\/anber.es\/web\/productos\/\"},{\"@type\":\"ListItem\",\"position\":3,\"name\":\"Cat\u00e1logo de tuber\u00edas y accesorios PPR para PCI\"}]},{\"@type\":\"WebSite\",\"@id\":\"https:\/\/anber.es\/web\/#website\",\"url\":\"https:\/\/anber.es\/web\/\",\"name\":\"Anber\",\"description\":\"Sistemas de protecci\u00f3n contra incendios\",\"publisher\":{\"@id\":\"https:\/\/anber.es\/web\/#organization\"},\"potentialAction\":[{\"@type\":\"SearchAction\",\"target\":{\"@type\":\"EntryPoint\",\"urlTemplate\":\"https:\/\/anber.es\/web\/?s={search_term_string}\"},\"query-input\":\"required name=search_term_string\"}],\"inLanguage\":\"es\"},{\"@type\":\"Organization\",\"@id\":\"https:\/\/anber.es\/web\/#organization\",\"name\":\"Anber\",\"url\":\"https:\/\/anber.es\/web\/\",\"logo\":{\"@type\":\"ImageObject\",\"inLanguage\":\"es\",\"@id\":\"https:\/\/anber.es\/web\/#\/schema\/logo\/image\/\",\"url\":\"https:\/\/anber.es\/web\/wp-content\/uploads\/2021\/03\/logo-anber.png\",\"contentUrl\":\"https:\/\/anber.es\/web\/wp-content\/uploads\/2021\/03\/logo-anber.png\",\"width\":2208,\"height\":500,\"caption\":\"Anber\"},\"image\":{\"@id\":\"https:\/\/anber.es\/web\/#\/schema\/logo\/image\/\"}}]}<\/script>\n<!-- \/ Yoast SEO plugin. -->","yoast_head_json":{"title":"Cat\u00e1logo de tuber\u00edas y accesorios PPR para PCI - Anber","description":"En el cat\u00e1logo pod\u00e9is encontrar tuber\u00eda y accesorios PPR homologados para instalaciones de rociadores autom\u00e1ticos contra incendios y (BIES).","robots":{"index":"index","follow":"follow","max-snippet":"max-snippet:-1","max-image-preview":"max-image-preview:large","max-video-preview":"max-video-preview:-1"},"canonical":"https:\/\/anber.es\/web\/producto\/catalogo-de-tuberias-y-accesorios-ppr-para-pci\/","og_locale":"es_ES","og_type":"article","og_title":"Cat\u00e1logo de tuber\u00edas y accesorios PPR para PCI - Anber","og_description":"En el cat\u00e1logo pod\u00e9is encontrar tuber\u00eda y accesorios PPR homologados para instalaciones de rociadores autom\u00e1ticos contra incendios y (BIES).","og_url":"https:\/\/anber.es\/web\/producto\/catalogo-de-tuberias-y-accesorios-ppr-para-pci\/","og_site_name":"Anber","article_modified_time":"2023-06-26T14:21:00+00:00","og_image":[{"width":1000,"height":1000,"url":"https:\/\/anber.es\/web\/wp-content\/uploads\/2021\/06\/tuberia_y_accesorios_PPR.jpg","type":"image\/jpeg"}],"twitter_card":"summary_large_image","twitter_misc":{"Tiempo de lectura":"1 minuto"},"schema":{"@context":"https:\/\/schema.org","@graph":[{"@type":"WebPage","@id":"https:\/\/anber.es\/web\/producto\/catalogo-de-tuberias-y-accesorios-ppr-para-pci\/","url":"https:\/\/anber.es\/web\/producto\/catalogo-de-tuberias-y-accesorios-ppr-para-pci\/","name":"Cat\u00e1logo de tuber\u00edas y accesorios PPR para PCI - Anber","isPartOf":{"@id":"https:\/\/anber.es\/web\/#website"},"datePublished":"2021-06-07T08:04:24+00:00","dateModified":"2023-06-26T14:21:00+00:00","description":"En el cat\u00e1logo pod\u00e9is encontrar tuber\u00eda y accesorios PPR homologados para instalaciones de rociadores autom\u00e1ticos contra incendios y (BIES).","breadcrumb":{"@id":"https:\/\/anber.es\/web\/producto\/catalogo-de-tuberias-y-accesorios-ppr-para-pci\/#breadcrumb"},"inLanguage":"es","potentialAction":[{"@type":"ReadAction","target":["https:\/\/anber.es\/web\/producto\/catalogo-de-tuberias-y-accesorios-ppr-para-pci\/"]}]},{"@type":"BreadcrumbList","@id":"https:\/\/anber.es\/web\/producto\/catalogo-de-tuberias-y-accesorios-ppr-para-pci\/#breadcrumb","itemListElement":[{"@type":"ListItem","position":1,"name":"Portada","item":"https:\/\/anber.es\/web\/"},{"@type":"ListItem","position":2,"name":"Productos","item":"https:\/\/anber.es\/web\/productos\/"},{"@type":"ListItem","position":3,"name":"Cat\u00e1logo de tuber\u00edas y accesorios PPR para PCI"}]},{"@type":"WebSite","@id":"https:\/\/anber.es\/web\/#website","url":"https:\/\/anber.es\/web\/","name":"Anber","description":"Sistemas de protecci\u00f3n contra incendios","publisher":{"@id":"https:\/\/anber.es\/web\/#organization"},"potentialAction":[{"@type":"SearchAction","target":{"@type":"EntryPoint","urlTemplate":"https:\/\/anber.es\/web\/?s={search_term_string}"},"query-input":"required name=search_term_string"}],"inLanguage":"es"},{"@type":"Organization","@id":"https:\/\/anber.es\/web\/#organization","name":"Anber","url":"https:\/\/anber.es\/web\/","logo":{"@type":"ImageObject","inLanguage":"es","@id":"https:\/\/anber.es\/web\/#\/schema\/logo\/image\/","url":"https:\/\/anber.es\/web\/wp-content\/uploads\/2021\/03\/logo-anber.png","contentUrl":"https:\/\/anber.es\/web\/wp-content\/uploads\/2021\/03\/logo-anber.png","width":2208,"height":500,"caption":"Anber"},"image":{"@id":"https:\/\/anber.es\/web\/#\/schema\/logo\/image\/"}}]}},"_links":{"self":[{"href":"https:\/\/anber.es\/web\/wp-json\/wp\/v2\/product\/3580"}],"collection":[{"href":"https:\/\/anber.es\/web\/wp-json\/wp\/v2\/product"}],"about":[{"href":"https:\/\/anber.es\/web\/wp-json\/wp\/v2\/types\/product"}],"wp:featuredmedia":[{"embeddable":true,"href":"https:\/\/anber.es\/web\/wp-json\/wp\/v2\/media\/3584"}],"wp:attachment":[{"href":"https:\/\/anber.es\/web\/wp-json\/wp\/v2\/media?parent=3580"}],"wp:term":[{"taxonomy":"product_cat","embeddable":true,"href":"https:\/\/anber.es\/web\/wp-json\/wp\/v2\/product_cat?post=3580"},{"taxonomy":"product_tag","embeddable":true,"href":"https:\/\/anber.es\/web\/wp-json\/wp\/v2\/product_tag?post=3580"}],"curies":[{"name":"wp","href":"https:\/\/api.w.org\/{rel}","templated":true}]}}