{"id":4348,"date":"2021-07-26T16:30:58","date_gmt":"2021-07-26T14:30:58","guid":{"rendered":"https:\/\/anber.es\/producto\/tapon-bombero\/"},"modified":"2026-04-10T13:49:34","modified_gmt":"2026-04-10T11:49:34","slug":"tapon-bombero","status":"publish","type":"product","link":"https:\/\/anber.es\/web\/producto\/tapon-bombero\/","title":{"rendered":"Tap\u00f3n Bombero"},"content":{"rendered":"<p>El <strong>tap\u00f3n bombero <\/strong>est\u00e1 dise\u00f1ado para el cierre seguro de racores Bombero en instalaciones de conducci\u00f3n de agua, en aplicaciones contra incendio.<\/p>\n<p>Est\u00e1 fabricado en aluminio, ofrece resistencia mec\u00e1nica y protecci\u00f3n frente a la corrosi\u00f3n. Adem\u00e1s, incorpora cadena de sujeci\u00f3n que permite mantener el tap\u00f3n unido permanentemente a la instalaci\u00f3n.<\/p>\n<p>\u00b7 \u00d8 Nominal: <b>100 mm<\/b>.<br \/>\n\u00b7 Dimensiones: <b>100 x 100 x 50 mm<\/b>.<br \/>\n\u00b7 Peso: 1 kg.<\/p>\n<p>Referencia: HRRET01AQL.<\/p>\n<p><a href=\"\/web\/wp-content\/uploads\/2026\/04\/Ficha_tecnica-tapon_bombero.pdf\" target=\"_blank\" rel=\"noopener noreferrer\"><button>Descarga ficha <\/button><\/a><br \/>\n<a class=\"insta-link\" href=\"https:\/\/www.instagram.com\/aqlproteccion\/?hl=es\" target=\"_blank\" rel=\"noopener noreferrer\">Instagram<\/a><\/p>\n","protected":false},"excerpt":{"rendered":"<p>El tap\u00f3n Bombero est\u00e1 dise\u00f1ado para el cierre seguro de racores Bombero en instalaciones de conducci\u00f3n de agua, en aplicaciones contra incendio.<\/p>\n","protected":false},"featured_media":4350,"template":"","meta":[],"product_cat":[20,248,109],"product_tag":[215],"yoast_head":"<!-- This site is optimized with the Yoast SEO plugin v22.1 - https:\/\/yoast.com\/wordpress\/plugins\/seo\/ -->\n<title>Tap\u00f3n Bombero - Anber<\/title>\n<meta name=\"description\" content=\"El ap\u00f3n bombero est\u00e1 dise\u00f1ado para el cierre seguro de racores Bombero en instalaciones de conducci\u00f3n de agua, en aplicaciones contra incendio.\" \/>\n<meta name=\"robots\" content=\"index, follow, max-snippet:-1, max-image-preview:large, max-video-preview:-1\" \/>\n<link rel=\"canonical\" href=\"https:\/\/anber.es\/web\/producto\/tapon-bombero\/\" \/>\n<meta property=\"og:locale\" content=\"es_ES\" \/>\n<meta property=\"og:type\" content=\"article\" \/>\n<meta property=\"og:title\" content=\"Tap\u00f3n Bombero - Anber\" \/>\n<meta property=\"og:description\" content=\"El ap\u00f3n bombero est\u00e1 dise\u00f1ado para el cierre seguro de racores Bombero en instalaciones de conducci\u00f3n de agua, en aplicaciones contra incendio.\" \/>\n<meta property=\"og:url\" content=\"https:\/\/anber.es\/web\/producto\/tapon-bombero\/\" \/>\n<meta property=\"og:site_name\" content=\"Anber\" \/>\n<meta property=\"article:modified_time\" content=\"2026-04-10T11:49:34+00:00\" \/>\n<meta property=\"og:image\" content=\"https:\/\/anber.es\/web\/wp-content\/uploads\/2021\/07\/tapon_bombero.jpg\" \/>\n\t<meta property=\"og:image:width\" content=\"1000\" \/>\n\t<meta property=\"og:image:height\" content=\"1000\" \/>\n\t<meta property=\"og:image:type\" content=\"image\/jpeg\" \/>\n<meta name=\"twitter:card\" content=\"summary_large_image\" \/>\n<meta name=\"twitter:label1\" content=\"Tiempo de lectura\" \/>\n\t<meta name=\"twitter:data1\" content=\"1 minuto\" \/>\n<script type=\"application\/ld+json\" class=\"yoast-schema-graph\">{\"@context\":\"https:\/\/schema.org\",\"@graph\":[{\"@type\":\"WebPage\",\"@id\":\"https:\/\/anber.es\/web\/producto\/tapon-bombero\/\",\"url\":\"https:\/\/anber.es\/web\/producto\/tapon-bombero\/\",\"name\":\"Tap\u00f3n Bombero - Anber\",\"isPartOf\":{\"@id\":\"https:\/\/anber.es\/web\/#website\"},\"datePublished\":\"2021-07-26T14:30:58+00:00\",\"dateModified\":\"2026-04-10T11:49:34+00:00\",\"description\":\"El ap\u00f3n bombero est\u00e1 dise\u00f1ado para el cierre seguro de racores Bombero en instalaciones de conducci\u00f3n de agua, en aplicaciones contra incendio.\",\"breadcrumb\":{\"@id\":\"https:\/\/anber.es\/web\/producto\/tapon-bombero\/#breadcrumb\"},\"inLanguage\":\"es\",\"potentialAction\":[{\"@type\":\"ReadAction\",\"target\":[\"https:\/\/anber.es\/web\/producto\/tapon-bombero\/\"]}]},{\"@type\":\"BreadcrumbList\",\"@id\":\"https:\/\/anber.es\/web\/producto\/tapon-bombero\/#breadcrumb\",\"itemListElement\":[{\"@type\":\"ListItem\",\"position\":1,\"name\":\"Portada\",\"item\":\"https:\/\/anber.es\/web\/\"},{\"@type\":\"ListItem\",\"position\":2,\"name\":\"Productos\",\"item\":\"https:\/\/anber.es\/web\/productos\/\"},{\"@type\":\"ListItem\",\"position\":3,\"name\":\"Tap\u00f3n Bombero\"}]},{\"@type\":\"WebSite\",\"@id\":\"https:\/\/anber.es\/web\/#website\",\"url\":\"https:\/\/anber.es\/web\/\",\"name\":\"Anber\",\"description\":\"Sistemas de protecci\u00f3n contra incendios\",\"publisher\":{\"@id\":\"https:\/\/anber.es\/web\/#organization\"},\"potentialAction\":[{\"@type\":\"SearchAction\",\"target\":{\"@type\":\"EntryPoint\",\"urlTemplate\":\"https:\/\/anber.es\/web\/?s={search_term_string}\"},\"query-input\":\"required name=search_term_string\"}],\"inLanguage\":\"es\"},{\"@type\":\"Organization\",\"@id\":\"https:\/\/anber.es\/web\/#organization\",\"name\":\"Anber\",\"url\":\"https:\/\/anber.es\/web\/\",\"logo\":{\"@type\":\"ImageObject\",\"inLanguage\":\"es\",\"@id\":\"https:\/\/anber.es\/web\/#\/schema\/logo\/image\/\",\"url\":\"https:\/\/anber.es\/web\/wp-content\/uploads\/2021\/03\/logo-anber.png\",\"contentUrl\":\"https:\/\/anber.es\/web\/wp-content\/uploads\/2021\/03\/logo-anber.png\",\"width\":2208,\"height\":500,\"caption\":\"Anber\"},\"image\":{\"@id\":\"https:\/\/anber.es\/web\/#\/schema\/logo\/image\/\"}}]}<\/script>\n<!-- \/ Yoast SEO plugin. -->","yoast_head_json":{"title":"Tap\u00f3n Bombero - Anber","description":"El ap\u00f3n bombero est\u00e1 dise\u00f1ado para el cierre seguro de racores Bombero en instalaciones de conducci\u00f3n de agua, en aplicaciones contra incendio.","robots":{"index":"index","follow":"follow","max-snippet":"max-snippet:-1","max-image-preview":"max-image-preview:large","max-video-preview":"max-video-preview:-1"},"canonical":"https:\/\/anber.es\/web\/producto\/tapon-bombero\/","og_locale":"es_ES","og_type":"article","og_title":"Tap\u00f3n Bombero - Anber","og_description":"El ap\u00f3n bombero est\u00e1 dise\u00f1ado para el cierre seguro de racores Bombero en instalaciones de conducci\u00f3n de agua, en aplicaciones contra incendio.","og_url":"https:\/\/anber.es\/web\/producto\/tapon-bombero\/","og_site_name":"Anber","article_modified_time":"2026-04-10T11:49:34+00:00","og_image":[{"width":1000,"height":1000,"url":"https:\/\/anber.es\/web\/wp-content\/uploads\/2021\/07\/tapon_bombero.jpg","type":"image\/jpeg"}],"twitter_card":"summary_large_image","twitter_misc":{"Tiempo de lectura":"1 minuto"},"schema":{"@context":"https:\/\/schema.org","@graph":[{"@type":"WebPage","@id":"https:\/\/anber.es\/web\/producto\/tapon-bombero\/","url":"https:\/\/anber.es\/web\/producto\/tapon-bombero\/","name":"Tap\u00f3n Bombero - Anber","isPartOf":{"@id":"https:\/\/anber.es\/web\/#website"},"datePublished":"2021-07-26T14:30:58+00:00","dateModified":"2026-04-10T11:49:34+00:00","description":"El ap\u00f3n bombero est\u00e1 dise\u00f1ado para el cierre seguro de racores Bombero en instalaciones de conducci\u00f3n de agua, en aplicaciones contra incendio.","breadcrumb":{"@id":"https:\/\/anber.es\/web\/producto\/tapon-bombero\/#breadcrumb"},"inLanguage":"es","potentialAction":[{"@type":"ReadAction","target":["https:\/\/anber.es\/web\/producto\/tapon-bombero\/"]}]},{"@type":"BreadcrumbList","@id":"https:\/\/anber.es\/web\/producto\/tapon-bombero\/#breadcrumb","itemListElement":[{"@type":"ListItem","position":1,"name":"Portada","item":"https:\/\/anber.es\/web\/"},{"@type":"ListItem","position":2,"name":"Productos","item":"https:\/\/anber.es\/web\/productos\/"},{"@type":"ListItem","position":3,"name":"Tap\u00f3n Bombero"}]},{"@type":"WebSite","@id":"https:\/\/anber.es\/web\/#website","url":"https:\/\/anber.es\/web\/","name":"Anber","description":"Sistemas de protecci\u00f3n contra incendios","publisher":{"@id":"https:\/\/anber.es\/web\/#organization"},"potentialAction":[{"@type":"SearchAction","target":{"@type":"EntryPoint","urlTemplate":"https:\/\/anber.es\/web\/?s={search_term_string}"},"query-input":"required name=search_term_string"}],"inLanguage":"es"},{"@type":"Organization","@id":"https:\/\/anber.es\/web\/#organization","name":"Anber","url":"https:\/\/anber.es\/web\/","logo":{"@type":"ImageObject","inLanguage":"es","@id":"https:\/\/anber.es\/web\/#\/schema\/logo\/image\/","url":"https:\/\/anber.es\/web\/wp-content\/uploads\/2021\/03\/logo-anber.png","contentUrl":"https:\/\/anber.es\/web\/wp-content\/uploads\/2021\/03\/logo-anber.png","width":2208,"height":500,"caption":"Anber"},"image":{"@id":"https:\/\/anber.es\/web\/#\/schema\/logo\/image\/"}}]}},"_links":{"self":[{"href":"https:\/\/anber.es\/web\/wp-json\/wp\/v2\/product\/4348"}],"collection":[{"href":"https:\/\/anber.es\/web\/wp-json\/wp\/v2\/product"}],"about":[{"href":"https:\/\/anber.es\/web\/wp-json\/wp\/v2\/types\/product"}],"wp:featuredmedia":[{"embeddable":true,"href":"https:\/\/anber.es\/web\/wp-json\/wp\/v2\/media\/4350"}],"wp:attachment":[{"href":"https:\/\/anber.es\/web\/wp-json\/wp\/v2\/media?parent=4348"}],"wp:term":[{"taxonomy":"product_cat","embeddable":true,"href":"https:\/\/anber.es\/web\/wp-json\/wp\/v2\/product_cat?post=4348"},{"taxonomy":"product_tag","embeddable":true,"href":"https:\/\/anber.es\/web\/wp-json\/wp\/v2\/product_tag?post=4348"}],"curies":[{"name":"wp","href":"https:\/\/api.w.org\/{rel}","templated":true}]}}