{"id":4485,"date":"2021-08-06T11:40:13","date_gmt":"2021-08-06T09:40:13","guid":{"rendered":"https:\/\/anber.es\/producto\/detector-optico-de-humo-aln-ensci-copia\/"},"modified":"2023-06-26T16:32:44","modified_gmt":"2023-06-26T14:32:44","slug":"detector-optico-de-humo-aln-ensci-copia","status":"publish","type":"product","link":"https:\/\/anber.es\/web\/producto\/detector-optico-de-humo-aln-ensci-copia\/","title":{"rendered":"Detector \u00f3ptico de humo ALN-EN(SCI)"},"content":{"rendered":"<p>El<strong> Detector \u00f3ptico de humo ALN-EN (SCI) <\/strong>incorpora la c\u00e1mara de alto rendimiento m\u00e1s reciente de Hochiki, lo que elimina la necesidad de utilizar sensores de humo por ionizaci\u00f3n en la mayor\u00eda de las aplicaciones. <\/p>\n<p>Tambi\u00e9n<strong> permite aumentar el nivel de umbral del sensor<\/strong>, mejorando as\u00ed la relaci\u00f3n se\u00f1al \/ ruido y reduciendo la susceptibilidad a falsas alarmas.<\/p>\n<p>Para mantener la funcionalidad SCI, este sensor<strong> requiere la base de montaje YBV-R \/ 4<\/strong>.<\/p>\n<p>Referencia: DADOALNENSCI.<\/p>\n<p><a href=\"\/web\/wp-content\/uploads\/2021\/08\/Ficha_tecnica-detector_optico_de_humo_con_SCI.pdf\" target=\"_blank\" rel=\"noopener noreferrer\"><button>Descarga ficha<\/button><\/a><br \/>\n<a class=\"insta-link\" href=\"https:\/\/www.instagram.com\/aqlproteccion\/?hl=es\" target=\"_blank\" rel=\"noopener noreferrer\">Instagram<\/a><\/p>\n","protected":false},"excerpt":{"rendered":"<p>El Detector \u00f3ptico de humo ALN-EN (SCI) incorpora la c\u00e1mara de alto rendimiento m\u00e1s reciente de Hochiki (no necesita sensor de humo ionizado).<\/p>\n","protected":false},"featured_media":6565,"template":"","meta":[],"product_cat":[48,144,23],"product_tag":[215],"yoast_head":"<!-- This site is optimized with the Yoast SEO plugin v22.1 - https:\/\/yoast.com\/wordpress\/plugins\/seo\/ -->\n<title>Detector \u00f3ptico de humo ALN-EN(SCI) - Anber<\/title>\n<meta name=\"description\" content=\"El Detector \u00f3ptico de humo ALN-EN (SCI) incorpora la c\u00e1mara de alto rendimiento m\u00e1s reciente de Hochiki (no necesita sensor de humo ionizado).\" \/>\n<meta name=\"robots\" content=\"index, follow, max-snippet:-1, max-image-preview:large, max-video-preview:-1\" \/>\n<link rel=\"canonical\" href=\"https:\/\/anber.es\/web\/producto\/detector-optico-de-humo-aln-ensci-copia\/\" \/>\n<meta property=\"og:locale\" content=\"es_ES\" \/>\n<meta property=\"og:type\" content=\"article\" \/>\n<meta property=\"og:title\" content=\"Detector \u00f3ptico de humo ALN-EN(SCI) - Anber\" \/>\n<meta property=\"og:description\" content=\"El Detector \u00f3ptico de humo ALN-EN (SCI) incorpora la c\u00e1mara de alto rendimiento m\u00e1s reciente de Hochiki (no necesita sensor de humo ionizado).\" \/>\n<meta property=\"og:url\" content=\"https:\/\/anber.es\/web\/producto\/detector-optico-de-humo-aln-ensci-copia\/\" \/>\n<meta property=\"og:site_name\" content=\"Anber\" \/>\n<meta property=\"article:modified_time\" content=\"2023-06-26T14:32:44+00:00\" \/>\n<meta property=\"og:image\" content=\"https:\/\/anber.es\/web\/wp-content\/uploads\/2022\/01\/detector_optico_de_humo_con_SCI.png\" \/>\n\t<meta property=\"og:image:width\" content=\"1000\" \/>\n\t<meta property=\"og:image:height\" content=\"1000\" \/>\n\t<meta property=\"og:image:type\" content=\"image\/png\" \/>\n<meta name=\"twitter:card\" content=\"summary_large_image\" \/>\n<meta name=\"twitter:label1\" content=\"Tiempo de lectura\" \/>\n\t<meta name=\"twitter:data1\" content=\"1 minuto\" \/>\n<script type=\"application\/ld+json\" class=\"yoast-schema-graph\">{\"@context\":\"https:\/\/schema.org\",\"@graph\":[{\"@type\":\"WebPage\",\"@id\":\"https:\/\/anber.es\/web\/producto\/detector-optico-de-humo-aln-ensci-copia\/\",\"url\":\"https:\/\/anber.es\/web\/producto\/detector-optico-de-humo-aln-ensci-copia\/\",\"name\":\"Detector \u00f3ptico de humo ALN-EN(SCI) - Anber\",\"isPartOf\":{\"@id\":\"https:\/\/anber.es\/web\/#website\"},\"datePublished\":\"2021-08-06T09:40:13+00:00\",\"dateModified\":\"2023-06-26T14:32:44+00:00\",\"description\":\"El Detector \u00f3ptico de humo ALN-EN (SCI) incorpora la c\u00e1mara de alto rendimiento m\u00e1s reciente de Hochiki (no necesita sensor de humo ionizado).\",\"breadcrumb\":{\"@id\":\"https:\/\/anber.es\/web\/producto\/detector-optico-de-humo-aln-ensci-copia\/#breadcrumb\"},\"inLanguage\":\"es\",\"potentialAction\":[{\"@type\":\"ReadAction\",\"target\":[\"https:\/\/anber.es\/web\/producto\/detector-optico-de-humo-aln-ensci-copia\/\"]}]},{\"@type\":\"BreadcrumbList\",\"@id\":\"https:\/\/anber.es\/web\/producto\/detector-optico-de-humo-aln-ensci-copia\/#breadcrumb\",\"itemListElement\":[{\"@type\":\"ListItem\",\"position\":1,\"name\":\"Portada\",\"item\":\"https:\/\/anber.es\/web\/\"},{\"@type\":\"ListItem\",\"position\":2,\"name\":\"Productos\",\"item\":\"https:\/\/anber.es\/web\/productos\/\"},{\"@type\":\"ListItem\",\"position\":3,\"name\":\"Detector \u00f3ptico de humo ALN-EN(SCI)\"}]},{\"@type\":\"WebSite\",\"@id\":\"https:\/\/anber.es\/web\/#website\",\"url\":\"https:\/\/anber.es\/web\/\",\"name\":\"Anber\",\"description\":\"Sistemas de protecci\u00f3n contra incendios\",\"publisher\":{\"@id\":\"https:\/\/anber.es\/web\/#organization\"},\"potentialAction\":[{\"@type\":\"SearchAction\",\"target\":{\"@type\":\"EntryPoint\",\"urlTemplate\":\"https:\/\/anber.es\/web\/?s={search_term_string}\"},\"query-input\":\"required name=search_term_string\"}],\"inLanguage\":\"es\"},{\"@type\":\"Organization\",\"@id\":\"https:\/\/anber.es\/web\/#organization\",\"name\":\"Anber\",\"url\":\"https:\/\/anber.es\/web\/\",\"logo\":{\"@type\":\"ImageObject\",\"inLanguage\":\"es\",\"@id\":\"https:\/\/anber.es\/web\/#\/schema\/logo\/image\/\",\"url\":\"https:\/\/anber.es\/web\/wp-content\/uploads\/2021\/03\/logo-anber.png\",\"contentUrl\":\"https:\/\/anber.es\/web\/wp-content\/uploads\/2021\/03\/logo-anber.png\",\"width\":2208,\"height\":500,\"caption\":\"Anber\"},\"image\":{\"@id\":\"https:\/\/anber.es\/web\/#\/schema\/logo\/image\/\"}}]}<\/script>\n<!-- \/ Yoast SEO plugin. -->","yoast_head_json":{"title":"Detector \u00f3ptico de humo ALN-EN(SCI) - Anber","description":"El Detector \u00f3ptico de humo ALN-EN (SCI) incorpora la c\u00e1mara de alto rendimiento m\u00e1s reciente de Hochiki (no necesita sensor de humo ionizado).","robots":{"index":"index","follow":"follow","max-snippet":"max-snippet:-1","max-image-preview":"max-image-preview:large","max-video-preview":"max-video-preview:-1"},"canonical":"https:\/\/anber.es\/web\/producto\/detector-optico-de-humo-aln-ensci-copia\/","og_locale":"es_ES","og_type":"article","og_title":"Detector \u00f3ptico de humo ALN-EN(SCI) - Anber","og_description":"El Detector \u00f3ptico de humo ALN-EN (SCI) incorpora la c\u00e1mara de alto rendimiento m\u00e1s reciente de Hochiki (no necesita sensor de humo ionizado).","og_url":"https:\/\/anber.es\/web\/producto\/detector-optico-de-humo-aln-ensci-copia\/","og_site_name":"Anber","article_modified_time":"2023-06-26T14:32:44+00:00","og_image":[{"width":1000,"height":1000,"url":"https:\/\/anber.es\/web\/wp-content\/uploads\/2022\/01\/detector_optico_de_humo_con_SCI.png","type":"image\/png"}],"twitter_card":"summary_large_image","twitter_misc":{"Tiempo de lectura":"1 minuto"},"schema":{"@context":"https:\/\/schema.org","@graph":[{"@type":"WebPage","@id":"https:\/\/anber.es\/web\/producto\/detector-optico-de-humo-aln-ensci-copia\/","url":"https:\/\/anber.es\/web\/producto\/detector-optico-de-humo-aln-ensci-copia\/","name":"Detector \u00f3ptico de humo ALN-EN(SCI) - Anber","isPartOf":{"@id":"https:\/\/anber.es\/web\/#website"},"datePublished":"2021-08-06T09:40:13+00:00","dateModified":"2023-06-26T14:32:44+00:00","description":"El Detector \u00f3ptico de humo ALN-EN (SCI) incorpora la c\u00e1mara de alto rendimiento m\u00e1s reciente de Hochiki (no necesita sensor de humo ionizado).","breadcrumb":{"@id":"https:\/\/anber.es\/web\/producto\/detector-optico-de-humo-aln-ensci-copia\/#breadcrumb"},"inLanguage":"es","potentialAction":[{"@type":"ReadAction","target":["https:\/\/anber.es\/web\/producto\/detector-optico-de-humo-aln-ensci-copia\/"]}]},{"@type":"BreadcrumbList","@id":"https:\/\/anber.es\/web\/producto\/detector-optico-de-humo-aln-ensci-copia\/#breadcrumb","itemListElement":[{"@type":"ListItem","position":1,"name":"Portada","item":"https:\/\/anber.es\/web\/"},{"@type":"ListItem","position":2,"name":"Productos","item":"https:\/\/anber.es\/web\/productos\/"},{"@type":"ListItem","position":3,"name":"Detector \u00f3ptico de humo ALN-EN(SCI)"}]},{"@type":"WebSite","@id":"https:\/\/anber.es\/web\/#website","url":"https:\/\/anber.es\/web\/","name":"Anber","description":"Sistemas de protecci\u00f3n contra incendios","publisher":{"@id":"https:\/\/anber.es\/web\/#organization"},"potentialAction":[{"@type":"SearchAction","target":{"@type":"EntryPoint","urlTemplate":"https:\/\/anber.es\/web\/?s={search_term_string}"},"query-input":"required name=search_term_string"}],"inLanguage":"es"},{"@type":"Organization","@id":"https:\/\/anber.es\/web\/#organization","name":"Anber","url":"https:\/\/anber.es\/web\/","logo":{"@type":"ImageObject","inLanguage":"es","@id":"https:\/\/anber.es\/web\/#\/schema\/logo\/image\/","url":"https:\/\/anber.es\/web\/wp-content\/uploads\/2021\/03\/logo-anber.png","contentUrl":"https:\/\/anber.es\/web\/wp-content\/uploads\/2021\/03\/logo-anber.png","width":2208,"height":500,"caption":"Anber"},"image":{"@id":"https:\/\/anber.es\/web\/#\/schema\/logo\/image\/"}}]}},"_links":{"self":[{"href":"https:\/\/anber.es\/web\/wp-json\/wp\/v2\/product\/4485"}],"collection":[{"href":"https:\/\/anber.es\/web\/wp-json\/wp\/v2\/product"}],"about":[{"href":"https:\/\/anber.es\/web\/wp-json\/wp\/v2\/types\/product"}],"wp:featuredmedia":[{"embeddable":true,"href":"https:\/\/anber.es\/web\/wp-json\/wp\/v2\/media\/6565"}],"wp:attachment":[{"href":"https:\/\/anber.es\/web\/wp-json\/wp\/v2\/media?parent=4485"}],"wp:term":[{"taxonomy":"product_cat","embeddable":true,"href":"https:\/\/anber.es\/web\/wp-json\/wp\/v2\/product_cat?post=4485"},{"taxonomy":"product_tag","embeddable":true,"href":"https:\/\/anber.es\/web\/wp-json\/wp\/v2\/product_tag?post=4485"}],"curies":[{"name":"wp","href":"https:\/\/api.w.org\/{rel}","templated":true}]}}