{"id":4649,"date":"2021-08-16T09:29:29","date_gmt":"2021-08-16T07:29:29","guid":{"rendered":"https:\/\/anber.es\/producto\/4313\/"},"modified":"2023-08-23T09:10:56","modified_gmt":"2023-08-23T07:10:56","slug":"base-con-sirena-direccionable-modelo-ybo-bs","status":"publish","type":"product","link":"https:\/\/anber.es\/web\/producto\/base-con-sirena-direccionable-modelo-ybo-bs\/","title":{"rendered":"Base con sirena direccionable modelo YBO-BS"},"content":{"rendered":"<p>La<strong> base con sirena direccionable modelo YBO-BS <\/strong>es una sirena direccionable alimentada por bucle dise\u00f1ada para ofrecer una gama de tonos y vol\u00famenes con una salida m\u00e1xima de hasta 98 \u200b\u200bdB (A) con bajo consumo de corriente.<\/p>\n<p>Esta base tiene dos modelos, la base con sirena o la base con sirena y flash.<\/p>\n<p>La base con sirena direccionable modelo YBO-BS tiene una <b>clasificaci\u00f3n de protecci\u00f3n de ingreso IP21 y solo para uso interno<\/b>.<\/p>\n<p>Una funci\u00f3n de apagado autom\u00e1tico permite al usuario establecer un tiempo fijo dentro del cual la sirena funcionar\u00e1, antes de silenciarse autom\u00e1ticamente, reduciendo la contaminaci\u00f3n ac\u00fastica. Esta funci\u00f3n depende de la compatibilidad del panel de control.<\/p>\n<p>Referencia base con sirena: DASYBOBS.<\/p>\n<p><a href=\"\/web\/wp-content\/uploads\/2021\/11\/Ficha_tecnica-base_con_sirena_direccionables_con_hasta_98dB.pdf\" target=\"_blank\" rel=\"noopener noreferrer\"><button>Descarga ficha<\/button><\/a><br \/>\n<a class=\"insta-link\" href=\"https:\/\/www.instagram.com\/aqlproteccion\/?hl=es\" target=\"_blank\" rel=\"noopener noreferrer\">Instagram<\/a><\/p>\n","protected":false},"excerpt":{"rendered":"<p>La base con sirena direccionable modelo YBO-BS es una sirena direccionable alimentada por bucle que ofrece tonos y vol\u00famenes. Puede ser con flash.<\/p>\n","protected":false},"featured_media":8875,"template":"","meta":[],"product_cat":[48,146,23],"product_tag":[],"yoast_head":"<!-- This site is optimized with the Yoast SEO plugin v22.1 - https:\/\/yoast.com\/wordpress\/plugins\/seo\/ -->\n<title>Base con sirena direccionable modelo YBO-BS - Anber<\/title>\n<meta name=\"description\" content=\"La base con sirena direccionable modelo YBO-BS es una sirena direccionable alimentada por bucle que ofrece tonos y vol\u00famenes. Puede ser con flash.\" \/>\n<meta name=\"robots\" content=\"index, follow, max-snippet:-1, max-image-preview:large, max-video-preview:-1\" \/>\n<link rel=\"canonical\" href=\"https:\/\/anber.es\/web\/producto\/base-con-sirena-direccionable-modelo-ybo-bs\/\" \/>\n<meta property=\"og:locale\" content=\"es_ES\" \/>\n<meta property=\"og:type\" content=\"article\" \/>\n<meta property=\"og:title\" content=\"Base con sirena direccionable modelo YBO-BS - Anber\" \/>\n<meta property=\"og:description\" content=\"La base con sirena direccionable modelo YBO-BS es una sirena direccionable alimentada por bucle que ofrece tonos y vol\u00famenes. Puede ser con flash.\" \/>\n<meta property=\"og:url\" content=\"https:\/\/anber.es\/web\/producto\/base-con-sirena-direccionable-modelo-ybo-bs\/\" \/>\n<meta property=\"og:site_name\" content=\"Anber\" \/>\n<meta property=\"article:modified_time\" content=\"2023-08-23T07:10:56+00:00\" \/>\n<meta property=\"og:image\" content=\"https:\/\/anber.es\/web\/wp-content\/uploads\/2023\/08\/base_con_sirena_direccionables_con_hasta_98dB.webp\" \/>\n\t<meta property=\"og:image:width\" content=\"1000\" \/>\n\t<meta property=\"og:image:height\" content=\"1000\" \/>\n\t<meta property=\"og:image:type\" content=\"image\/webp\" \/>\n<meta name=\"twitter:card\" content=\"summary_large_image\" \/>\n<meta name=\"twitter:label1\" content=\"Tiempo de lectura\" \/>\n\t<meta name=\"twitter:data1\" content=\"1 minuto\" \/>\n<script type=\"application\/ld+json\" class=\"yoast-schema-graph\">{\"@context\":\"https:\/\/schema.org\",\"@graph\":[{\"@type\":\"WebPage\",\"@id\":\"https:\/\/anber.es\/web\/producto\/base-con-sirena-direccionable-modelo-ybo-bs\/\",\"url\":\"https:\/\/anber.es\/web\/producto\/base-con-sirena-direccionable-modelo-ybo-bs\/\",\"name\":\"Base con sirena direccionable modelo YBO-BS - Anber\",\"isPartOf\":{\"@id\":\"https:\/\/anber.es\/web\/#website\"},\"datePublished\":\"2021-08-16T07:29:29+00:00\",\"dateModified\":\"2023-08-23T07:10:56+00:00\",\"description\":\"La base con sirena direccionable modelo YBO-BS es una sirena direccionable alimentada por bucle que ofrece tonos y vol\u00famenes. Puede ser con flash.\",\"breadcrumb\":{\"@id\":\"https:\/\/anber.es\/web\/producto\/base-con-sirena-direccionable-modelo-ybo-bs\/#breadcrumb\"},\"inLanguage\":\"es\",\"potentialAction\":[{\"@type\":\"ReadAction\",\"target\":[\"https:\/\/anber.es\/web\/producto\/base-con-sirena-direccionable-modelo-ybo-bs\/\"]}]},{\"@type\":\"BreadcrumbList\",\"@id\":\"https:\/\/anber.es\/web\/producto\/base-con-sirena-direccionable-modelo-ybo-bs\/#breadcrumb\",\"itemListElement\":[{\"@type\":\"ListItem\",\"position\":1,\"name\":\"Portada\",\"item\":\"https:\/\/anber.es\/web\/\"},{\"@type\":\"ListItem\",\"position\":2,\"name\":\"Productos\",\"item\":\"https:\/\/anber.es\/web\/productos\/\"},{\"@type\":\"ListItem\",\"position\":3,\"name\":\"Base con sirena direccionable modelo YBO-BS\"}]},{\"@type\":\"WebSite\",\"@id\":\"https:\/\/anber.es\/web\/#website\",\"url\":\"https:\/\/anber.es\/web\/\",\"name\":\"Anber\",\"description\":\"Sistemas de protecci\u00f3n contra incendios\",\"publisher\":{\"@id\":\"https:\/\/anber.es\/web\/#organization\"},\"potentialAction\":[{\"@type\":\"SearchAction\",\"target\":{\"@type\":\"EntryPoint\",\"urlTemplate\":\"https:\/\/anber.es\/web\/?s={search_term_string}\"},\"query-input\":\"required name=search_term_string\"}],\"inLanguage\":\"es\"},{\"@type\":\"Organization\",\"@id\":\"https:\/\/anber.es\/web\/#organization\",\"name\":\"Anber\",\"url\":\"https:\/\/anber.es\/web\/\",\"logo\":{\"@type\":\"ImageObject\",\"inLanguage\":\"es\",\"@id\":\"https:\/\/anber.es\/web\/#\/schema\/logo\/image\/\",\"url\":\"https:\/\/anber.es\/web\/wp-content\/uploads\/2021\/03\/logo-anber.png\",\"contentUrl\":\"https:\/\/anber.es\/web\/wp-content\/uploads\/2021\/03\/logo-anber.png\",\"width\":2208,\"height\":500,\"caption\":\"Anber\"},\"image\":{\"@id\":\"https:\/\/anber.es\/web\/#\/schema\/logo\/image\/\"}}]}<\/script>\n<!-- \/ Yoast SEO plugin. -->","yoast_head_json":{"title":"Base con sirena direccionable modelo YBO-BS - Anber","description":"La base con sirena direccionable modelo YBO-BS es una sirena direccionable alimentada por bucle que ofrece tonos y vol\u00famenes. Puede ser con flash.","robots":{"index":"index","follow":"follow","max-snippet":"max-snippet:-1","max-image-preview":"max-image-preview:large","max-video-preview":"max-video-preview:-1"},"canonical":"https:\/\/anber.es\/web\/producto\/base-con-sirena-direccionable-modelo-ybo-bs\/","og_locale":"es_ES","og_type":"article","og_title":"Base con sirena direccionable modelo YBO-BS - Anber","og_description":"La base con sirena direccionable modelo YBO-BS es una sirena direccionable alimentada por bucle que ofrece tonos y vol\u00famenes. Puede ser con flash.","og_url":"https:\/\/anber.es\/web\/producto\/base-con-sirena-direccionable-modelo-ybo-bs\/","og_site_name":"Anber","article_modified_time":"2023-08-23T07:10:56+00:00","og_image":[{"width":1000,"height":1000,"url":"https:\/\/anber.es\/web\/wp-content\/uploads\/2023\/08\/base_con_sirena_direccionables_con_hasta_98dB.webp","type":"image\/webp"}],"twitter_card":"summary_large_image","twitter_misc":{"Tiempo de lectura":"1 minuto"},"schema":{"@context":"https:\/\/schema.org","@graph":[{"@type":"WebPage","@id":"https:\/\/anber.es\/web\/producto\/base-con-sirena-direccionable-modelo-ybo-bs\/","url":"https:\/\/anber.es\/web\/producto\/base-con-sirena-direccionable-modelo-ybo-bs\/","name":"Base con sirena direccionable modelo YBO-BS - Anber","isPartOf":{"@id":"https:\/\/anber.es\/web\/#website"},"datePublished":"2021-08-16T07:29:29+00:00","dateModified":"2023-08-23T07:10:56+00:00","description":"La base con sirena direccionable modelo YBO-BS es una sirena direccionable alimentada por bucle que ofrece tonos y vol\u00famenes. Puede ser con flash.","breadcrumb":{"@id":"https:\/\/anber.es\/web\/producto\/base-con-sirena-direccionable-modelo-ybo-bs\/#breadcrumb"},"inLanguage":"es","potentialAction":[{"@type":"ReadAction","target":["https:\/\/anber.es\/web\/producto\/base-con-sirena-direccionable-modelo-ybo-bs\/"]}]},{"@type":"BreadcrumbList","@id":"https:\/\/anber.es\/web\/producto\/base-con-sirena-direccionable-modelo-ybo-bs\/#breadcrumb","itemListElement":[{"@type":"ListItem","position":1,"name":"Portada","item":"https:\/\/anber.es\/web\/"},{"@type":"ListItem","position":2,"name":"Productos","item":"https:\/\/anber.es\/web\/productos\/"},{"@type":"ListItem","position":3,"name":"Base con sirena direccionable modelo YBO-BS"}]},{"@type":"WebSite","@id":"https:\/\/anber.es\/web\/#website","url":"https:\/\/anber.es\/web\/","name":"Anber","description":"Sistemas de protecci\u00f3n contra incendios","publisher":{"@id":"https:\/\/anber.es\/web\/#organization"},"potentialAction":[{"@type":"SearchAction","target":{"@type":"EntryPoint","urlTemplate":"https:\/\/anber.es\/web\/?s={search_term_string}"},"query-input":"required name=search_term_string"}],"inLanguage":"es"},{"@type":"Organization","@id":"https:\/\/anber.es\/web\/#organization","name":"Anber","url":"https:\/\/anber.es\/web\/","logo":{"@type":"ImageObject","inLanguage":"es","@id":"https:\/\/anber.es\/web\/#\/schema\/logo\/image\/","url":"https:\/\/anber.es\/web\/wp-content\/uploads\/2021\/03\/logo-anber.png","contentUrl":"https:\/\/anber.es\/web\/wp-content\/uploads\/2021\/03\/logo-anber.png","width":2208,"height":500,"caption":"Anber"},"image":{"@id":"https:\/\/anber.es\/web\/#\/schema\/logo\/image\/"}}]}},"_links":{"self":[{"href":"https:\/\/anber.es\/web\/wp-json\/wp\/v2\/product\/4649"}],"collection":[{"href":"https:\/\/anber.es\/web\/wp-json\/wp\/v2\/product"}],"about":[{"href":"https:\/\/anber.es\/web\/wp-json\/wp\/v2\/types\/product"}],"wp:featuredmedia":[{"embeddable":true,"href":"https:\/\/anber.es\/web\/wp-json\/wp\/v2\/media\/8875"}],"wp:attachment":[{"href":"https:\/\/anber.es\/web\/wp-json\/wp\/v2\/media?parent=4649"}],"wp:term":[{"taxonomy":"product_cat","embeddable":true,"href":"https:\/\/anber.es\/web\/wp-json\/wp\/v2\/product_cat?post=4649"},{"taxonomy":"product_tag","embeddable":true,"href":"https:\/\/anber.es\/web\/wp-json\/wp\/v2\/product_tag?post=4649"}],"curies":[{"name":"wp","href":"https:\/\/api.w.org\/{rel}","templated":true}]}}