{"id":5168,"date":"2021-09-06T11:21:52","date_gmt":"2021-09-06T09:21:52","guid":{"rendered":"https:\/\/anber.es\/producto\/carcasa-para-detectores-en-conductos-de-ventilacion\/"},"modified":"2021-09-06T11:38:46","modified_gmt":"2021-09-06T09:38:46","slug":"carcasa-para-detectores-en-conductos-de-ventilacion","status":"publish","type":"product","link":"https:\/\/anber.es\/web\/producto\/carcasa-para-detectores-en-conductos-de-ventilacion\/","title":{"rendered":"Carcasa para detectores en conductos de ventilaci\u00f3n"},"content":{"rendered":"<p>El SDP-3 es una <strong>carcasa para detectores en conductos de ventilaci\u00f3n <\/strong>que permite montar una gama de dispositivos fotoel\u00e9ctricos de detecci\u00f3n de humo, ya sean convencionales o anal\u00f3gicos, en el exterior de un conducto de aire con el fin de monitorear el aire dentro del conducto.<\/p>\n<p>La carcasa para detectores en conductos de ventilaci\u00f3n usa una t\u00e9cnica de aspiraci\u00f3n. El aire de dentro del conducto se extrae a trav\u00e9s de un tubo hacia la carcasa. Esto permite un muestreo constante con un detector de humo est\u00e1ndar aprobado por LPCB, que hace que la detecci\u00f3n de humo dentro del conducto sea simple, efectiva y f\u00e1cil de mantener.<\/p>\n<p><strong>Dispositivos Hochiki compatibles con el SDP-3<\/strong>:<br \/>\nSensores de humo anal\u00f3gicos direccionables: ACA-E, ACC-E, ALG-E, ALN-E, ATJ-E (todas las variantes).<br \/>\nBases direccionables anal\u00f3gicas: YBN-R \/ 3, YBN-R \/ 3 (SCI) (todas las variantes).<br \/>\nDetectores de humo convencionales: SLR-E3, SLR-E3N (todas las variantes).<br \/>\nBases convencionales: YBN-R \/ 6, YBN-R \/ 6SK, YBO-R \/ 6R, YBO-R \/ 6RN y YBO-R \/ 6RS (todas las variantes).<\/p>\n<p>Se suministra con tuber\u00eda de muestreo est\u00e1ndar de 600 mm, otras longitudes bajo pedido.<\/p>\n<p>Referencia: DVHSDP2.<\/p>\n<p><a href=\"\/web\/wp-content\/uploads\/2021\/09\/Ficha_tecnica-detector_para_conductos_de_ventilacion.pdf\" target=\"_blank\" rel=\"noopener noreferrer\"><button>Descarga ficha<\/button><\/a><br \/>\n<a class=\"insta-link\" href=\"https:\/\/www.instagram.com\/aqlproteccion\/?hl=es\" target=\"_blank\" rel=\"noopener noreferrer\">Instagram<\/a><\/p>\n","protected":false},"excerpt":{"rendered":"<p>La carcasa para detectores en conductos de ventilaci\u00f3n permite montar una gama de dispositivos fotoel\u00e9ctricos de detecci\u00f3n de humo.<\/p>\n","protected":false},"featured_media":5167,"template":"","meta":[],"product_cat":[49,149,23],"product_tag":[215],"yoast_head":"<!-- This site is optimized with the Yoast SEO plugin v22.1 - https:\/\/yoast.com\/wordpress\/plugins\/seo\/ -->\n<title>Carcasa para detectores en conductos de ventilaci\u00f3n - Anber<\/title>\n<meta name=\"description\" content=\"La carcasa para detectores en conductos de ventilaci\u00f3n permite montar una gama de dispositivos fotoel\u00e9ctricos de detecci\u00f3n de humo.\" \/>\n<meta name=\"robots\" content=\"index, follow, max-snippet:-1, max-image-preview:large, max-video-preview:-1\" \/>\n<link rel=\"canonical\" href=\"https:\/\/anber.es\/web\/producto\/carcasa-para-detectores-en-conductos-de-ventilacion\/\" \/>\n<meta property=\"og:locale\" content=\"es_ES\" \/>\n<meta property=\"og:type\" content=\"article\" \/>\n<meta property=\"og:title\" content=\"Carcasa para detectores en conductos de ventilaci\u00f3n - Anber\" \/>\n<meta property=\"og:description\" content=\"La carcasa para detectores en conductos de ventilaci\u00f3n permite montar una gama de dispositivos fotoel\u00e9ctricos de detecci\u00f3n de humo.\" \/>\n<meta property=\"og:url\" content=\"https:\/\/anber.es\/web\/producto\/carcasa-para-detectores-en-conductos-de-ventilacion\/\" \/>\n<meta property=\"og:site_name\" content=\"Anber\" \/>\n<meta property=\"article:modified_time\" content=\"2021-09-06T09:38:46+00:00\" \/>\n<meta property=\"og:image\" content=\"https:\/\/anber.es\/web\/wp-content\/uploads\/2021\/09\/detector_para_conductos_de_ventilacion.jpg\" \/>\n\t<meta property=\"og:image:width\" content=\"1000\" \/>\n\t<meta property=\"og:image:height\" content=\"1000\" \/>\n\t<meta property=\"og:image:type\" content=\"image\/jpeg\" \/>\n<meta name=\"twitter:card\" content=\"summary_large_image\" \/>\n<meta name=\"twitter:label1\" content=\"Tiempo de lectura\" \/>\n\t<meta name=\"twitter:data1\" content=\"1 minuto\" \/>\n<script type=\"application\/ld+json\" class=\"yoast-schema-graph\">{\"@context\":\"https:\/\/schema.org\",\"@graph\":[{\"@type\":\"WebPage\",\"@id\":\"https:\/\/anber.es\/web\/producto\/carcasa-para-detectores-en-conductos-de-ventilacion\/\",\"url\":\"https:\/\/anber.es\/web\/producto\/carcasa-para-detectores-en-conductos-de-ventilacion\/\",\"name\":\"Carcasa para detectores en conductos de ventilaci\u00f3n - Anber\",\"isPartOf\":{\"@id\":\"https:\/\/anber.es\/web\/#website\"},\"datePublished\":\"2021-09-06T09:21:52+00:00\",\"dateModified\":\"2021-09-06T09:38:46+00:00\",\"description\":\"La carcasa para detectores en conductos de ventilaci\u00f3n permite montar una gama de dispositivos fotoel\u00e9ctricos de detecci\u00f3n de humo.\",\"breadcrumb\":{\"@id\":\"https:\/\/anber.es\/web\/producto\/carcasa-para-detectores-en-conductos-de-ventilacion\/#breadcrumb\"},\"inLanguage\":\"es\",\"potentialAction\":[{\"@type\":\"ReadAction\",\"target\":[\"https:\/\/anber.es\/web\/producto\/carcasa-para-detectores-en-conductos-de-ventilacion\/\"]}]},{\"@type\":\"BreadcrumbList\",\"@id\":\"https:\/\/anber.es\/web\/producto\/carcasa-para-detectores-en-conductos-de-ventilacion\/#breadcrumb\",\"itemListElement\":[{\"@type\":\"ListItem\",\"position\":1,\"name\":\"Portada\",\"item\":\"https:\/\/anber.es\/web\/\"},{\"@type\":\"ListItem\",\"position\":2,\"name\":\"Productos\",\"item\":\"https:\/\/anber.es\/web\/productos\/\"},{\"@type\":\"ListItem\",\"position\":3,\"name\":\"Carcasa para detectores en conductos de ventilaci\u00f3n\"}]},{\"@type\":\"WebSite\",\"@id\":\"https:\/\/anber.es\/web\/#website\",\"url\":\"https:\/\/anber.es\/web\/\",\"name\":\"Anber\",\"description\":\"Sistemas de protecci\u00f3n contra incendios\",\"publisher\":{\"@id\":\"https:\/\/anber.es\/web\/#organization\"},\"potentialAction\":[{\"@type\":\"SearchAction\",\"target\":{\"@type\":\"EntryPoint\",\"urlTemplate\":\"https:\/\/anber.es\/web\/?s={search_term_string}\"},\"query-input\":\"required name=search_term_string\"}],\"inLanguage\":\"es\"},{\"@type\":\"Organization\",\"@id\":\"https:\/\/anber.es\/web\/#organization\",\"name\":\"Anber\",\"url\":\"https:\/\/anber.es\/web\/\",\"logo\":{\"@type\":\"ImageObject\",\"inLanguage\":\"es\",\"@id\":\"https:\/\/anber.es\/web\/#\/schema\/logo\/image\/\",\"url\":\"https:\/\/anber.es\/web\/wp-content\/uploads\/2021\/03\/logo-anber.png\",\"contentUrl\":\"https:\/\/anber.es\/web\/wp-content\/uploads\/2021\/03\/logo-anber.png\",\"width\":2208,\"height\":500,\"caption\":\"Anber\"},\"image\":{\"@id\":\"https:\/\/anber.es\/web\/#\/schema\/logo\/image\/\"}}]}<\/script>\n<!-- \/ Yoast SEO plugin. -->","yoast_head_json":{"title":"Carcasa para detectores en conductos de ventilaci\u00f3n - Anber","description":"La carcasa para detectores en conductos de ventilaci\u00f3n permite montar una gama de dispositivos fotoel\u00e9ctricos de detecci\u00f3n de humo.","robots":{"index":"index","follow":"follow","max-snippet":"max-snippet:-1","max-image-preview":"max-image-preview:large","max-video-preview":"max-video-preview:-1"},"canonical":"https:\/\/anber.es\/web\/producto\/carcasa-para-detectores-en-conductos-de-ventilacion\/","og_locale":"es_ES","og_type":"article","og_title":"Carcasa para detectores en conductos de ventilaci\u00f3n - Anber","og_description":"La carcasa para detectores en conductos de ventilaci\u00f3n permite montar una gama de dispositivos fotoel\u00e9ctricos de detecci\u00f3n de humo.","og_url":"https:\/\/anber.es\/web\/producto\/carcasa-para-detectores-en-conductos-de-ventilacion\/","og_site_name":"Anber","article_modified_time":"2021-09-06T09:38:46+00:00","og_image":[{"width":1000,"height":1000,"url":"https:\/\/anber.es\/web\/wp-content\/uploads\/2021\/09\/detector_para_conductos_de_ventilacion.jpg","type":"image\/jpeg"}],"twitter_card":"summary_large_image","twitter_misc":{"Tiempo de lectura":"1 minuto"},"schema":{"@context":"https:\/\/schema.org","@graph":[{"@type":"WebPage","@id":"https:\/\/anber.es\/web\/producto\/carcasa-para-detectores-en-conductos-de-ventilacion\/","url":"https:\/\/anber.es\/web\/producto\/carcasa-para-detectores-en-conductos-de-ventilacion\/","name":"Carcasa para detectores en conductos de ventilaci\u00f3n - Anber","isPartOf":{"@id":"https:\/\/anber.es\/web\/#website"},"datePublished":"2021-09-06T09:21:52+00:00","dateModified":"2021-09-06T09:38:46+00:00","description":"La carcasa para detectores en conductos de ventilaci\u00f3n permite montar una gama de dispositivos fotoel\u00e9ctricos de detecci\u00f3n de humo.","breadcrumb":{"@id":"https:\/\/anber.es\/web\/producto\/carcasa-para-detectores-en-conductos-de-ventilacion\/#breadcrumb"},"inLanguage":"es","potentialAction":[{"@type":"ReadAction","target":["https:\/\/anber.es\/web\/producto\/carcasa-para-detectores-en-conductos-de-ventilacion\/"]}]},{"@type":"BreadcrumbList","@id":"https:\/\/anber.es\/web\/producto\/carcasa-para-detectores-en-conductos-de-ventilacion\/#breadcrumb","itemListElement":[{"@type":"ListItem","position":1,"name":"Portada","item":"https:\/\/anber.es\/web\/"},{"@type":"ListItem","position":2,"name":"Productos","item":"https:\/\/anber.es\/web\/productos\/"},{"@type":"ListItem","position":3,"name":"Carcasa para detectores en conductos de ventilaci\u00f3n"}]},{"@type":"WebSite","@id":"https:\/\/anber.es\/web\/#website","url":"https:\/\/anber.es\/web\/","name":"Anber","description":"Sistemas de protecci\u00f3n contra incendios","publisher":{"@id":"https:\/\/anber.es\/web\/#organization"},"potentialAction":[{"@type":"SearchAction","target":{"@type":"EntryPoint","urlTemplate":"https:\/\/anber.es\/web\/?s={search_term_string}"},"query-input":"required name=search_term_string"}],"inLanguage":"es"},{"@type":"Organization","@id":"https:\/\/anber.es\/web\/#organization","name":"Anber","url":"https:\/\/anber.es\/web\/","logo":{"@type":"ImageObject","inLanguage":"es","@id":"https:\/\/anber.es\/web\/#\/schema\/logo\/image\/","url":"https:\/\/anber.es\/web\/wp-content\/uploads\/2021\/03\/logo-anber.png","contentUrl":"https:\/\/anber.es\/web\/wp-content\/uploads\/2021\/03\/logo-anber.png","width":2208,"height":500,"caption":"Anber"},"image":{"@id":"https:\/\/anber.es\/web\/#\/schema\/logo\/image\/"}}]}},"_links":{"self":[{"href":"https:\/\/anber.es\/web\/wp-json\/wp\/v2\/product\/5168"}],"collection":[{"href":"https:\/\/anber.es\/web\/wp-json\/wp\/v2\/product"}],"about":[{"href":"https:\/\/anber.es\/web\/wp-json\/wp\/v2\/types\/product"}],"wp:featuredmedia":[{"embeddable":true,"href":"https:\/\/anber.es\/web\/wp-json\/wp\/v2\/media\/5167"}],"wp:attachment":[{"href":"https:\/\/anber.es\/web\/wp-json\/wp\/v2\/media?parent=5168"}],"wp:term":[{"taxonomy":"product_cat","embeddable":true,"href":"https:\/\/anber.es\/web\/wp-json\/wp\/v2\/product_cat?post=5168"},{"taxonomy":"product_tag","embeddable":true,"href":"https:\/\/anber.es\/web\/wp-json\/wp\/v2\/product_tag?post=5168"}],"curies":[{"name":"wp","href":"https:\/\/api.w.org\/{rel}","templated":true}]}}