{"id":5206,"date":"2021-09-09T09:19:36","date_gmt":"2021-09-09T07:19:36","guid":{"rendered":"https:\/\/anber.es\/producto\/pulsador-manual-de-paro-de-extincion\/"},"modified":"2023-08-23T09:17:16","modified_gmt":"2023-08-23T07:17:16","slug":"pulsador-manual-de-paro-de-extincion","status":"publish","type":"product","link":"https:\/\/anber.es\/web\/producto\/pulsador-manual-de-paro-de-extincion\/","title":{"rendered":"Pulsador manual de paro de extinci\u00f3n"},"content":{"rendered":"<p>El<strong> pulsador manual de paro de extinci\u00f3n <\/strong>es un punto de desactivaci\u00f3n manual de una extinci\u00f3n.<\/p>\n<p>Para accionar el pulsador, romper el precinto presionando hacia fuera la tapa de protecci\u00f3n y a continuaci\u00f3n pulsar, \u00e9ste queda activado hasta que se realiza un rearme manual mediante la llave. Para rearmar el pulsador hay que girar la llave 1\/4 de vuelta a la izquierda y quedar\u00e1 listo para un nuevo uso, colocando de nuevo el precinto.<\/p>\n<p>Dimensiones m\u00e1xima:  89 x 89 x 52mm.<br \/>\nDimensiones m\u00ednima:  89 x 89 x 36mm.<br \/>\nDistancia m\u00e1xima entre pulsadores:  50mm.<\/p>\n<p>Referencia: DPPD.<\/p>\n<p><a href=\"\/web\/wp-content\/uploads\/2022\/12\/Ficha_tecnica-pulsador_manual_de_paro_de_extincion.pdf\" target=\"_blank\" rel=\"noopener noreferrer\"><button>Descarga ficha<\/button><\/a><br \/>\n<a class=\"insta-link\" href=\"https:\/\/www.instagram.com\/aqlproteccion\/?hl=es\" target=\"_blank\" rel=\"noopener noreferrer\">Instagram<\/a><\/p>\n","protected":false},"excerpt":{"rendered":"<p>El pulsador manual de paro es un punto de desactivaci\u00f3n manual de una extinci\u00f3n. Se activa levantando la tapa y presionando.<\/p>\n","protected":false},"featured_media":8881,"template":"","meta":[],"product_cat":[49,150,23],"product_tag":[],"yoast_head":"<!-- This site is optimized with the Yoast SEO plugin v22.1 - https:\/\/yoast.com\/wordpress\/plugins\/seo\/ -->\n<title>Pulsador manual de paro de extinci\u00f3n - Anber<\/title>\n<meta name=\"description\" content=\"El pulsador manual de paro es un punto de desactivaci\u00f3n manual de una extinci\u00f3n. Se activa levantando la tapa y presionando.\" \/>\n<meta name=\"robots\" content=\"index, follow, max-snippet:-1, max-image-preview:large, max-video-preview:-1\" \/>\n<link rel=\"canonical\" href=\"https:\/\/anber.es\/web\/producto\/pulsador-manual-de-paro-de-extincion\/\" \/>\n<meta property=\"og:locale\" content=\"es_ES\" \/>\n<meta property=\"og:type\" content=\"article\" \/>\n<meta property=\"og:title\" content=\"Pulsador manual de paro de extinci\u00f3n - Anber\" \/>\n<meta property=\"og:description\" content=\"El pulsador manual de paro es un punto de desactivaci\u00f3n manual de una extinci\u00f3n. Se activa levantando la tapa y presionando.\" \/>\n<meta property=\"og:url\" content=\"https:\/\/anber.es\/web\/producto\/pulsador-manual-de-paro-de-extincion\/\" \/>\n<meta property=\"og:site_name\" content=\"Anber\" \/>\n<meta property=\"article:modified_time\" content=\"2023-08-23T07:17:16+00:00\" \/>\n<meta property=\"og:image\" content=\"https:\/\/anber.es\/web\/wp-content\/uploads\/2023\/08\/pulsador_manual_de_paro_de_extincion.webp\" \/>\n\t<meta property=\"og:image:width\" content=\"1000\" \/>\n\t<meta property=\"og:image:height\" content=\"1000\" \/>\n\t<meta property=\"og:image:type\" content=\"image\/webp\" \/>\n<meta name=\"twitter:card\" content=\"summary_large_image\" \/>\n<meta name=\"twitter:label1\" content=\"Tiempo de lectura\" \/>\n\t<meta name=\"twitter:data1\" content=\"1 minuto\" \/>\n<script type=\"application\/ld+json\" class=\"yoast-schema-graph\">{\"@context\":\"https:\/\/schema.org\",\"@graph\":[{\"@type\":\"WebPage\",\"@id\":\"https:\/\/anber.es\/web\/producto\/pulsador-manual-de-paro-de-extincion\/\",\"url\":\"https:\/\/anber.es\/web\/producto\/pulsador-manual-de-paro-de-extincion\/\",\"name\":\"Pulsador manual de paro de extinci\u00f3n - Anber\",\"isPartOf\":{\"@id\":\"https:\/\/anber.es\/web\/#website\"},\"datePublished\":\"2021-09-09T07:19:36+00:00\",\"dateModified\":\"2023-08-23T07:17:16+00:00\",\"description\":\"El pulsador manual de paro es un punto de desactivaci\u00f3n manual de una extinci\u00f3n. Se activa levantando la tapa y presionando.\",\"breadcrumb\":{\"@id\":\"https:\/\/anber.es\/web\/producto\/pulsador-manual-de-paro-de-extincion\/#breadcrumb\"},\"inLanguage\":\"es\",\"potentialAction\":[{\"@type\":\"ReadAction\",\"target\":[\"https:\/\/anber.es\/web\/producto\/pulsador-manual-de-paro-de-extincion\/\"]}]},{\"@type\":\"BreadcrumbList\",\"@id\":\"https:\/\/anber.es\/web\/producto\/pulsador-manual-de-paro-de-extincion\/#breadcrumb\",\"itemListElement\":[{\"@type\":\"ListItem\",\"position\":1,\"name\":\"Portada\",\"item\":\"https:\/\/anber.es\/web\/\"},{\"@type\":\"ListItem\",\"position\":2,\"name\":\"Productos\",\"item\":\"https:\/\/anber.es\/web\/productos\/\"},{\"@type\":\"ListItem\",\"position\":3,\"name\":\"Pulsador manual de paro de extinci\u00f3n\"}]},{\"@type\":\"WebSite\",\"@id\":\"https:\/\/anber.es\/web\/#website\",\"url\":\"https:\/\/anber.es\/web\/\",\"name\":\"Anber\",\"description\":\"Sistemas de protecci\u00f3n contra incendios\",\"publisher\":{\"@id\":\"https:\/\/anber.es\/web\/#organization\"},\"potentialAction\":[{\"@type\":\"SearchAction\",\"target\":{\"@type\":\"EntryPoint\",\"urlTemplate\":\"https:\/\/anber.es\/web\/?s={search_term_string}\"},\"query-input\":\"required name=search_term_string\"}],\"inLanguage\":\"es\"},{\"@type\":\"Organization\",\"@id\":\"https:\/\/anber.es\/web\/#organization\",\"name\":\"Anber\",\"url\":\"https:\/\/anber.es\/web\/\",\"logo\":{\"@type\":\"ImageObject\",\"inLanguage\":\"es\",\"@id\":\"https:\/\/anber.es\/web\/#\/schema\/logo\/image\/\",\"url\":\"https:\/\/anber.es\/web\/wp-content\/uploads\/2021\/03\/logo-anber.png\",\"contentUrl\":\"https:\/\/anber.es\/web\/wp-content\/uploads\/2021\/03\/logo-anber.png\",\"width\":2208,\"height\":500,\"caption\":\"Anber\"},\"image\":{\"@id\":\"https:\/\/anber.es\/web\/#\/schema\/logo\/image\/\"}}]}<\/script>\n<!-- \/ Yoast SEO plugin. -->","yoast_head_json":{"title":"Pulsador manual de paro de extinci\u00f3n - Anber","description":"El pulsador manual de paro es un punto de desactivaci\u00f3n manual de una extinci\u00f3n. Se activa levantando la tapa y presionando.","robots":{"index":"index","follow":"follow","max-snippet":"max-snippet:-1","max-image-preview":"max-image-preview:large","max-video-preview":"max-video-preview:-1"},"canonical":"https:\/\/anber.es\/web\/producto\/pulsador-manual-de-paro-de-extincion\/","og_locale":"es_ES","og_type":"article","og_title":"Pulsador manual de paro de extinci\u00f3n - Anber","og_description":"El pulsador manual de paro es un punto de desactivaci\u00f3n manual de una extinci\u00f3n. Se activa levantando la tapa y presionando.","og_url":"https:\/\/anber.es\/web\/producto\/pulsador-manual-de-paro-de-extincion\/","og_site_name":"Anber","article_modified_time":"2023-08-23T07:17:16+00:00","og_image":[{"width":1000,"height":1000,"url":"https:\/\/anber.es\/web\/wp-content\/uploads\/2023\/08\/pulsador_manual_de_paro_de_extincion.webp","type":"image\/webp"}],"twitter_card":"summary_large_image","twitter_misc":{"Tiempo de lectura":"1 minuto"},"schema":{"@context":"https:\/\/schema.org","@graph":[{"@type":"WebPage","@id":"https:\/\/anber.es\/web\/producto\/pulsador-manual-de-paro-de-extincion\/","url":"https:\/\/anber.es\/web\/producto\/pulsador-manual-de-paro-de-extincion\/","name":"Pulsador manual de paro de extinci\u00f3n - Anber","isPartOf":{"@id":"https:\/\/anber.es\/web\/#website"},"datePublished":"2021-09-09T07:19:36+00:00","dateModified":"2023-08-23T07:17:16+00:00","description":"El pulsador manual de paro es un punto de desactivaci\u00f3n manual de una extinci\u00f3n. Se activa levantando la tapa y presionando.","breadcrumb":{"@id":"https:\/\/anber.es\/web\/producto\/pulsador-manual-de-paro-de-extincion\/#breadcrumb"},"inLanguage":"es","potentialAction":[{"@type":"ReadAction","target":["https:\/\/anber.es\/web\/producto\/pulsador-manual-de-paro-de-extincion\/"]}]},{"@type":"BreadcrumbList","@id":"https:\/\/anber.es\/web\/producto\/pulsador-manual-de-paro-de-extincion\/#breadcrumb","itemListElement":[{"@type":"ListItem","position":1,"name":"Portada","item":"https:\/\/anber.es\/web\/"},{"@type":"ListItem","position":2,"name":"Productos","item":"https:\/\/anber.es\/web\/productos\/"},{"@type":"ListItem","position":3,"name":"Pulsador manual de paro de extinci\u00f3n"}]},{"@type":"WebSite","@id":"https:\/\/anber.es\/web\/#website","url":"https:\/\/anber.es\/web\/","name":"Anber","description":"Sistemas de protecci\u00f3n contra incendios","publisher":{"@id":"https:\/\/anber.es\/web\/#organization"},"potentialAction":[{"@type":"SearchAction","target":{"@type":"EntryPoint","urlTemplate":"https:\/\/anber.es\/web\/?s={search_term_string}"},"query-input":"required name=search_term_string"}],"inLanguage":"es"},{"@type":"Organization","@id":"https:\/\/anber.es\/web\/#organization","name":"Anber","url":"https:\/\/anber.es\/web\/","logo":{"@type":"ImageObject","inLanguage":"es","@id":"https:\/\/anber.es\/web\/#\/schema\/logo\/image\/","url":"https:\/\/anber.es\/web\/wp-content\/uploads\/2021\/03\/logo-anber.png","contentUrl":"https:\/\/anber.es\/web\/wp-content\/uploads\/2021\/03\/logo-anber.png","width":2208,"height":500,"caption":"Anber"},"image":{"@id":"https:\/\/anber.es\/web\/#\/schema\/logo\/image\/"}}]}},"_links":{"self":[{"href":"https:\/\/anber.es\/web\/wp-json\/wp\/v2\/product\/5206"}],"collection":[{"href":"https:\/\/anber.es\/web\/wp-json\/wp\/v2\/product"}],"about":[{"href":"https:\/\/anber.es\/web\/wp-json\/wp\/v2\/types\/product"}],"wp:featuredmedia":[{"embeddable":true,"href":"https:\/\/anber.es\/web\/wp-json\/wp\/v2\/media\/8881"}],"wp:attachment":[{"href":"https:\/\/anber.es\/web\/wp-json\/wp\/v2\/media?parent=5206"}],"wp:term":[{"taxonomy":"product_cat","embeddable":true,"href":"https:\/\/anber.es\/web\/wp-json\/wp\/v2\/product_cat?post=5206"},{"taxonomy":"product_tag","embeddable":true,"href":"https:\/\/anber.es\/web\/wp-json\/wp\/v2\/product_tag?post=5206"}],"curies":[{"name":"wp","href":"https:\/\/api.w.org\/{rel}","templated":true}]}}