{"id":5381,"date":"2021-10-07T11:29:15","date_gmt":"2021-10-07T09:29:15","guid":{"rendered":"https:\/\/anber.es\/producto\/bie-fija-25-con-deposito-espumogeno\/"},"modified":"2026-03-26T13:47:00","modified_gmt":"2026-03-26T11:47:00","slug":"bie-fija-25-con-deposito-espumogeno","status":"publish","type":"product","link":"https:\/\/anber.es\/web\/producto\/bie-fija-25-con-deposito-espumogeno\/","title":{"rendered":"BIE fija 25 con dep\u00f3sito de espum\u00f3geno"},"content":{"rendered":"<p>La BIE fija 25 con dep\u00f3sito de espum\u00f3geno forman un conjunto compacto, est\u00e9tico y arm\u00f3nico.<\/p>\n<p>Medidas del conjunto: 855 x 661 x 340 mm.<\/p>\n<p>Material: Polietileno lineal de media densidad, color rojo RAL 3000 estabilizado para UV.<\/p>\n<p>Incluye v\u00e1lvula de interceptaci\u00f3n del espum\u00f3geno y por tanto existe la posibilidad de tirar agua sola o espuma.<\/p>\n<p>Referencia: BE2520PE.<\/p>\n<p><a href=\"\/web\/wp-content\/uploads\/2021\/10\/Ficha_tecnica-BIE_fija_25_con_deposito_espumogeno.pdf\" target=\"_blank\" rel=\"noopener noreferrer\"><button>Descarga ficha<\/button><\/a><br \/>\n<a class=\"insta-link\" href=\"https:\/\/www.instagram.com\/aqlproteccion\/?hl=es\" target=\"_blank\" rel=\"noopener noreferrer\">Instagram<\/a><\/p>\n","protected":false},"excerpt":{"rendered":"<p>La BIE fija 25 con dep\u00f3sito de espum\u00f3geno forman un conjunto compacto, est\u00e9tico y arm\u00f3nico. Medidas del conjunto: 855 x 661 x 340 mm. Material: Polietileno lineal de media densidad, color rojo RAL 3000 estabilizado para UV. Incluye v\u00e1lvula de interceptaci\u00f3n del espum\u00f3geno y por tanto existe la posibilidad de tirar agua sola o espuma. &#8230; <a title=\"BIE fija 25 con dep\u00f3sito de espum\u00f3geno\" class=\"read-more\" href=\"https:\/\/anber.es\/web\/producto\/bie-fija-25-con-deposito-espumogeno\/\" aria-label=\"M\u00e1s en BIE fija 25 con dep\u00f3sito de espum\u00f3geno\">Leer m\u00e1s<\/a><\/p>\n","protected":false},"featured_media":5380,"template":"","meta":[],"product_cat":[27,97,20],"product_tag":[215],"yoast_head":"<!-- This site is optimized with the Yoast SEO plugin v22.1 - https:\/\/yoast.com\/wordpress\/plugins\/seo\/ -->\n<title>BIE fija 25 con dep\u00f3sito de espum\u00f3geno - Anber<\/title>\n<meta name=\"description\" content=\"La BIE fija 25 con dep\u00f3sito de espum\u00f3geno forman un conjunto compacto, est\u00e9tico y arm\u00f3nico. Medidas del conjunto: 855 x 661 x 340 mm.\" \/>\n<meta name=\"robots\" content=\"index, follow, max-snippet:-1, max-image-preview:large, max-video-preview:-1\" \/>\n<link rel=\"canonical\" href=\"https:\/\/anber.es\/web\/producto\/bie-fija-25-con-deposito-espumogeno\/\" \/>\n<meta property=\"og:locale\" content=\"es_ES\" \/>\n<meta property=\"og:type\" content=\"article\" \/>\n<meta property=\"og:title\" content=\"BIE fija 25 con dep\u00f3sito de espum\u00f3geno - Anber\" \/>\n<meta property=\"og:description\" content=\"La BIE fija 25 con dep\u00f3sito de espum\u00f3geno forman un conjunto compacto, est\u00e9tico y arm\u00f3nico. Medidas del conjunto: 855 x 661 x 340 mm.\" \/>\n<meta property=\"og:url\" content=\"https:\/\/anber.es\/web\/producto\/bie-fija-25-con-deposito-espumogeno\/\" \/>\n<meta property=\"og:site_name\" content=\"Anber\" \/>\n<meta property=\"article:modified_time\" content=\"2026-03-26T11:47:00+00:00\" \/>\n<meta property=\"og:image\" content=\"https:\/\/anber.es\/web\/wp-content\/uploads\/2021\/10\/BIE_fija_25_con_deposito_espumogeno.jpg\" \/>\n\t<meta property=\"og:image:width\" content=\"1000\" \/>\n\t<meta property=\"og:image:height\" content=\"1000\" \/>\n\t<meta property=\"og:image:type\" content=\"image\/jpeg\" \/>\n<meta name=\"twitter:card\" content=\"summary_large_image\" \/>\n<meta name=\"twitter:label1\" content=\"Tiempo de lectura\" \/>\n\t<meta name=\"twitter:data1\" content=\"1 minuto\" \/>\n<script type=\"application\/ld+json\" class=\"yoast-schema-graph\">{\"@context\":\"https:\/\/schema.org\",\"@graph\":[{\"@type\":\"WebPage\",\"@id\":\"https:\/\/anber.es\/web\/producto\/bie-fija-25-con-deposito-espumogeno\/\",\"url\":\"https:\/\/anber.es\/web\/producto\/bie-fija-25-con-deposito-espumogeno\/\",\"name\":\"BIE fija 25 con dep\u00f3sito de espum\u00f3geno - Anber\",\"isPartOf\":{\"@id\":\"https:\/\/anber.es\/web\/#website\"},\"datePublished\":\"2021-10-07T09:29:15+00:00\",\"dateModified\":\"2026-03-26T11:47:00+00:00\",\"description\":\"La BIE fija 25 con dep\u00f3sito de espum\u00f3geno forman un conjunto compacto, est\u00e9tico y arm\u00f3nico. Medidas del conjunto: 855 x 661 x 340 mm.\",\"breadcrumb\":{\"@id\":\"https:\/\/anber.es\/web\/producto\/bie-fija-25-con-deposito-espumogeno\/#breadcrumb\"},\"inLanguage\":\"es\",\"potentialAction\":[{\"@type\":\"ReadAction\",\"target\":[\"https:\/\/anber.es\/web\/producto\/bie-fija-25-con-deposito-espumogeno\/\"]}]},{\"@type\":\"BreadcrumbList\",\"@id\":\"https:\/\/anber.es\/web\/producto\/bie-fija-25-con-deposito-espumogeno\/#breadcrumb\",\"itemListElement\":[{\"@type\":\"ListItem\",\"position\":1,\"name\":\"Portada\",\"item\":\"https:\/\/anber.es\/web\/\"},{\"@type\":\"ListItem\",\"position\":2,\"name\":\"Productos\",\"item\":\"https:\/\/anber.es\/web\/productos\/\"},{\"@type\":\"ListItem\",\"position\":3,\"name\":\"BIE fija 25 con dep\u00f3sito de espum\u00f3geno\"}]},{\"@type\":\"WebSite\",\"@id\":\"https:\/\/anber.es\/web\/#website\",\"url\":\"https:\/\/anber.es\/web\/\",\"name\":\"Anber\",\"description\":\"Sistemas de protecci\u00f3n contra incendios\",\"publisher\":{\"@id\":\"https:\/\/anber.es\/web\/#organization\"},\"potentialAction\":[{\"@type\":\"SearchAction\",\"target\":{\"@type\":\"EntryPoint\",\"urlTemplate\":\"https:\/\/anber.es\/web\/?s={search_term_string}\"},\"query-input\":\"required name=search_term_string\"}],\"inLanguage\":\"es\"},{\"@type\":\"Organization\",\"@id\":\"https:\/\/anber.es\/web\/#organization\",\"name\":\"Anber\",\"url\":\"https:\/\/anber.es\/web\/\",\"logo\":{\"@type\":\"ImageObject\",\"inLanguage\":\"es\",\"@id\":\"https:\/\/anber.es\/web\/#\/schema\/logo\/image\/\",\"url\":\"https:\/\/anber.es\/web\/wp-content\/uploads\/2021\/03\/logo-anber.png\",\"contentUrl\":\"https:\/\/anber.es\/web\/wp-content\/uploads\/2021\/03\/logo-anber.png\",\"width\":2208,\"height\":500,\"caption\":\"Anber\"},\"image\":{\"@id\":\"https:\/\/anber.es\/web\/#\/schema\/logo\/image\/\"}}]}<\/script>\n<!-- \/ Yoast SEO plugin. -->","yoast_head_json":{"title":"BIE fija 25 con dep\u00f3sito de espum\u00f3geno - Anber","description":"La BIE fija 25 con dep\u00f3sito de espum\u00f3geno forman un conjunto compacto, est\u00e9tico y arm\u00f3nico. Medidas del conjunto: 855 x 661 x 340 mm.","robots":{"index":"index","follow":"follow","max-snippet":"max-snippet:-1","max-image-preview":"max-image-preview:large","max-video-preview":"max-video-preview:-1"},"canonical":"https:\/\/anber.es\/web\/producto\/bie-fija-25-con-deposito-espumogeno\/","og_locale":"es_ES","og_type":"article","og_title":"BIE fija 25 con dep\u00f3sito de espum\u00f3geno - Anber","og_description":"La BIE fija 25 con dep\u00f3sito de espum\u00f3geno forman un conjunto compacto, est\u00e9tico y arm\u00f3nico. Medidas del conjunto: 855 x 661 x 340 mm.","og_url":"https:\/\/anber.es\/web\/producto\/bie-fija-25-con-deposito-espumogeno\/","og_site_name":"Anber","article_modified_time":"2026-03-26T11:47:00+00:00","og_image":[{"width":1000,"height":1000,"url":"https:\/\/anber.es\/web\/wp-content\/uploads\/2021\/10\/BIE_fija_25_con_deposito_espumogeno.jpg","type":"image\/jpeg"}],"twitter_card":"summary_large_image","twitter_misc":{"Tiempo de lectura":"1 minuto"},"schema":{"@context":"https:\/\/schema.org","@graph":[{"@type":"WebPage","@id":"https:\/\/anber.es\/web\/producto\/bie-fija-25-con-deposito-espumogeno\/","url":"https:\/\/anber.es\/web\/producto\/bie-fija-25-con-deposito-espumogeno\/","name":"BIE fija 25 con dep\u00f3sito de espum\u00f3geno - Anber","isPartOf":{"@id":"https:\/\/anber.es\/web\/#website"},"datePublished":"2021-10-07T09:29:15+00:00","dateModified":"2026-03-26T11:47:00+00:00","description":"La BIE fija 25 con dep\u00f3sito de espum\u00f3geno forman un conjunto compacto, est\u00e9tico y arm\u00f3nico. Medidas del conjunto: 855 x 661 x 340 mm.","breadcrumb":{"@id":"https:\/\/anber.es\/web\/producto\/bie-fija-25-con-deposito-espumogeno\/#breadcrumb"},"inLanguage":"es","potentialAction":[{"@type":"ReadAction","target":["https:\/\/anber.es\/web\/producto\/bie-fija-25-con-deposito-espumogeno\/"]}]},{"@type":"BreadcrumbList","@id":"https:\/\/anber.es\/web\/producto\/bie-fija-25-con-deposito-espumogeno\/#breadcrumb","itemListElement":[{"@type":"ListItem","position":1,"name":"Portada","item":"https:\/\/anber.es\/web\/"},{"@type":"ListItem","position":2,"name":"Productos","item":"https:\/\/anber.es\/web\/productos\/"},{"@type":"ListItem","position":3,"name":"BIE fija 25 con dep\u00f3sito de espum\u00f3geno"}]},{"@type":"WebSite","@id":"https:\/\/anber.es\/web\/#website","url":"https:\/\/anber.es\/web\/","name":"Anber","description":"Sistemas de protecci\u00f3n contra incendios","publisher":{"@id":"https:\/\/anber.es\/web\/#organization"},"potentialAction":[{"@type":"SearchAction","target":{"@type":"EntryPoint","urlTemplate":"https:\/\/anber.es\/web\/?s={search_term_string}"},"query-input":"required name=search_term_string"}],"inLanguage":"es"},{"@type":"Organization","@id":"https:\/\/anber.es\/web\/#organization","name":"Anber","url":"https:\/\/anber.es\/web\/","logo":{"@type":"ImageObject","inLanguage":"es","@id":"https:\/\/anber.es\/web\/#\/schema\/logo\/image\/","url":"https:\/\/anber.es\/web\/wp-content\/uploads\/2021\/03\/logo-anber.png","contentUrl":"https:\/\/anber.es\/web\/wp-content\/uploads\/2021\/03\/logo-anber.png","width":2208,"height":500,"caption":"Anber"},"image":{"@id":"https:\/\/anber.es\/web\/#\/schema\/logo\/image\/"}}]}},"_links":{"self":[{"href":"https:\/\/anber.es\/web\/wp-json\/wp\/v2\/product\/5381"}],"collection":[{"href":"https:\/\/anber.es\/web\/wp-json\/wp\/v2\/product"}],"about":[{"href":"https:\/\/anber.es\/web\/wp-json\/wp\/v2\/types\/product"}],"wp:featuredmedia":[{"embeddable":true,"href":"https:\/\/anber.es\/web\/wp-json\/wp\/v2\/media\/5380"}],"wp:attachment":[{"href":"https:\/\/anber.es\/web\/wp-json\/wp\/v2\/media?parent=5381"}],"wp:term":[{"taxonomy":"product_cat","embeddable":true,"href":"https:\/\/anber.es\/web\/wp-json\/wp\/v2\/product_cat?post=5381"},{"taxonomy":"product_tag","embeddable":true,"href":"https:\/\/anber.es\/web\/wp-json\/wp\/v2\/product_tag?post=5381"}],"curies":[{"name":"wp","href":"https:\/\/api.w.org\/{rel}","templated":true}]}}