{"id":5406,"date":"2021-10-08T08:53:37","date_gmt":"2021-10-08T06:53:37","guid":{"rendered":"https:\/\/anber.es\/producto\/cortatubos-modelo-tiger-sr\/"},"modified":"2024-06-17T08:14:48","modified_gmt":"2024-06-17T06:14:48","slug":"cortatubos-modelo-tiger-sr","status":"publish","type":"product","link":"https:\/\/anber.es\/web\/producto\/cortatubos-modelo-tiger-sr\/","title":{"rendered":"Cortatubos modelo Tiger SR"},"content":{"rendered":"<p>El <strong>cortatubos modelo Tiger SR<\/strong> es una m\u00e1quina robusta, apropiada para la obra. Manejable y de forma delgada. S\u00faper ligera. Para montar en cualquier lugar. Agarre ergon\u00f3mico, antideslizante y aislado t\u00e9rmicamente, para un mayor empuje de serrado en el serrado a mano. <\/p>\n<p>A elegir entre el mango de pala, con ventaja para el serrado a mano o el mango recto, desarrollado para el serrado con gu\u00eda. <\/p>\n<p>Potente motor universal con gran reserva de <strong>potencia, 1400W<\/strong>. <\/p>\n<p><strong>Accionamiento oscilante<\/strong> muy robusto, con protecci\u00f3n contra polvo y agua, libre de mantenimiento, para generar simult\u00e1neamente el movimiento de serrado y orbital de la biela y de la hoja de sierra.<\/p>\n<p>El cortatubos Tiger SR incorpora la <strong>regulaci\u00f3n electr\u00f3nica <\/strong>continua del n\u00famero de carreras de la m\u00e1quina accionadora para seleccionar el n\u00famero de carreras en funci\u00f3n del material. Id\u00f3neo para serrar tubos de acero inoxidable y tubos de fundici\u00f3n, as\u00ed como para serrar calderas, dep\u00f3sitos, ba\u00f1eras, etc. Tambi\u00e9n para serrado por inmersi\u00f3n. <\/p>\n<p>Referencia: TMTIGERSR.<\/p>\n<p><a href=\"\/web\/wp-content\/uploads\/2024\/06\/Ficha_tecnica-cortatubos_Tiger_SR.pdf\" target=\"_blank\" rel=\"noopener noreferrer\"><button>Descarga ficha<\/button><\/a><br \/>\n<a class=\"insta-link\" href=\"https:\/\/www.instagram.com\/aqlproteccion\/?hl=es\" target=\"_blank\" rel=\"noopener noreferrer\">Instagram<\/a><\/p>\n","protected":false},"excerpt":{"rendered":"<p>El cortatubos modelo Tiger SR es una m\u00e1quina robusta con una potencia de 1400W. S\u00faper ligera. Para montar en cualquier lugar (ideal para obra).<\/p>\n","protected":false},"featured_media":8307,"template":"","meta":[],"product_cat":[41,220],"product_tag":[215],"yoast_head":"<!-- This site is optimized with the Yoast SEO plugin v22.1 - https:\/\/yoast.com\/wordpress\/plugins\/seo\/ -->\n<title>Cortatubos modelo Tiger SR - Anber<\/title>\n<meta name=\"description\" content=\"El cortatubos modelo Tiger SR es una m\u00e1quina robusta con una potencia de 1400W. Pesa 3kg. Para montar en cualquier lugar (ideal para obra).\" \/>\n<meta name=\"robots\" content=\"index, follow, max-snippet:-1, max-image-preview:large, max-video-preview:-1\" \/>\n<link rel=\"canonical\" href=\"https:\/\/anber.es\/web\/producto\/cortatubos-modelo-tiger-sr\/\" \/>\n<meta property=\"og:locale\" content=\"es_ES\" \/>\n<meta property=\"og:type\" content=\"article\" \/>\n<meta property=\"og:title\" content=\"Cortatubos modelo Tiger SR - Anber\" \/>\n<meta property=\"og:description\" content=\"El cortatubos modelo Tiger SR es una m\u00e1quina robusta con una potencia de 1400W. Pesa 3kg. Para montar en cualquier lugar (ideal para obra).\" \/>\n<meta property=\"og:url\" content=\"https:\/\/anber.es\/web\/producto\/cortatubos-modelo-tiger-sr\/\" \/>\n<meta property=\"og:site_name\" content=\"Anber\" \/>\n<meta property=\"article:modified_time\" content=\"2024-06-17T06:14:48+00:00\" \/>\n<meta property=\"og:image\" content=\"https:\/\/anber.es\/web\/wp-content\/uploads\/2021\/10\/cortatubos_Tiger_SR.webp\" \/>\n\t<meta property=\"og:image:width\" content=\"1000\" \/>\n\t<meta property=\"og:image:height\" content=\"1000\" \/>\n\t<meta property=\"og:image:type\" content=\"image\/webp\" \/>\n<meta name=\"twitter:card\" content=\"summary_large_image\" \/>\n<meta name=\"twitter:label1\" content=\"Tiempo de lectura\" \/>\n\t<meta name=\"twitter:data1\" content=\"1 minuto\" \/>\n<script type=\"application\/ld+json\" class=\"yoast-schema-graph\">{\"@context\":\"https:\/\/schema.org\",\"@graph\":[{\"@type\":\"WebPage\",\"@id\":\"https:\/\/anber.es\/web\/producto\/cortatubos-modelo-tiger-sr\/\",\"url\":\"https:\/\/anber.es\/web\/producto\/cortatubos-modelo-tiger-sr\/\",\"name\":\"Cortatubos modelo Tiger SR - Anber\",\"isPartOf\":{\"@id\":\"https:\/\/anber.es\/web\/#website\"},\"datePublished\":\"2021-10-08T06:53:37+00:00\",\"dateModified\":\"2024-06-17T06:14:48+00:00\",\"description\":\"El cortatubos modelo Tiger SR es una m\u00e1quina robusta con una potencia de 1400W. Pesa 3kg. Para montar en cualquier lugar (ideal para obra).\",\"breadcrumb\":{\"@id\":\"https:\/\/anber.es\/web\/producto\/cortatubos-modelo-tiger-sr\/#breadcrumb\"},\"inLanguage\":\"es\",\"potentialAction\":[{\"@type\":\"ReadAction\",\"target\":[\"https:\/\/anber.es\/web\/producto\/cortatubos-modelo-tiger-sr\/\"]}]},{\"@type\":\"BreadcrumbList\",\"@id\":\"https:\/\/anber.es\/web\/producto\/cortatubos-modelo-tiger-sr\/#breadcrumb\",\"itemListElement\":[{\"@type\":\"ListItem\",\"position\":1,\"name\":\"Portada\",\"item\":\"https:\/\/anber.es\/web\/\"},{\"@type\":\"ListItem\",\"position\":2,\"name\":\"Productos\",\"item\":\"https:\/\/anber.es\/web\/productos\/\"},{\"@type\":\"ListItem\",\"position\":3,\"name\":\"Cortatubos modelo Tiger SR\"}]},{\"@type\":\"WebSite\",\"@id\":\"https:\/\/anber.es\/web\/#website\",\"url\":\"https:\/\/anber.es\/web\/\",\"name\":\"Anber\",\"description\":\"Sistemas de protecci\u00f3n contra incendios\",\"publisher\":{\"@id\":\"https:\/\/anber.es\/web\/#organization\"},\"potentialAction\":[{\"@type\":\"SearchAction\",\"target\":{\"@type\":\"EntryPoint\",\"urlTemplate\":\"https:\/\/anber.es\/web\/?s={search_term_string}\"},\"query-input\":\"required name=search_term_string\"}],\"inLanguage\":\"es\"},{\"@type\":\"Organization\",\"@id\":\"https:\/\/anber.es\/web\/#organization\",\"name\":\"Anber\",\"url\":\"https:\/\/anber.es\/web\/\",\"logo\":{\"@type\":\"ImageObject\",\"inLanguage\":\"es\",\"@id\":\"https:\/\/anber.es\/web\/#\/schema\/logo\/image\/\",\"url\":\"https:\/\/anber.es\/web\/wp-content\/uploads\/2021\/03\/logo-anber.png\",\"contentUrl\":\"https:\/\/anber.es\/web\/wp-content\/uploads\/2021\/03\/logo-anber.png\",\"width\":2208,\"height\":500,\"caption\":\"Anber\"},\"image\":{\"@id\":\"https:\/\/anber.es\/web\/#\/schema\/logo\/image\/\"}}]}<\/script>\n<!-- \/ Yoast SEO plugin. -->","yoast_head_json":{"title":"Cortatubos modelo Tiger SR - Anber","description":"El cortatubos modelo Tiger SR es una m\u00e1quina robusta con una potencia de 1400W. Pesa 3kg. Para montar en cualquier lugar (ideal para obra).","robots":{"index":"index","follow":"follow","max-snippet":"max-snippet:-1","max-image-preview":"max-image-preview:large","max-video-preview":"max-video-preview:-1"},"canonical":"https:\/\/anber.es\/web\/producto\/cortatubos-modelo-tiger-sr\/","og_locale":"es_ES","og_type":"article","og_title":"Cortatubos modelo Tiger SR - Anber","og_description":"El cortatubos modelo Tiger SR es una m\u00e1quina robusta con una potencia de 1400W. Pesa 3kg. Para montar en cualquier lugar (ideal para obra).","og_url":"https:\/\/anber.es\/web\/producto\/cortatubos-modelo-tiger-sr\/","og_site_name":"Anber","article_modified_time":"2024-06-17T06:14:48+00:00","og_image":[{"width":1000,"height":1000,"url":"https:\/\/anber.es\/web\/wp-content\/uploads\/2021\/10\/cortatubos_Tiger_SR.webp","type":"image\/webp"}],"twitter_card":"summary_large_image","twitter_misc":{"Tiempo de lectura":"1 minuto"},"schema":{"@context":"https:\/\/schema.org","@graph":[{"@type":"WebPage","@id":"https:\/\/anber.es\/web\/producto\/cortatubos-modelo-tiger-sr\/","url":"https:\/\/anber.es\/web\/producto\/cortatubos-modelo-tiger-sr\/","name":"Cortatubos modelo Tiger SR - Anber","isPartOf":{"@id":"https:\/\/anber.es\/web\/#website"},"datePublished":"2021-10-08T06:53:37+00:00","dateModified":"2024-06-17T06:14:48+00:00","description":"El cortatubos modelo Tiger SR es una m\u00e1quina robusta con una potencia de 1400W. Pesa 3kg. Para montar en cualquier lugar (ideal para obra).","breadcrumb":{"@id":"https:\/\/anber.es\/web\/producto\/cortatubos-modelo-tiger-sr\/#breadcrumb"},"inLanguage":"es","potentialAction":[{"@type":"ReadAction","target":["https:\/\/anber.es\/web\/producto\/cortatubos-modelo-tiger-sr\/"]}]},{"@type":"BreadcrumbList","@id":"https:\/\/anber.es\/web\/producto\/cortatubos-modelo-tiger-sr\/#breadcrumb","itemListElement":[{"@type":"ListItem","position":1,"name":"Portada","item":"https:\/\/anber.es\/web\/"},{"@type":"ListItem","position":2,"name":"Productos","item":"https:\/\/anber.es\/web\/productos\/"},{"@type":"ListItem","position":3,"name":"Cortatubos modelo Tiger SR"}]},{"@type":"WebSite","@id":"https:\/\/anber.es\/web\/#website","url":"https:\/\/anber.es\/web\/","name":"Anber","description":"Sistemas de protecci\u00f3n contra incendios","publisher":{"@id":"https:\/\/anber.es\/web\/#organization"},"potentialAction":[{"@type":"SearchAction","target":{"@type":"EntryPoint","urlTemplate":"https:\/\/anber.es\/web\/?s={search_term_string}"},"query-input":"required name=search_term_string"}],"inLanguage":"es"},{"@type":"Organization","@id":"https:\/\/anber.es\/web\/#organization","name":"Anber","url":"https:\/\/anber.es\/web\/","logo":{"@type":"ImageObject","inLanguage":"es","@id":"https:\/\/anber.es\/web\/#\/schema\/logo\/image\/","url":"https:\/\/anber.es\/web\/wp-content\/uploads\/2021\/03\/logo-anber.png","contentUrl":"https:\/\/anber.es\/web\/wp-content\/uploads\/2021\/03\/logo-anber.png","width":2208,"height":500,"caption":"Anber"},"image":{"@id":"https:\/\/anber.es\/web\/#\/schema\/logo\/image\/"}}]}},"_links":{"self":[{"href":"https:\/\/anber.es\/web\/wp-json\/wp\/v2\/product\/5406"}],"collection":[{"href":"https:\/\/anber.es\/web\/wp-json\/wp\/v2\/product"}],"about":[{"href":"https:\/\/anber.es\/web\/wp-json\/wp\/v2\/types\/product"}],"wp:featuredmedia":[{"embeddable":true,"href":"https:\/\/anber.es\/web\/wp-json\/wp\/v2\/media\/8307"}],"wp:attachment":[{"href":"https:\/\/anber.es\/web\/wp-json\/wp\/v2\/media?parent=5406"}],"wp:term":[{"taxonomy":"product_cat","embeddable":true,"href":"https:\/\/anber.es\/web\/wp-json\/wp\/v2\/product_cat?post=5406"},{"taxonomy":"product_tag","embeddable":true,"href":"https:\/\/anber.es\/web\/wp-json\/wp\/v2\/product_tag?post=5406"}],"curies":[{"name":"wp","href":"https:\/\/api.w.org\/{rel}","templated":true}]}}