{"id":5510,"date":"2021-10-18T13:19:20","date_gmt":"2021-10-18T11:19:20","guid":{"rendered":"https:\/\/anber.es\/producto\/collarin-intumescente-en-c-aisi304\/"},"modified":"2025-11-20T12:35:38","modified_gmt":"2025-11-20T10:35:38","slug":"collarin-en-c-intumescente-inox","status":"publish","type":"product","link":"https:\/\/anber.es\/web\/producto\/collarin-en-c-intumescente-inox\/","title":{"rendered":"Collar\u00edn en \u00abC\u00bb intumescente inox"},"content":{"rendered":"<p>El <strong>collar\u00edn en \u00abC\u00bb intumescente inox <\/strong>est\u00e1 fabricado en acero inoxidable AISI 430 y aloja en su interior el material intumescente, grafito. Dise\u00f1ado en forma de \u00abC\u00bb para ajustar a las tuber\u00edas con curvas o ramas adyacentes a las paredes y\/o forjados.<\/p>\n<p>Cuando se alcanza la temperatura de activaci\u00f3n, la tuber\u00eda delimitada por el collar\u00edn en \u00abC\u00bb se deforma y funde progresivamente hasta su combusti\u00f3n completa. Al mismo tiempo, el material intumescente se expande, cierra el hueco generado por la combusti\u00f3n de la tuber\u00eda, asegura un fuerte aislamiento t\u00e9rmico e impide que el humo y las llamas se propaguen.<\/p>\n<p>\u00b7 Di\u00e1metros de tuber\u00eda disponibles: Desde <b>110 hasta 250 mm<\/b>.<br \/>\n\u00b7 Temperatura de activaci\u00f3n: 180 \u00baC.<br \/>\n\u00b7 Resistencia al fuego: <b>RF180<\/b> en paredes de hormig\u00f3n celular o forjado en hormig\u00f3n y<b> RF120 <\/b>para paredes de cart\u00f3n-yeso.<\/p>\n<p>Certificado CE.<\/p>\n<p>Referencia: JCCI.<\/p>\n<p><a href=\"\/web\/wp-content\/uploads\/2025\/11\/Ficha_tecnica-collarin_intumescente_c_inox.pdf\" target=\"_blank\" rel=\"noopener noreferrer\"><button>Descarga ficha<\/button><\/a><br \/>\n<a class=\"insta-link\" href=\"https:\/\/www.instagram.com\/aqlproteccion\/?hl=es\" target=\"_blank\" rel=\"noopener noreferrer\">Instagram<\/a><\/p>\n","protected":false},"excerpt":{"rendered":"<p>El collar\u00edn en \u00abC\u00bb intumescente inox est\u00e1 fabricado en acero inoxidable AISI 430 y aloja en su interior el material intumescente, grafito. Dise\u00f1ado en forma de \u00abC\u00bb para ajustar a las tuber\u00edas con curvas o ramas adyacentes a las paredes y\/o forjados.<\/p>\n","protected":false},"featured_media":10274,"template":"","meta":[],"product_cat":[223],"product_tag":[215],"yoast_head":"<!-- This site is optimized with the Yoast SEO plugin v22.1 - https:\/\/yoast.com\/wordpress\/plugins\/seo\/ -->\n<title>Collar\u00edn en &quot;C&quot; intumescente inox - Anber<\/title>\n<meta name=\"description\" content=\"El collar\u00edn en &quot;C&quot; intumescente inox est\u00e1 fabricado en acero inoxidable AISI 430 y aloja en su interior el material intumescente, grafito.\" \/>\n<meta name=\"robots\" content=\"index, follow, max-snippet:-1, max-image-preview:large, max-video-preview:-1\" \/>\n<link rel=\"canonical\" href=\"https:\/\/anber.es\/web\/producto\/collarin-en-c-intumescente-inox\/\" \/>\n<meta property=\"og:locale\" content=\"es_ES\" \/>\n<meta property=\"og:type\" content=\"article\" \/>\n<meta property=\"og:title\" content=\"Collar\u00edn en &quot;C&quot; intumescente inox - Anber\" \/>\n<meta property=\"og:description\" content=\"El collar\u00edn en &quot;C&quot; intumescente inox est\u00e1 fabricado en acero inoxidable AISI 430 y aloja en su interior el material intumescente, grafito.\" \/>\n<meta property=\"og:url\" content=\"https:\/\/anber.es\/web\/producto\/collarin-en-c-intumescente-inox\/\" \/>\n<meta property=\"og:site_name\" content=\"Anber\" \/>\n<meta property=\"article:modified_time\" content=\"2025-11-20T10:35:38+00:00\" \/>\n<meta property=\"og:image\" content=\"https:\/\/anber.es\/web\/wp-content\/uploads\/2025\/09\/collarin_intumescente_en_c.webp\" \/>\n\t<meta property=\"og:image:width\" content=\"1000\" \/>\n\t<meta property=\"og:image:height\" content=\"1000\" \/>\n\t<meta property=\"og:image:type\" content=\"image\/webp\" \/>\n<meta name=\"twitter:card\" content=\"summary_large_image\" \/>\n<meta name=\"twitter:label1\" content=\"Tiempo de lectura\" \/>\n\t<meta name=\"twitter:data1\" content=\"1 minuto\" \/>\n<script type=\"application\/ld+json\" class=\"yoast-schema-graph\">{\"@context\":\"https:\/\/schema.org\",\"@graph\":[{\"@type\":\"WebPage\",\"@id\":\"https:\/\/anber.es\/web\/producto\/collarin-en-c-intumescente-inox\/\",\"url\":\"https:\/\/anber.es\/web\/producto\/collarin-en-c-intumescente-inox\/\",\"name\":\"Collar\u00edn en \\\"C\\\" intumescente inox - Anber\",\"isPartOf\":{\"@id\":\"https:\/\/anber.es\/web\/#website\"},\"datePublished\":\"2021-10-18T11:19:20+00:00\",\"dateModified\":\"2025-11-20T10:35:38+00:00\",\"description\":\"El collar\u00edn en \\\"C\\\" intumescente inox est\u00e1 fabricado en acero inoxidable AISI 430 y aloja en su interior el material intumescente, grafito.\",\"breadcrumb\":{\"@id\":\"https:\/\/anber.es\/web\/producto\/collarin-en-c-intumescente-inox\/#breadcrumb\"},\"inLanguage\":\"es\",\"potentialAction\":[{\"@type\":\"ReadAction\",\"target\":[\"https:\/\/anber.es\/web\/producto\/collarin-en-c-intumescente-inox\/\"]}]},{\"@type\":\"BreadcrumbList\",\"@id\":\"https:\/\/anber.es\/web\/producto\/collarin-en-c-intumescente-inox\/#breadcrumb\",\"itemListElement\":[{\"@type\":\"ListItem\",\"position\":1,\"name\":\"Portada\",\"item\":\"https:\/\/anber.es\/web\/\"},{\"@type\":\"ListItem\",\"position\":2,\"name\":\"Productos\",\"item\":\"https:\/\/anber.es\/web\/productos\/\"},{\"@type\":\"ListItem\",\"position\":3,\"name\":\"Collar\u00edn en \u00abC\u00bb intumescente inox\"}]},{\"@type\":\"WebSite\",\"@id\":\"https:\/\/anber.es\/web\/#website\",\"url\":\"https:\/\/anber.es\/web\/\",\"name\":\"Anber\",\"description\":\"Sistemas de protecci\u00f3n contra incendios\",\"publisher\":{\"@id\":\"https:\/\/anber.es\/web\/#organization\"},\"potentialAction\":[{\"@type\":\"SearchAction\",\"target\":{\"@type\":\"EntryPoint\",\"urlTemplate\":\"https:\/\/anber.es\/web\/?s={search_term_string}\"},\"query-input\":\"required name=search_term_string\"}],\"inLanguage\":\"es\"},{\"@type\":\"Organization\",\"@id\":\"https:\/\/anber.es\/web\/#organization\",\"name\":\"Anber\",\"url\":\"https:\/\/anber.es\/web\/\",\"logo\":{\"@type\":\"ImageObject\",\"inLanguage\":\"es\",\"@id\":\"https:\/\/anber.es\/web\/#\/schema\/logo\/image\/\",\"url\":\"https:\/\/anber.es\/web\/wp-content\/uploads\/2021\/03\/logo-anber.png\",\"contentUrl\":\"https:\/\/anber.es\/web\/wp-content\/uploads\/2021\/03\/logo-anber.png\",\"width\":2208,\"height\":500,\"caption\":\"Anber\"},\"image\":{\"@id\":\"https:\/\/anber.es\/web\/#\/schema\/logo\/image\/\"}}]}<\/script>\n<!-- \/ Yoast SEO plugin. -->","yoast_head_json":{"title":"Collar\u00edn en \"C\" intumescente inox - Anber","description":"El collar\u00edn en \"C\" intumescente inox est\u00e1 fabricado en acero inoxidable AISI 430 y aloja en su interior el material intumescente, grafito.","robots":{"index":"index","follow":"follow","max-snippet":"max-snippet:-1","max-image-preview":"max-image-preview:large","max-video-preview":"max-video-preview:-1"},"canonical":"https:\/\/anber.es\/web\/producto\/collarin-en-c-intumescente-inox\/","og_locale":"es_ES","og_type":"article","og_title":"Collar\u00edn en \"C\" intumescente inox - Anber","og_description":"El collar\u00edn en \"C\" intumescente inox est\u00e1 fabricado en acero inoxidable AISI 430 y aloja en su interior el material intumescente, grafito.","og_url":"https:\/\/anber.es\/web\/producto\/collarin-en-c-intumescente-inox\/","og_site_name":"Anber","article_modified_time":"2025-11-20T10:35:38+00:00","og_image":[{"width":1000,"height":1000,"url":"https:\/\/anber.es\/web\/wp-content\/uploads\/2025\/09\/collarin_intumescente_en_c.webp","type":"image\/webp"}],"twitter_card":"summary_large_image","twitter_misc":{"Tiempo de lectura":"1 minuto"},"schema":{"@context":"https:\/\/schema.org","@graph":[{"@type":"WebPage","@id":"https:\/\/anber.es\/web\/producto\/collarin-en-c-intumescente-inox\/","url":"https:\/\/anber.es\/web\/producto\/collarin-en-c-intumescente-inox\/","name":"Collar\u00edn en \"C\" intumescente inox - Anber","isPartOf":{"@id":"https:\/\/anber.es\/web\/#website"},"datePublished":"2021-10-18T11:19:20+00:00","dateModified":"2025-11-20T10:35:38+00:00","description":"El collar\u00edn en \"C\" intumescente inox est\u00e1 fabricado en acero inoxidable AISI 430 y aloja en su interior el material intumescente, grafito.","breadcrumb":{"@id":"https:\/\/anber.es\/web\/producto\/collarin-en-c-intumescente-inox\/#breadcrumb"},"inLanguage":"es","potentialAction":[{"@type":"ReadAction","target":["https:\/\/anber.es\/web\/producto\/collarin-en-c-intumescente-inox\/"]}]},{"@type":"BreadcrumbList","@id":"https:\/\/anber.es\/web\/producto\/collarin-en-c-intumescente-inox\/#breadcrumb","itemListElement":[{"@type":"ListItem","position":1,"name":"Portada","item":"https:\/\/anber.es\/web\/"},{"@type":"ListItem","position":2,"name":"Productos","item":"https:\/\/anber.es\/web\/productos\/"},{"@type":"ListItem","position":3,"name":"Collar\u00edn en \u00abC\u00bb intumescente inox"}]},{"@type":"WebSite","@id":"https:\/\/anber.es\/web\/#website","url":"https:\/\/anber.es\/web\/","name":"Anber","description":"Sistemas de protecci\u00f3n contra incendios","publisher":{"@id":"https:\/\/anber.es\/web\/#organization"},"potentialAction":[{"@type":"SearchAction","target":{"@type":"EntryPoint","urlTemplate":"https:\/\/anber.es\/web\/?s={search_term_string}"},"query-input":"required name=search_term_string"}],"inLanguage":"es"},{"@type":"Organization","@id":"https:\/\/anber.es\/web\/#organization","name":"Anber","url":"https:\/\/anber.es\/web\/","logo":{"@type":"ImageObject","inLanguage":"es","@id":"https:\/\/anber.es\/web\/#\/schema\/logo\/image\/","url":"https:\/\/anber.es\/web\/wp-content\/uploads\/2021\/03\/logo-anber.png","contentUrl":"https:\/\/anber.es\/web\/wp-content\/uploads\/2021\/03\/logo-anber.png","width":2208,"height":500,"caption":"Anber"},"image":{"@id":"https:\/\/anber.es\/web\/#\/schema\/logo\/image\/"}}]}},"_links":{"self":[{"href":"https:\/\/anber.es\/web\/wp-json\/wp\/v2\/product\/5510"}],"collection":[{"href":"https:\/\/anber.es\/web\/wp-json\/wp\/v2\/product"}],"about":[{"href":"https:\/\/anber.es\/web\/wp-json\/wp\/v2\/types\/product"}],"wp:featuredmedia":[{"embeddable":true,"href":"https:\/\/anber.es\/web\/wp-json\/wp\/v2\/media\/10274"}],"wp:attachment":[{"href":"https:\/\/anber.es\/web\/wp-json\/wp\/v2\/media?parent=5510"}],"wp:term":[{"taxonomy":"product_cat","embeddable":true,"href":"https:\/\/anber.es\/web\/wp-json\/wp\/v2\/product_cat?post=5510"},{"taxonomy":"product_tag","embeddable":true,"href":"https:\/\/anber.es\/web\/wp-json\/wp\/v2\/product_tag?post=5510"}],"curies":[{"name":"wp","href":"https:\/\/api.w.org\/{rel}","templated":true}]}}