{"id":5708,"date":"2021-11-18T11:23:41","date_gmt":"2021-11-18T09:23:41","guid":{"rendered":"https:\/\/anber.es\/producto\/cable-manguera-roja-trenzado-y-apantallado-rf120\/"},"modified":"2025-02-21T13:54:59","modified_gmt":"2025-02-21T11:54:59","slug":"cable-manguera-roja-trenzado-y-apantallado-rf120","status":"publish","type":"product","link":"https:\/\/anber.es\/web\/producto\/cable-manguera-roja-trenzado-y-apantallado-rf120\/","title":{"rendered":"Cable manguera roja trenzado y apantallado RF120&#8242;"},"content":{"rendered":"<p>El<strong> cable manguera roja trenzado y apantallado RF120&#8242;<\/strong> es un cable resistente al fuego que mantiene activo el circuito durante 120 minutos.<\/p>\n<p>Es un cable libre de hal\u00f3genos habitual en detecci\u00f3n de incendio y sistemas de megafon\u00eda e iluminaci\u00f3n de emergencia.<\/p>\n<p><b>Conductor:<\/b> cobre flexible pulido.<br \/>\n<b>Aislante: <\/b>S1 silicona Ceramizante CR1 de color rojo y negro. Trenzado con m\u00e1s de 25 vueltas\/m. Resistente al fuego.<br \/>\n<b>Pantalla:<\/b> cinta de aluminio Mylar con hilo flexible de drenaje.<br \/>\n<b>Exterior:<\/b> poliolefina libre de hal\u00f3genos de color rojo.<br \/>\n<b>Temperatura servicio: <\/b>-20\u00baC \/ +70\u00baC.<br \/>\n<b>Velocidad de propagaci\u00f3n:<\/b> &lt;70%.<\/p>\n<p>Posibilidad de suministrar el cable entubado (referencia: DVC0300001C0).<\/p>\n<p>Referencia: DVC0300001.<\/p>\n<p><a href=\"\/web\/wp-content\/uploads\/2025\/02\/Ficha_tecnica-cable_manguera_roja_trenzado_y_apantallado_RF120.pdf\" target=\"_blank\" rel=\"noopener noreferrer\"><button>Descarga ficha<\/button><\/a><br \/>\n<a class=\"insta-link\" href=\"https:\/\/www.instagram.com\/aqlproteccion\/?hl=es\" target=\"_blank\" rel=\"noopener noreferrer\">Instagram<\/a><\/p>\n","protected":false},"excerpt":{"rendered":"<p>El cable manguera roja trenzado y apantallado RF120&#8242; es un cable flexible resistente al fuego que mantiene activo el circuito durante 120 min.<\/p>\n","protected":false},"featured_media":9882,"template":"","meta":[],"product_cat":[23,226],"product_tag":[],"yoast_head":"<!-- This site is optimized with the Yoast SEO plugin v22.1 - https:\/\/yoast.com\/wordpress\/plugins\/seo\/ -->\n<title>Cable manguera roja trenzado y apantallado RF120&#039; - Anber<\/title>\n<meta name=\"description\" content=\"El cable manguera roja trenzado y apantallado RF120&#039; es un cable flexible resistente al fuego que mantiene activo el circuito durante 120 min.\" \/>\n<meta name=\"robots\" content=\"index, follow, max-snippet:-1, max-image-preview:large, max-video-preview:-1\" \/>\n<link rel=\"canonical\" href=\"https:\/\/anber.es\/web\/producto\/cable-manguera-roja-trenzado-y-apantallado-rf120\/\" \/>\n<meta property=\"og:locale\" content=\"es_ES\" \/>\n<meta property=\"og:type\" content=\"article\" \/>\n<meta property=\"og:title\" content=\"Cable manguera roja trenzado y apantallado RF120&#039; - Anber\" \/>\n<meta property=\"og:description\" content=\"El cable manguera roja trenzado y apantallado RF120&#039; es un cable flexible resistente al fuego que mantiene activo el circuito durante 120 min.\" \/>\n<meta property=\"og:url\" content=\"https:\/\/anber.es\/web\/producto\/cable-manguera-roja-trenzado-y-apantallado-rf120\/\" \/>\n<meta property=\"og:site_name\" content=\"Anber\" \/>\n<meta property=\"article:modified_time\" content=\"2025-02-21T11:54:59+00:00\" \/>\n<meta property=\"og:image\" content=\"https:\/\/anber.es\/web\/wp-content\/uploads\/2025\/02\/cable_manguera_roja_trenzado_y_apantallado_RF120.webp\" \/>\n\t<meta property=\"og:image:width\" content=\"1000\" \/>\n\t<meta property=\"og:image:height\" content=\"1000\" \/>\n\t<meta property=\"og:image:type\" content=\"image\/webp\" \/>\n<meta name=\"twitter:card\" content=\"summary_large_image\" \/>\n<meta name=\"twitter:label1\" content=\"Tiempo de lectura\" \/>\n\t<meta name=\"twitter:data1\" content=\"1 minuto\" \/>\n<script type=\"application\/ld+json\" class=\"yoast-schema-graph\">{\"@context\":\"https:\/\/schema.org\",\"@graph\":[{\"@type\":\"WebPage\",\"@id\":\"https:\/\/anber.es\/web\/producto\/cable-manguera-roja-trenzado-y-apantallado-rf120\/\",\"url\":\"https:\/\/anber.es\/web\/producto\/cable-manguera-roja-trenzado-y-apantallado-rf120\/\",\"name\":\"Cable manguera roja trenzado y apantallado RF120' - Anber\",\"isPartOf\":{\"@id\":\"https:\/\/anber.es\/web\/#website\"},\"datePublished\":\"2021-11-18T09:23:41+00:00\",\"dateModified\":\"2025-02-21T11:54:59+00:00\",\"description\":\"El cable manguera roja trenzado y apantallado RF120' es un cable flexible resistente al fuego que mantiene activo el circuito durante 120 min.\",\"breadcrumb\":{\"@id\":\"https:\/\/anber.es\/web\/producto\/cable-manguera-roja-trenzado-y-apantallado-rf120\/#breadcrumb\"},\"inLanguage\":\"es\",\"potentialAction\":[{\"@type\":\"ReadAction\",\"target\":[\"https:\/\/anber.es\/web\/producto\/cable-manguera-roja-trenzado-y-apantallado-rf120\/\"]}]},{\"@type\":\"BreadcrumbList\",\"@id\":\"https:\/\/anber.es\/web\/producto\/cable-manguera-roja-trenzado-y-apantallado-rf120\/#breadcrumb\",\"itemListElement\":[{\"@type\":\"ListItem\",\"position\":1,\"name\":\"Portada\",\"item\":\"https:\/\/anber.es\/web\/\"},{\"@type\":\"ListItem\",\"position\":2,\"name\":\"Productos\",\"item\":\"https:\/\/anber.es\/web\/productos\/\"},{\"@type\":\"ListItem\",\"position\":3,\"name\":\"Cable manguera roja trenzado y apantallado RF120&#8242;\"}]},{\"@type\":\"WebSite\",\"@id\":\"https:\/\/anber.es\/web\/#website\",\"url\":\"https:\/\/anber.es\/web\/\",\"name\":\"Anber\",\"description\":\"Sistemas de protecci\u00f3n contra incendios\",\"publisher\":{\"@id\":\"https:\/\/anber.es\/web\/#organization\"},\"potentialAction\":[{\"@type\":\"SearchAction\",\"target\":{\"@type\":\"EntryPoint\",\"urlTemplate\":\"https:\/\/anber.es\/web\/?s={search_term_string}\"},\"query-input\":\"required name=search_term_string\"}],\"inLanguage\":\"es\"},{\"@type\":\"Organization\",\"@id\":\"https:\/\/anber.es\/web\/#organization\",\"name\":\"Anber\",\"url\":\"https:\/\/anber.es\/web\/\",\"logo\":{\"@type\":\"ImageObject\",\"inLanguage\":\"es\",\"@id\":\"https:\/\/anber.es\/web\/#\/schema\/logo\/image\/\",\"url\":\"https:\/\/anber.es\/web\/wp-content\/uploads\/2021\/03\/logo-anber.png\",\"contentUrl\":\"https:\/\/anber.es\/web\/wp-content\/uploads\/2021\/03\/logo-anber.png\",\"width\":2208,\"height\":500,\"caption\":\"Anber\"},\"image\":{\"@id\":\"https:\/\/anber.es\/web\/#\/schema\/logo\/image\/\"}}]}<\/script>\n<!-- \/ Yoast SEO plugin. -->","yoast_head_json":{"title":"Cable manguera roja trenzado y apantallado RF120' - Anber","description":"El cable manguera roja trenzado y apantallado RF120' es un cable flexible resistente al fuego que mantiene activo el circuito durante 120 min.","robots":{"index":"index","follow":"follow","max-snippet":"max-snippet:-1","max-image-preview":"max-image-preview:large","max-video-preview":"max-video-preview:-1"},"canonical":"https:\/\/anber.es\/web\/producto\/cable-manguera-roja-trenzado-y-apantallado-rf120\/","og_locale":"es_ES","og_type":"article","og_title":"Cable manguera roja trenzado y apantallado RF120' - Anber","og_description":"El cable manguera roja trenzado y apantallado RF120' es un cable flexible resistente al fuego que mantiene activo el circuito durante 120 min.","og_url":"https:\/\/anber.es\/web\/producto\/cable-manguera-roja-trenzado-y-apantallado-rf120\/","og_site_name":"Anber","article_modified_time":"2025-02-21T11:54:59+00:00","og_image":[{"width":1000,"height":1000,"url":"https:\/\/anber.es\/web\/wp-content\/uploads\/2025\/02\/cable_manguera_roja_trenzado_y_apantallado_RF120.webp","type":"image\/webp"}],"twitter_card":"summary_large_image","twitter_misc":{"Tiempo de lectura":"1 minuto"},"schema":{"@context":"https:\/\/schema.org","@graph":[{"@type":"WebPage","@id":"https:\/\/anber.es\/web\/producto\/cable-manguera-roja-trenzado-y-apantallado-rf120\/","url":"https:\/\/anber.es\/web\/producto\/cable-manguera-roja-trenzado-y-apantallado-rf120\/","name":"Cable manguera roja trenzado y apantallado RF120' - Anber","isPartOf":{"@id":"https:\/\/anber.es\/web\/#website"},"datePublished":"2021-11-18T09:23:41+00:00","dateModified":"2025-02-21T11:54:59+00:00","description":"El cable manguera roja trenzado y apantallado RF120' es un cable flexible resistente al fuego que mantiene activo el circuito durante 120 min.","breadcrumb":{"@id":"https:\/\/anber.es\/web\/producto\/cable-manguera-roja-trenzado-y-apantallado-rf120\/#breadcrumb"},"inLanguage":"es","potentialAction":[{"@type":"ReadAction","target":["https:\/\/anber.es\/web\/producto\/cable-manguera-roja-trenzado-y-apantallado-rf120\/"]}]},{"@type":"BreadcrumbList","@id":"https:\/\/anber.es\/web\/producto\/cable-manguera-roja-trenzado-y-apantallado-rf120\/#breadcrumb","itemListElement":[{"@type":"ListItem","position":1,"name":"Portada","item":"https:\/\/anber.es\/web\/"},{"@type":"ListItem","position":2,"name":"Productos","item":"https:\/\/anber.es\/web\/productos\/"},{"@type":"ListItem","position":3,"name":"Cable manguera roja trenzado y apantallado RF120&#8242;"}]},{"@type":"WebSite","@id":"https:\/\/anber.es\/web\/#website","url":"https:\/\/anber.es\/web\/","name":"Anber","description":"Sistemas de protecci\u00f3n contra incendios","publisher":{"@id":"https:\/\/anber.es\/web\/#organization"},"potentialAction":[{"@type":"SearchAction","target":{"@type":"EntryPoint","urlTemplate":"https:\/\/anber.es\/web\/?s={search_term_string}"},"query-input":"required name=search_term_string"}],"inLanguage":"es"},{"@type":"Organization","@id":"https:\/\/anber.es\/web\/#organization","name":"Anber","url":"https:\/\/anber.es\/web\/","logo":{"@type":"ImageObject","inLanguage":"es","@id":"https:\/\/anber.es\/web\/#\/schema\/logo\/image\/","url":"https:\/\/anber.es\/web\/wp-content\/uploads\/2021\/03\/logo-anber.png","contentUrl":"https:\/\/anber.es\/web\/wp-content\/uploads\/2021\/03\/logo-anber.png","width":2208,"height":500,"caption":"Anber"},"image":{"@id":"https:\/\/anber.es\/web\/#\/schema\/logo\/image\/"}}]}},"_links":{"self":[{"href":"https:\/\/anber.es\/web\/wp-json\/wp\/v2\/product\/5708"}],"collection":[{"href":"https:\/\/anber.es\/web\/wp-json\/wp\/v2\/product"}],"about":[{"href":"https:\/\/anber.es\/web\/wp-json\/wp\/v2\/types\/product"}],"wp:featuredmedia":[{"embeddable":true,"href":"https:\/\/anber.es\/web\/wp-json\/wp\/v2\/media\/9882"}],"wp:attachment":[{"href":"https:\/\/anber.es\/web\/wp-json\/wp\/v2\/media?parent=5708"}],"wp:term":[{"taxonomy":"product_cat","embeddable":true,"href":"https:\/\/anber.es\/web\/wp-json\/wp\/v2\/product_cat?post=5708"},{"taxonomy":"product_tag","embeddable":true,"href":"https:\/\/anber.es\/web\/wp-json\/wp\/v2\/product_tag?post=5708"}],"curies":[{"name":"wp","href":"https:\/\/api.w.org\/{rel}","templated":true}]}}