{"id":5836,"date":"2021-12-10T10:23:04","date_gmt":"2021-12-10T08:23:04","guid":{"rendered":"https:\/\/anber.es\/producto\/multicollarin-intumescente-de-acero-inoxidable-aisi-430\/"},"modified":"2025-11-20T12:35:12","modified_gmt":"2025-11-20T10:35:12","slug":"multicollarin-intumescente-inox","status":"publish","type":"product","link":"https:\/\/anber.es\/web\/producto\/multicollarin-intumescente-inox\/","title":{"rendered":"Multicollar\u00edn intumescente inox"},"content":{"rendered":"<p>El <strong>multicollar intumescente inox <\/strong>es un collar\u00edn fabricado en acero inoxidable AISI 430 en su estructura exterior y aloja en su interior material intumescente, grafito.<\/p>\n<p>Gracias a su dise\u00f1o modular, permite ser cortado a medida directamente en obra, lo que lo convierte en una soluci\u00f3n vers\u00e1til e ideal cuando no se dispone de informaci\u00f3n completa sobre las condiciones exactas de instalaci\u00f3n.<\/p>\n<p>En caso de incendio la tuber\u00eda se destruye por el calor y provoca que el grafito intumescente del collar\u00edn se expanda, tomando volumen y cerrando el hueco que deja la tuber\u00eda destruida. De esta manera se impide que el humo y las llamas se propaguen.<\/p>\n<p>\u00b7 Aplicable sobre tuber\u00edas desde 30 a 315 mm de di\u00e1metro.<br \/>\n\u00b7 Medidas:<b> 3000 x 50 x 4 mm<\/b>.<br \/>\n\u00b7 Puntos de fijaci\u00f3n: 50 puntos.<br \/>\n\u00b7 Temperatura de activaci\u00f3n: 180 \u00baC.<br \/>\n\u00b7 Resistencia al fuego:<b> RF240<\/b>.<br \/>\n\u00b7 Expansi\u00f3n libre: >20:1.<\/p>\n<p>Certificado CE.<\/p>\n<p>Referencia: JCIIM3.<\/p>\n<p><a href=\"\/web\/wp-content\/uploads\/2025\/11\/Ficha_tecnica-multicollar_intumescente_inox.pdf\" target=\"_blank\" rel=\"noopener noreferrer\"><button>Descarga ficha<\/button><\/a><br \/>\n<a class=\"insta-link\" href=\"https:\/\/www.instagram.com\/aqlproteccion\/?hl=es\" target=\"_blank\" rel=\"noopener noreferrer\">Instagram<\/a><\/p>\n","protected":false},"excerpt":{"rendered":"<p>El multicollar intumescente inox es un collar\u00edn fabricado en acero inoxidable AISI 430 en su estructura exterior y aloja en su interior material intumescente, grafito. Gracias a su dise\u00f1o modular, permite ser cortado a medida directamente en obra, lo que lo convierte en una soluci\u00f3n vers\u00e1til e ideal cuando no se dispone de informaci\u00f3n completa sobre las condiciones exactas de instalaci\u00f3n.<\/p>\n","protected":false},"featured_media":10282,"template":"","meta":[],"product_cat":[223],"product_tag":[215],"yoast_head":"<!-- This site is optimized with the Yoast SEO plugin v22.1 - https:\/\/yoast.com\/wordpress\/plugins\/seo\/ -->\n<title>Multicollar\u00edn intumescente inox - Anber<\/title>\n<meta name=\"description\" content=\"El multicollar intumescente inox es un collar\u00edn fabricado en acero inoxidable AISI 430 en su estructura exterior y aloja en su interior grafito\" \/>\n<meta name=\"robots\" content=\"index, follow, max-snippet:-1, max-image-preview:large, max-video-preview:-1\" \/>\n<link rel=\"canonical\" href=\"https:\/\/anber.es\/web\/producto\/multicollarin-intumescente-inox\/\" \/>\n<meta property=\"og:locale\" content=\"es_ES\" \/>\n<meta property=\"og:type\" content=\"article\" \/>\n<meta property=\"og:title\" content=\"Multicollar\u00edn intumescente inox - Anber\" \/>\n<meta property=\"og:description\" content=\"El multicollar intumescente inox es un collar\u00edn fabricado en acero inoxidable AISI 430 en su estructura exterior y aloja en su interior grafito\" \/>\n<meta property=\"og:url\" content=\"https:\/\/anber.es\/web\/producto\/multicollarin-intumescente-inox\/\" \/>\n<meta property=\"og:site_name\" content=\"Anber\" \/>\n<meta property=\"article:modified_time\" content=\"2025-11-20T10:35:12+00:00\" \/>\n<meta property=\"og:image\" content=\"https:\/\/anber.es\/web\/wp-content\/uploads\/2025\/09\/multicollar_intumescente.webp\" \/>\n\t<meta property=\"og:image:width\" content=\"1000\" \/>\n\t<meta property=\"og:image:height\" content=\"1000\" \/>\n\t<meta property=\"og:image:type\" content=\"image\/webp\" \/>\n<meta name=\"twitter:card\" content=\"summary_large_image\" \/>\n<meta name=\"twitter:label1\" content=\"Tiempo de lectura\" \/>\n\t<meta name=\"twitter:data1\" content=\"1 minuto\" \/>\n<script type=\"application\/ld+json\" class=\"yoast-schema-graph\">{\"@context\":\"https:\/\/schema.org\",\"@graph\":[{\"@type\":\"WebPage\",\"@id\":\"https:\/\/anber.es\/web\/producto\/multicollarin-intumescente-inox\/\",\"url\":\"https:\/\/anber.es\/web\/producto\/multicollarin-intumescente-inox\/\",\"name\":\"Multicollar\u00edn intumescente inox - Anber\",\"isPartOf\":{\"@id\":\"https:\/\/anber.es\/web\/#website\"},\"datePublished\":\"2021-12-10T08:23:04+00:00\",\"dateModified\":\"2025-11-20T10:35:12+00:00\",\"description\":\"El multicollar intumescente inox es un collar\u00edn fabricado en acero inoxidable AISI 430 en su estructura exterior y aloja en su interior grafito\",\"breadcrumb\":{\"@id\":\"https:\/\/anber.es\/web\/producto\/multicollarin-intumescente-inox\/#breadcrumb\"},\"inLanguage\":\"es\",\"potentialAction\":[{\"@type\":\"ReadAction\",\"target\":[\"https:\/\/anber.es\/web\/producto\/multicollarin-intumescente-inox\/\"]}]},{\"@type\":\"BreadcrumbList\",\"@id\":\"https:\/\/anber.es\/web\/producto\/multicollarin-intumescente-inox\/#breadcrumb\",\"itemListElement\":[{\"@type\":\"ListItem\",\"position\":1,\"name\":\"Portada\",\"item\":\"https:\/\/anber.es\/web\/\"},{\"@type\":\"ListItem\",\"position\":2,\"name\":\"Productos\",\"item\":\"https:\/\/anber.es\/web\/productos\/\"},{\"@type\":\"ListItem\",\"position\":3,\"name\":\"Multicollar\u00edn intumescente inox\"}]},{\"@type\":\"WebSite\",\"@id\":\"https:\/\/anber.es\/web\/#website\",\"url\":\"https:\/\/anber.es\/web\/\",\"name\":\"Anber\",\"description\":\"Sistemas de protecci\u00f3n contra incendios\",\"publisher\":{\"@id\":\"https:\/\/anber.es\/web\/#organization\"},\"potentialAction\":[{\"@type\":\"SearchAction\",\"target\":{\"@type\":\"EntryPoint\",\"urlTemplate\":\"https:\/\/anber.es\/web\/?s={search_term_string}\"},\"query-input\":\"required name=search_term_string\"}],\"inLanguage\":\"es\"},{\"@type\":\"Organization\",\"@id\":\"https:\/\/anber.es\/web\/#organization\",\"name\":\"Anber\",\"url\":\"https:\/\/anber.es\/web\/\",\"logo\":{\"@type\":\"ImageObject\",\"inLanguage\":\"es\",\"@id\":\"https:\/\/anber.es\/web\/#\/schema\/logo\/image\/\",\"url\":\"https:\/\/anber.es\/web\/wp-content\/uploads\/2021\/03\/logo-anber.png\",\"contentUrl\":\"https:\/\/anber.es\/web\/wp-content\/uploads\/2021\/03\/logo-anber.png\",\"width\":2208,\"height\":500,\"caption\":\"Anber\"},\"image\":{\"@id\":\"https:\/\/anber.es\/web\/#\/schema\/logo\/image\/\"}}]}<\/script>\n<!-- \/ Yoast SEO plugin. -->","yoast_head_json":{"title":"Multicollar\u00edn intumescente inox - Anber","description":"El multicollar intumescente inox es un collar\u00edn fabricado en acero inoxidable AISI 430 en su estructura exterior y aloja en su interior grafito","robots":{"index":"index","follow":"follow","max-snippet":"max-snippet:-1","max-image-preview":"max-image-preview:large","max-video-preview":"max-video-preview:-1"},"canonical":"https:\/\/anber.es\/web\/producto\/multicollarin-intumescente-inox\/","og_locale":"es_ES","og_type":"article","og_title":"Multicollar\u00edn intumescente inox - Anber","og_description":"El multicollar intumescente inox es un collar\u00edn fabricado en acero inoxidable AISI 430 en su estructura exterior y aloja en su interior grafito","og_url":"https:\/\/anber.es\/web\/producto\/multicollarin-intumescente-inox\/","og_site_name":"Anber","article_modified_time":"2025-11-20T10:35:12+00:00","og_image":[{"width":1000,"height":1000,"url":"https:\/\/anber.es\/web\/wp-content\/uploads\/2025\/09\/multicollar_intumescente.webp","type":"image\/webp"}],"twitter_card":"summary_large_image","twitter_misc":{"Tiempo de lectura":"1 minuto"},"schema":{"@context":"https:\/\/schema.org","@graph":[{"@type":"WebPage","@id":"https:\/\/anber.es\/web\/producto\/multicollarin-intumescente-inox\/","url":"https:\/\/anber.es\/web\/producto\/multicollarin-intumescente-inox\/","name":"Multicollar\u00edn intumescente inox - Anber","isPartOf":{"@id":"https:\/\/anber.es\/web\/#website"},"datePublished":"2021-12-10T08:23:04+00:00","dateModified":"2025-11-20T10:35:12+00:00","description":"El multicollar intumescente inox es un collar\u00edn fabricado en acero inoxidable AISI 430 en su estructura exterior y aloja en su interior grafito","breadcrumb":{"@id":"https:\/\/anber.es\/web\/producto\/multicollarin-intumescente-inox\/#breadcrumb"},"inLanguage":"es","potentialAction":[{"@type":"ReadAction","target":["https:\/\/anber.es\/web\/producto\/multicollarin-intumescente-inox\/"]}]},{"@type":"BreadcrumbList","@id":"https:\/\/anber.es\/web\/producto\/multicollarin-intumescente-inox\/#breadcrumb","itemListElement":[{"@type":"ListItem","position":1,"name":"Portada","item":"https:\/\/anber.es\/web\/"},{"@type":"ListItem","position":2,"name":"Productos","item":"https:\/\/anber.es\/web\/productos\/"},{"@type":"ListItem","position":3,"name":"Multicollar\u00edn intumescente inox"}]},{"@type":"WebSite","@id":"https:\/\/anber.es\/web\/#website","url":"https:\/\/anber.es\/web\/","name":"Anber","description":"Sistemas de protecci\u00f3n contra incendios","publisher":{"@id":"https:\/\/anber.es\/web\/#organization"},"potentialAction":[{"@type":"SearchAction","target":{"@type":"EntryPoint","urlTemplate":"https:\/\/anber.es\/web\/?s={search_term_string}"},"query-input":"required name=search_term_string"}],"inLanguage":"es"},{"@type":"Organization","@id":"https:\/\/anber.es\/web\/#organization","name":"Anber","url":"https:\/\/anber.es\/web\/","logo":{"@type":"ImageObject","inLanguage":"es","@id":"https:\/\/anber.es\/web\/#\/schema\/logo\/image\/","url":"https:\/\/anber.es\/web\/wp-content\/uploads\/2021\/03\/logo-anber.png","contentUrl":"https:\/\/anber.es\/web\/wp-content\/uploads\/2021\/03\/logo-anber.png","width":2208,"height":500,"caption":"Anber"},"image":{"@id":"https:\/\/anber.es\/web\/#\/schema\/logo\/image\/"}}]}},"_links":{"self":[{"href":"https:\/\/anber.es\/web\/wp-json\/wp\/v2\/product\/5836"}],"collection":[{"href":"https:\/\/anber.es\/web\/wp-json\/wp\/v2\/product"}],"about":[{"href":"https:\/\/anber.es\/web\/wp-json\/wp\/v2\/types\/product"}],"wp:featuredmedia":[{"embeddable":true,"href":"https:\/\/anber.es\/web\/wp-json\/wp\/v2\/media\/10282"}],"wp:attachment":[{"href":"https:\/\/anber.es\/web\/wp-json\/wp\/v2\/media?parent=5836"}],"wp:term":[{"taxonomy":"product_cat","embeddable":true,"href":"https:\/\/anber.es\/web\/wp-json\/wp\/v2\/product_cat?post=5836"},{"taxonomy":"product_tag","embeddable":true,"href":"https:\/\/anber.es\/web\/wp-json\/wp\/v2\/product_tag?post=5836"}],"curies":[{"name":"wp","href":"https:\/\/api.w.org\/{rel}","templated":true}]}}