{"id":5871,"date":"2021-12-13T11:34:38","date_gmt":"2021-12-13T09:34:38","guid":{"rendered":"https:\/\/anber.es\/producto\/sirena-con-led-ybo-bsb2\/"},"modified":"2023-08-23T09:23:06","modified_gmt":"2023-08-23T07:23:06","slug":"sirena-con-led-ybo-bsb2","status":"publish","type":"product","link":"https:\/\/anber.es\/web\/producto\/sirena-con-led-ybo-bsb2\/","title":{"rendered":"Sirena con LED YBO-BSB2"},"content":{"rendered":"<p>La<strong> sirena con LED YBO-BSB2 <\/strong>es una base ac\u00fastica alimentada por bucle direccionable que cumple con la norma EN54-23 con calificaci\u00f3n &#8216;O&#8217; con baliza integrada, dise\u00f1ada de forma innovadora para ofrecer una <b>gama de tonos y vol\u00famenes con una salida m\u00e1xima de hasta 98 \u200b\u200bdB (A) (\u00b1 2 dB (A)) con bajo consumo de corriente<\/b>.<\/p>\n<p>La unidad est\u00e1 dise\u00f1ada para adaptarse a la base est\u00e1ndar (YBN-R\/3) o la base aislante (YBN-3\/3 (SCI)) y se puede instalar con cualquiera de los sensores, balizas o indicadores remotos de la gama ESP.<\/p>\n<p>La sirena tiene una clasificaci\u00f3n de protecci\u00f3n de ingreso IP21 y solo para uso interno.<\/p>\n<p>Existen dos modelos, una con el <b>LED de color blanco y otra con el LED de color rojo<\/b>.<\/p>\n<p>Referencia LED rojo: DASYBOBSB2RL.<br \/>\nReferencia LED blanco: DASYBOBSB2WL.<\/p>\n<p><a href=\"\/web\/wp-content\/uploads\/2021\/12\/Ficha_tecnica-sirena_con_luz_YBO-BSB2.pdf\" target=\"_blank\" rel=\"noopener noreferrer\"><button>Descarga ficha<\/button><\/a><br \/>\n<a class=\"insta-link\" href=\"https:\/\/www.instagram.com\/aqlproteccion\/?hl=es\" target=\"_blank\" rel=\"noopener noreferrer\">Instagram<\/a>  <\/p>\n","protected":false},"excerpt":{"rendered":"<p>La sirena YBO-BSB2 es una base ac\u00fastica alimentada por bucle direccionable que cumple con la norma EN54-23 con calificaci\u00f3n O.<\/p>\n","protected":false},"featured_media":8886,"template":"","meta":[],"product_cat":[48,146,23],"product_tag":[],"yoast_head":"<!-- This site is optimized with the Yoast SEO plugin v22.1 - https:\/\/yoast.com\/wordpress\/plugins\/seo\/ -->\n<title>Sirena con LED YBO-BSB2 - Anber<\/title>\n<meta name=\"description\" content=\"La sirena YBO-BSB2 es una base ac\u00fastica alimentada por bucle direccionable que cumple con la norma EN54-23 con calificaci\u00f3n O.\" \/>\n<meta name=\"robots\" content=\"index, follow, max-snippet:-1, max-image-preview:large, max-video-preview:-1\" \/>\n<link rel=\"canonical\" href=\"https:\/\/anber.es\/web\/producto\/sirena-con-led-ybo-bsb2\/\" \/>\n<meta property=\"og:locale\" content=\"es_ES\" \/>\n<meta property=\"og:type\" content=\"article\" \/>\n<meta property=\"og:title\" content=\"Sirena con LED YBO-BSB2 - Anber\" \/>\n<meta property=\"og:description\" content=\"La sirena YBO-BSB2 es una base ac\u00fastica alimentada por bucle direccionable que cumple con la norma EN54-23 con calificaci\u00f3n O.\" \/>\n<meta property=\"og:url\" content=\"https:\/\/anber.es\/web\/producto\/sirena-con-led-ybo-bsb2\/\" \/>\n<meta property=\"og:site_name\" content=\"Anber\" \/>\n<meta property=\"article:modified_time\" content=\"2023-08-23T07:23:06+00:00\" \/>\n<meta property=\"og:image\" content=\"https:\/\/anber.es\/web\/wp-content\/uploads\/2023\/08\/sirena_con_led_YBO-BSB2.webp\" \/>\n\t<meta property=\"og:image:width\" content=\"1000\" \/>\n\t<meta property=\"og:image:height\" content=\"1000\" \/>\n\t<meta property=\"og:image:type\" content=\"image\/webp\" \/>\n<meta name=\"twitter:card\" content=\"summary_large_image\" \/>\n<meta name=\"twitter:label1\" content=\"Tiempo de lectura\" \/>\n\t<meta name=\"twitter:data1\" content=\"1 minuto\" \/>\n<script type=\"application\/ld+json\" class=\"yoast-schema-graph\">{\"@context\":\"https:\/\/schema.org\",\"@graph\":[{\"@type\":\"WebPage\",\"@id\":\"https:\/\/anber.es\/web\/producto\/sirena-con-led-ybo-bsb2\/\",\"url\":\"https:\/\/anber.es\/web\/producto\/sirena-con-led-ybo-bsb2\/\",\"name\":\"Sirena con LED YBO-BSB2 - Anber\",\"isPartOf\":{\"@id\":\"https:\/\/anber.es\/web\/#website\"},\"datePublished\":\"2021-12-13T09:34:38+00:00\",\"dateModified\":\"2023-08-23T07:23:06+00:00\",\"description\":\"La sirena YBO-BSB2 es una base ac\u00fastica alimentada por bucle direccionable que cumple con la norma EN54-23 con calificaci\u00f3n O.\",\"breadcrumb\":{\"@id\":\"https:\/\/anber.es\/web\/producto\/sirena-con-led-ybo-bsb2\/#breadcrumb\"},\"inLanguage\":\"es\",\"potentialAction\":[{\"@type\":\"ReadAction\",\"target\":[\"https:\/\/anber.es\/web\/producto\/sirena-con-led-ybo-bsb2\/\"]}]},{\"@type\":\"BreadcrumbList\",\"@id\":\"https:\/\/anber.es\/web\/producto\/sirena-con-led-ybo-bsb2\/#breadcrumb\",\"itemListElement\":[{\"@type\":\"ListItem\",\"position\":1,\"name\":\"Portada\",\"item\":\"https:\/\/anber.es\/web\/\"},{\"@type\":\"ListItem\",\"position\":2,\"name\":\"Productos\",\"item\":\"https:\/\/anber.es\/web\/productos\/\"},{\"@type\":\"ListItem\",\"position\":3,\"name\":\"Sirena con LED YBO-BSB2\"}]},{\"@type\":\"WebSite\",\"@id\":\"https:\/\/anber.es\/web\/#website\",\"url\":\"https:\/\/anber.es\/web\/\",\"name\":\"Anber\",\"description\":\"Sistemas de protecci\u00f3n contra incendios\",\"publisher\":{\"@id\":\"https:\/\/anber.es\/web\/#organization\"},\"potentialAction\":[{\"@type\":\"SearchAction\",\"target\":{\"@type\":\"EntryPoint\",\"urlTemplate\":\"https:\/\/anber.es\/web\/?s={search_term_string}\"},\"query-input\":\"required name=search_term_string\"}],\"inLanguage\":\"es\"},{\"@type\":\"Organization\",\"@id\":\"https:\/\/anber.es\/web\/#organization\",\"name\":\"Anber\",\"url\":\"https:\/\/anber.es\/web\/\",\"logo\":{\"@type\":\"ImageObject\",\"inLanguage\":\"es\",\"@id\":\"https:\/\/anber.es\/web\/#\/schema\/logo\/image\/\",\"url\":\"https:\/\/anber.es\/web\/wp-content\/uploads\/2021\/03\/logo-anber.png\",\"contentUrl\":\"https:\/\/anber.es\/web\/wp-content\/uploads\/2021\/03\/logo-anber.png\",\"width\":2208,\"height\":500,\"caption\":\"Anber\"},\"image\":{\"@id\":\"https:\/\/anber.es\/web\/#\/schema\/logo\/image\/\"}}]}<\/script>\n<!-- \/ Yoast SEO plugin. -->","yoast_head_json":{"title":"Sirena con LED YBO-BSB2 - Anber","description":"La sirena YBO-BSB2 es una base ac\u00fastica alimentada por bucle direccionable que cumple con la norma EN54-23 con calificaci\u00f3n O.","robots":{"index":"index","follow":"follow","max-snippet":"max-snippet:-1","max-image-preview":"max-image-preview:large","max-video-preview":"max-video-preview:-1"},"canonical":"https:\/\/anber.es\/web\/producto\/sirena-con-led-ybo-bsb2\/","og_locale":"es_ES","og_type":"article","og_title":"Sirena con LED YBO-BSB2 - Anber","og_description":"La sirena YBO-BSB2 es una base ac\u00fastica alimentada por bucle direccionable que cumple con la norma EN54-23 con calificaci\u00f3n O.","og_url":"https:\/\/anber.es\/web\/producto\/sirena-con-led-ybo-bsb2\/","og_site_name":"Anber","article_modified_time":"2023-08-23T07:23:06+00:00","og_image":[{"width":1000,"height":1000,"url":"https:\/\/anber.es\/web\/wp-content\/uploads\/2023\/08\/sirena_con_led_YBO-BSB2.webp","type":"image\/webp"}],"twitter_card":"summary_large_image","twitter_misc":{"Tiempo de lectura":"1 minuto"},"schema":{"@context":"https:\/\/schema.org","@graph":[{"@type":"WebPage","@id":"https:\/\/anber.es\/web\/producto\/sirena-con-led-ybo-bsb2\/","url":"https:\/\/anber.es\/web\/producto\/sirena-con-led-ybo-bsb2\/","name":"Sirena con LED YBO-BSB2 - Anber","isPartOf":{"@id":"https:\/\/anber.es\/web\/#website"},"datePublished":"2021-12-13T09:34:38+00:00","dateModified":"2023-08-23T07:23:06+00:00","description":"La sirena YBO-BSB2 es una base ac\u00fastica alimentada por bucle direccionable que cumple con la norma EN54-23 con calificaci\u00f3n O.","breadcrumb":{"@id":"https:\/\/anber.es\/web\/producto\/sirena-con-led-ybo-bsb2\/#breadcrumb"},"inLanguage":"es","potentialAction":[{"@type":"ReadAction","target":["https:\/\/anber.es\/web\/producto\/sirena-con-led-ybo-bsb2\/"]}]},{"@type":"BreadcrumbList","@id":"https:\/\/anber.es\/web\/producto\/sirena-con-led-ybo-bsb2\/#breadcrumb","itemListElement":[{"@type":"ListItem","position":1,"name":"Portada","item":"https:\/\/anber.es\/web\/"},{"@type":"ListItem","position":2,"name":"Productos","item":"https:\/\/anber.es\/web\/productos\/"},{"@type":"ListItem","position":3,"name":"Sirena con LED YBO-BSB2"}]},{"@type":"WebSite","@id":"https:\/\/anber.es\/web\/#website","url":"https:\/\/anber.es\/web\/","name":"Anber","description":"Sistemas de protecci\u00f3n contra incendios","publisher":{"@id":"https:\/\/anber.es\/web\/#organization"},"potentialAction":[{"@type":"SearchAction","target":{"@type":"EntryPoint","urlTemplate":"https:\/\/anber.es\/web\/?s={search_term_string}"},"query-input":"required name=search_term_string"}],"inLanguage":"es"},{"@type":"Organization","@id":"https:\/\/anber.es\/web\/#organization","name":"Anber","url":"https:\/\/anber.es\/web\/","logo":{"@type":"ImageObject","inLanguage":"es","@id":"https:\/\/anber.es\/web\/#\/schema\/logo\/image\/","url":"https:\/\/anber.es\/web\/wp-content\/uploads\/2021\/03\/logo-anber.png","contentUrl":"https:\/\/anber.es\/web\/wp-content\/uploads\/2021\/03\/logo-anber.png","width":2208,"height":500,"caption":"Anber"},"image":{"@id":"https:\/\/anber.es\/web\/#\/schema\/logo\/image\/"}}]}},"_links":{"self":[{"href":"https:\/\/anber.es\/web\/wp-json\/wp\/v2\/product\/5871"}],"collection":[{"href":"https:\/\/anber.es\/web\/wp-json\/wp\/v2\/product"}],"about":[{"href":"https:\/\/anber.es\/web\/wp-json\/wp\/v2\/types\/product"}],"wp:featuredmedia":[{"embeddable":true,"href":"https:\/\/anber.es\/web\/wp-json\/wp\/v2\/media\/8886"}],"wp:attachment":[{"href":"https:\/\/anber.es\/web\/wp-json\/wp\/v2\/media?parent=5871"}],"wp:term":[{"taxonomy":"product_cat","embeddable":true,"href":"https:\/\/anber.es\/web\/wp-json\/wp\/v2\/product_cat?post=5871"},{"taxonomy":"product_tag","embeddable":true,"href":"https:\/\/anber.es\/web\/wp-json\/wp\/v2\/product_tag?post=5871"}],"curies":[{"name":"wp","href":"https:\/\/api.w.org\/{rel}","templated":true}]}}