{"id":6188,"date":"2021-12-29T11:15:31","date_gmt":"2021-12-29T09:15:31","guid":{"rendered":"https:\/\/anber.es\/producto\/detector-de-dioxido-de-nitrogeno\/"},"modified":"2025-01-14T10:52:13","modified_gmt":"2025-01-14T08:52:13","slug":"detector-de-dioxido-de-nitrogeno","status":"publish","type":"product","link":"https:\/\/anber.es\/web\/producto\/detector-de-dioxido-de-nitrogeno\/","title":{"rendered":"Detector de di\u00f3xido de nitr\u00f3geno"},"content":{"rendered":"<p>El <strong>detector de di\u00f3xido de nitr\u00f3geno<\/strong> utiliza un sensor de di\u00f3xido de nitr\u00f3geno basado en una c\u00e9lula electroqu\u00edmica.<\/p>\n<p>Estos sensores est\u00e1n alojados en una carcasa de pl\u00e1stico de forma circular que <b>protege a la c\u00e9lula y aloja la electr\u00f3nica de control<\/b>. Mediante unas peque\u00f1as ranuras permite el paso del aire que rodea al detector, para as\u00ed poder determinar las concentraciones de mon\u00f3xido de carbono.<\/p>\n<p>El detector de di\u00f3xido de nitr\u00f3geno dispone de una base para la correcta fijaci\u00f3n y para su conexionado, con espacio suficiente para la entrada de tubo de 20mm. <\/p>\n<p>Su uni\u00f3n se realiza mediante un sistema de encajado circular que hace muy sencillo todo el procedimiento de instalaci\u00f3n.<\/p>\n<p>Referencia: DCDUDNO2.<\/p>\n<p><a href=\"\/web\/wp-content\/uploads\/2025\/01\/Ficha_tecnica-detector_dioxido_de_nitrogeno_NO2.pdf\" target=\"_blank\" rel=\"noopener noreferrer\"><button>Descarga ficha<\/button><\/a><br \/>\n<a class=\"insta-link\" href=\"https:\/\/www.instagram.com\/aqlproteccion\/?hl=es\" target=\"_blank\" rel=\"noopener noreferrer\">Instagram<\/a><\/p>\n","protected":false},"excerpt":{"rendered":"<p>El detector de di\u00f3xido de nitr\u00f3geno utiliza un sensor de di\u00f3xido de nitr\u00f3geno basado en una c\u00e9lula electroqu\u00edmica.<\/p>\n","protected":false},"featured_media":6187,"template":"","meta":[],"product_cat":[153,50,23],"product_tag":[],"yoast_head":"<!-- This site is optimized with the Yoast SEO plugin v22.1 - https:\/\/yoast.com\/wordpress\/plugins\/seo\/ -->\n<title>Detector de di\u00f3xido de nitr\u00f3geno - Anber<\/title>\n<meta name=\"description\" content=\"El detector de di\u00f3xido de nitr\u00f3geno utiliza un sensor de di\u00f3xido de nitr\u00f3geno basado en una c\u00e9lula electroqu\u00edmica.\" \/>\n<meta name=\"robots\" content=\"index, follow, max-snippet:-1, max-image-preview:large, max-video-preview:-1\" \/>\n<link rel=\"canonical\" href=\"https:\/\/anber.es\/web\/producto\/detector-de-dioxido-de-nitrogeno\/\" \/>\n<meta property=\"og:locale\" content=\"es_ES\" \/>\n<meta property=\"og:type\" content=\"article\" \/>\n<meta property=\"og:title\" content=\"Detector de di\u00f3xido de nitr\u00f3geno - Anber\" \/>\n<meta property=\"og:description\" content=\"El detector de di\u00f3xido de nitr\u00f3geno utiliza un sensor de di\u00f3xido de nitr\u00f3geno basado en una c\u00e9lula electroqu\u00edmica.\" \/>\n<meta property=\"og:url\" content=\"https:\/\/anber.es\/web\/producto\/detector-de-dioxido-de-nitrogeno\/\" \/>\n<meta property=\"og:site_name\" content=\"Anber\" \/>\n<meta property=\"article:modified_time\" content=\"2025-01-14T08:52:13+00:00\" \/>\n<meta property=\"og:image\" content=\"https:\/\/anber.es\/web\/wp-content\/uploads\/2021\/12\/detector_dioxido_de_nitrogeno_NO2.jpg\" \/>\n\t<meta property=\"og:image:width\" content=\"1000\" \/>\n\t<meta property=\"og:image:height\" content=\"1000\" \/>\n\t<meta property=\"og:image:type\" content=\"image\/jpeg\" \/>\n<meta name=\"twitter:card\" content=\"summary_large_image\" \/>\n<meta name=\"twitter:label1\" content=\"Tiempo de lectura\" \/>\n\t<meta name=\"twitter:data1\" content=\"1 minuto\" \/>\n<script type=\"application\/ld+json\" class=\"yoast-schema-graph\">{\"@context\":\"https:\/\/schema.org\",\"@graph\":[{\"@type\":\"WebPage\",\"@id\":\"https:\/\/anber.es\/web\/producto\/detector-de-dioxido-de-nitrogeno\/\",\"url\":\"https:\/\/anber.es\/web\/producto\/detector-de-dioxido-de-nitrogeno\/\",\"name\":\"Detector de di\u00f3xido de nitr\u00f3geno - Anber\",\"isPartOf\":{\"@id\":\"https:\/\/anber.es\/web\/#website\"},\"datePublished\":\"2021-12-29T09:15:31+00:00\",\"dateModified\":\"2025-01-14T08:52:13+00:00\",\"description\":\"El detector de di\u00f3xido de nitr\u00f3geno utiliza un sensor de di\u00f3xido de nitr\u00f3geno basado en una c\u00e9lula electroqu\u00edmica.\",\"breadcrumb\":{\"@id\":\"https:\/\/anber.es\/web\/producto\/detector-de-dioxido-de-nitrogeno\/#breadcrumb\"},\"inLanguage\":\"es\",\"potentialAction\":[{\"@type\":\"ReadAction\",\"target\":[\"https:\/\/anber.es\/web\/producto\/detector-de-dioxido-de-nitrogeno\/\"]}]},{\"@type\":\"BreadcrumbList\",\"@id\":\"https:\/\/anber.es\/web\/producto\/detector-de-dioxido-de-nitrogeno\/#breadcrumb\",\"itemListElement\":[{\"@type\":\"ListItem\",\"position\":1,\"name\":\"Portada\",\"item\":\"https:\/\/anber.es\/web\/\"},{\"@type\":\"ListItem\",\"position\":2,\"name\":\"Productos\",\"item\":\"https:\/\/anber.es\/web\/productos\/\"},{\"@type\":\"ListItem\",\"position\":3,\"name\":\"Detector de di\u00f3xido de nitr\u00f3geno\"}]},{\"@type\":\"WebSite\",\"@id\":\"https:\/\/anber.es\/web\/#website\",\"url\":\"https:\/\/anber.es\/web\/\",\"name\":\"Anber\",\"description\":\"Sistemas de protecci\u00f3n contra incendios\",\"publisher\":{\"@id\":\"https:\/\/anber.es\/web\/#organization\"},\"potentialAction\":[{\"@type\":\"SearchAction\",\"target\":{\"@type\":\"EntryPoint\",\"urlTemplate\":\"https:\/\/anber.es\/web\/?s={search_term_string}\"},\"query-input\":\"required name=search_term_string\"}],\"inLanguage\":\"es\"},{\"@type\":\"Organization\",\"@id\":\"https:\/\/anber.es\/web\/#organization\",\"name\":\"Anber\",\"url\":\"https:\/\/anber.es\/web\/\",\"logo\":{\"@type\":\"ImageObject\",\"inLanguage\":\"es\",\"@id\":\"https:\/\/anber.es\/web\/#\/schema\/logo\/image\/\",\"url\":\"https:\/\/anber.es\/web\/wp-content\/uploads\/2021\/03\/logo-anber.png\",\"contentUrl\":\"https:\/\/anber.es\/web\/wp-content\/uploads\/2021\/03\/logo-anber.png\",\"width\":2208,\"height\":500,\"caption\":\"Anber\"},\"image\":{\"@id\":\"https:\/\/anber.es\/web\/#\/schema\/logo\/image\/\"}}]}<\/script>\n<!-- \/ Yoast SEO plugin. -->","yoast_head_json":{"title":"Detector de di\u00f3xido de nitr\u00f3geno - Anber","description":"El detector de di\u00f3xido de nitr\u00f3geno utiliza un sensor de di\u00f3xido de nitr\u00f3geno basado en una c\u00e9lula electroqu\u00edmica.","robots":{"index":"index","follow":"follow","max-snippet":"max-snippet:-1","max-image-preview":"max-image-preview:large","max-video-preview":"max-video-preview:-1"},"canonical":"https:\/\/anber.es\/web\/producto\/detector-de-dioxido-de-nitrogeno\/","og_locale":"es_ES","og_type":"article","og_title":"Detector de di\u00f3xido de nitr\u00f3geno - Anber","og_description":"El detector de di\u00f3xido de nitr\u00f3geno utiliza un sensor de di\u00f3xido de nitr\u00f3geno basado en una c\u00e9lula electroqu\u00edmica.","og_url":"https:\/\/anber.es\/web\/producto\/detector-de-dioxido-de-nitrogeno\/","og_site_name":"Anber","article_modified_time":"2025-01-14T08:52:13+00:00","og_image":[{"width":1000,"height":1000,"url":"https:\/\/anber.es\/web\/wp-content\/uploads\/2021\/12\/detector_dioxido_de_nitrogeno_NO2.jpg","type":"image\/jpeg"}],"twitter_card":"summary_large_image","twitter_misc":{"Tiempo de lectura":"1 minuto"},"schema":{"@context":"https:\/\/schema.org","@graph":[{"@type":"WebPage","@id":"https:\/\/anber.es\/web\/producto\/detector-de-dioxido-de-nitrogeno\/","url":"https:\/\/anber.es\/web\/producto\/detector-de-dioxido-de-nitrogeno\/","name":"Detector de di\u00f3xido de nitr\u00f3geno - Anber","isPartOf":{"@id":"https:\/\/anber.es\/web\/#website"},"datePublished":"2021-12-29T09:15:31+00:00","dateModified":"2025-01-14T08:52:13+00:00","description":"El detector de di\u00f3xido de nitr\u00f3geno utiliza un sensor de di\u00f3xido de nitr\u00f3geno basado en una c\u00e9lula electroqu\u00edmica.","breadcrumb":{"@id":"https:\/\/anber.es\/web\/producto\/detector-de-dioxido-de-nitrogeno\/#breadcrumb"},"inLanguage":"es","potentialAction":[{"@type":"ReadAction","target":["https:\/\/anber.es\/web\/producto\/detector-de-dioxido-de-nitrogeno\/"]}]},{"@type":"BreadcrumbList","@id":"https:\/\/anber.es\/web\/producto\/detector-de-dioxido-de-nitrogeno\/#breadcrumb","itemListElement":[{"@type":"ListItem","position":1,"name":"Portada","item":"https:\/\/anber.es\/web\/"},{"@type":"ListItem","position":2,"name":"Productos","item":"https:\/\/anber.es\/web\/productos\/"},{"@type":"ListItem","position":3,"name":"Detector de di\u00f3xido de nitr\u00f3geno"}]},{"@type":"WebSite","@id":"https:\/\/anber.es\/web\/#website","url":"https:\/\/anber.es\/web\/","name":"Anber","description":"Sistemas de protecci\u00f3n contra incendios","publisher":{"@id":"https:\/\/anber.es\/web\/#organization"},"potentialAction":[{"@type":"SearchAction","target":{"@type":"EntryPoint","urlTemplate":"https:\/\/anber.es\/web\/?s={search_term_string}"},"query-input":"required name=search_term_string"}],"inLanguage":"es"},{"@type":"Organization","@id":"https:\/\/anber.es\/web\/#organization","name":"Anber","url":"https:\/\/anber.es\/web\/","logo":{"@type":"ImageObject","inLanguage":"es","@id":"https:\/\/anber.es\/web\/#\/schema\/logo\/image\/","url":"https:\/\/anber.es\/web\/wp-content\/uploads\/2021\/03\/logo-anber.png","contentUrl":"https:\/\/anber.es\/web\/wp-content\/uploads\/2021\/03\/logo-anber.png","width":2208,"height":500,"caption":"Anber"},"image":{"@id":"https:\/\/anber.es\/web\/#\/schema\/logo\/image\/"}}]}},"_links":{"self":[{"href":"https:\/\/anber.es\/web\/wp-json\/wp\/v2\/product\/6188"}],"collection":[{"href":"https:\/\/anber.es\/web\/wp-json\/wp\/v2\/product"}],"about":[{"href":"https:\/\/anber.es\/web\/wp-json\/wp\/v2\/types\/product"}],"wp:featuredmedia":[{"embeddable":true,"href":"https:\/\/anber.es\/web\/wp-json\/wp\/v2\/media\/6187"}],"wp:attachment":[{"href":"https:\/\/anber.es\/web\/wp-json\/wp\/v2\/media?parent=6188"}],"wp:term":[{"taxonomy":"product_cat","embeddable":true,"href":"https:\/\/anber.es\/web\/wp-json\/wp\/v2\/product_cat?post=6188"},{"taxonomy":"product_tag","embeddable":true,"href":"https:\/\/anber.es\/web\/wp-json\/wp\/v2\/product_tag?post=6188"}],"curies":[{"name":"wp","href":"https:\/\/api.w.org\/{rel}","templated":true}]}}