{"id":7141,"date":"2022-06-03T12:29:40","date_gmt":"2022-06-03T10:29:40","guid":{"rendered":"https:\/\/anber.es\/?post_type=product&#038;p=7141"},"modified":"2022-10-20T17:31:07","modified_gmt":"2022-10-20T15:31:07","slug":"tuberia-en10216-1-sin-soldadura","status":"publish","type":"product","link":"https:\/\/anber.es\/web\/producto\/tuberia-en10216-1-sin-soldadura\/","title":{"rendered":"Tuber\u00eda EN10216-1 sin soldadura"},"content":{"rendered":"<p>La <strong>tuber\u00eda EN10216-1 sin soldadura <\/strong>est\u00e1 fabricada con acero no aleado siendo su designaci\u00f3n simb\u00f3lica P235TR1 y su designaci\u00f3n num\u00e9rica 1.0254.<\/p>\n<p><u>Caracter\u00edsticas mec\u00e1nicas:<\/u><\/p>\n<p>L\u00edmite el\u00e1stico superior:<b> 235 <\/b>(espesor de pared m\u00e1s peque\u00f1o o igual a 16) o <b>225<\/b> (espesor de pared m\u00e1s grande que 16 y m\u00e1s peque\u00f1o de 40) o <b>215<\/b>(espesor de pared m\u00e1s grande que 40 y m\u00e1s peque\u00f1o o igual que 65) .<br \/>\nResistencia a la tracci\u00f3n: <b>350 hasta 480<\/b>.<br \/>\nAlargamiento de rotura: <b>longitudinal 25<\/b> y <b>transversal 23<\/b>.<\/p>\n<p>La tuber\u00eda EN-10216-1 con soldadura puede ser suministrada con <b>recubrimiento Epoxi RAL 3000 (rojo) o galvanizado<\/b>.<\/p>\n<p>Referencia: CT48SS.<\/p>\n<p><a href=\"\/web\/wp-content\/uploads\/2022\/06\/Ficha_tecnica-tuberia_EN10216-1_sin_soldadura.pdf\" target=\"_blank\" rel=\"noopener noreferrer\"><button>Descarga ficha<\/button><\/a><br \/>\n<a class=\"insta-link\" href=\"https:\/\/www.instagram.com\/aqlproteccion\/?hl=es\" target=\"_blank\" rel=\"noopener noreferrer\">Instagram<\/a><\/p>\n","protected":false},"excerpt":{"rendered":"<p>La tuber\u00eda EN10216-1 con soldadura est\u00e1 fabricada con acero no aleado con designaci\u00f3n simb\u00f3lica P235TR1 y su designaci\u00f3n num\u00e9rica 1.0254.<\/p>\n","protected":false},"featured_media":7139,"template":"","meta":[],"product_cat":[137,46],"product_tag":[215],"yoast_head":"<!-- This site is optimized with the Yoast SEO plugin v22.1 - https:\/\/yoast.com\/wordpress\/plugins\/seo\/ -->\n<title>Tuber\u00eda EN10216-1 sin soldadura - Anber<\/title>\n<meta name=\"description\" content=\"La tuber\u00eda EN10216-1 con soldadura est\u00e1 fabricada con acero no aleado con designaci\u00f3n simb\u00f3lica P235TR1 y su designaci\u00f3n num\u00e9rica 1.0254.\" \/>\n<meta name=\"robots\" content=\"index, follow, max-snippet:-1, max-image-preview:large, max-video-preview:-1\" \/>\n<link rel=\"canonical\" href=\"https:\/\/anber.es\/web\/producto\/tuberia-en10216-1-sin-soldadura\/\" \/>\n<meta property=\"og:locale\" content=\"es_ES\" \/>\n<meta property=\"og:type\" content=\"article\" \/>\n<meta property=\"og:title\" content=\"Tuber\u00eda EN10216-1 sin soldadura - Anber\" \/>\n<meta property=\"og:description\" content=\"La tuber\u00eda EN10216-1 con soldadura est\u00e1 fabricada con acero no aleado con designaci\u00f3n simb\u00f3lica P235TR1 y su designaci\u00f3n num\u00e9rica 1.0254.\" \/>\n<meta property=\"og:url\" content=\"https:\/\/anber.es\/web\/producto\/tuberia-en10216-1-sin-soldadura\/\" \/>\n<meta property=\"og:site_name\" content=\"Anber\" \/>\n<meta property=\"article:modified_time\" content=\"2022-10-20T15:31:07+00:00\" \/>\n<meta property=\"og:image\" content=\"https:\/\/anber.es\/web\/wp-content\/uploads\/2022\/06\/tuberia_EN10216-1_sin_soldadura.jpg\" \/>\n\t<meta property=\"og:image:width\" content=\"1000\" \/>\n\t<meta property=\"og:image:height\" content=\"1000\" \/>\n\t<meta property=\"og:image:type\" content=\"image\/jpeg\" \/>\n<meta name=\"twitter:card\" content=\"summary_large_image\" \/>\n<meta name=\"twitter:label1\" content=\"Tiempo de lectura\" \/>\n\t<meta name=\"twitter:data1\" content=\"1 minuto\" \/>\n<script type=\"application\/ld+json\" class=\"yoast-schema-graph\">{\"@context\":\"https:\/\/schema.org\",\"@graph\":[{\"@type\":\"WebPage\",\"@id\":\"https:\/\/anber.es\/web\/producto\/tuberia-en10216-1-sin-soldadura\/\",\"url\":\"https:\/\/anber.es\/web\/producto\/tuberia-en10216-1-sin-soldadura\/\",\"name\":\"Tuber\u00eda EN10216-1 sin soldadura - Anber\",\"isPartOf\":{\"@id\":\"https:\/\/anber.es\/web\/#website\"},\"datePublished\":\"2022-06-03T10:29:40+00:00\",\"dateModified\":\"2022-10-20T15:31:07+00:00\",\"description\":\"La tuber\u00eda EN10216-1 con soldadura est\u00e1 fabricada con acero no aleado con designaci\u00f3n simb\u00f3lica P235TR1 y su designaci\u00f3n num\u00e9rica 1.0254.\",\"breadcrumb\":{\"@id\":\"https:\/\/anber.es\/web\/producto\/tuberia-en10216-1-sin-soldadura\/#breadcrumb\"},\"inLanguage\":\"es\",\"potentialAction\":[{\"@type\":\"ReadAction\",\"target\":[\"https:\/\/anber.es\/web\/producto\/tuberia-en10216-1-sin-soldadura\/\"]}]},{\"@type\":\"BreadcrumbList\",\"@id\":\"https:\/\/anber.es\/web\/producto\/tuberia-en10216-1-sin-soldadura\/#breadcrumb\",\"itemListElement\":[{\"@type\":\"ListItem\",\"position\":1,\"name\":\"Portada\",\"item\":\"https:\/\/anber.es\/web\/\"},{\"@type\":\"ListItem\",\"position\":2,\"name\":\"Productos\",\"item\":\"https:\/\/anber.es\/web\/productos\/\"},{\"@type\":\"ListItem\",\"position\":3,\"name\":\"Tuber\u00eda EN10216-1 sin soldadura\"}]},{\"@type\":\"WebSite\",\"@id\":\"https:\/\/anber.es\/web\/#website\",\"url\":\"https:\/\/anber.es\/web\/\",\"name\":\"Anber\",\"description\":\"Sistemas de protecci\u00f3n contra incendios\",\"publisher\":{\"@id\":\"https:\/\/anber.es\/web\/#organization\"},\"potentialAction\":[{\"@type\":\"SearchAction\",\"target\":{\"@type\":\"EntryPoint\",\"urlTemplate\":\"https:\/\/anber.es\/web\/?s={search_term_string}\"},\"query-input\":\"required name=search_term_string\"}],\"inLanguage\":\"es\"},{\"@type\":\"Organization\",\"@id\":\"https:\/\/anber.es\/web\/#organization\",\"name\":\"Anber\",\"url\":\"https:\/\/anber.es\/web\/\",\"logo\":{\"@type\":\"ImageObject\",\"inLanguage\":\"es\",\"@id\":\"https:\/\/anber.es\/web\/#\/schema\/logo\/image\/\",\"url\":\"https:\/\/anber.es\/web\/wp-content\/uploads\/2021\/03\/logo-anber.png\",\"contentUrl\":\"https:\/\/anber.es\/web\/wp-content\/uploads\/2021\/03\/logo-anber.png\",\"width\":2208,\"height\":500,\"caption\":\"Anber\"},\"image\":{\"@id\":\"https:\/\/anber.es\/web\/#\/schema\/logo\/image\/\"}}]}<\/script>\n<!-- \/ Yoast SEO plugin. -->","yoast_head_json":{"title":"Tuber\u00eda EN10216-1 sin soldadura - Anber","description":"La tuber\u00eda EN10216-1 con soldadura est\u00e1 fabricada con acero no aleado con designaci\u00f3n simb\u00f3lica P235TR1 y su designaci\u00f3n num\u00e9rica 1.0254.","robots":{"index":"index","follow":"follow","max-snippet":"max-snippet:-1","max-image-preview":"max-image-preview:large","max-video-preview":"max-video-preview:-1"},"canonical":"https:\/\/anber.es\/web\/producto\/tuberia-en10216-1-sin-soldadura\/","og_locale":"es_ES","og_type":"article","og_title":"Tuber\u00eda EN10216-1 sin soldadura - Anber","og_description":"La tuber\u00eda EN10216-1 con soldadura est\u00e1 fabricada con acero no aleado con designaci\u00f3n simb\u00f3lica P235TR1 y su designaci\u00f3n num\u00e9rica 1.0254.","og_url":"https:\/\/anber.es\/web\/producto\/tuberia-en10216-1-sin-soldadura\/","og_site_name":"Anber","article_modified_time":"2022-10-20T15:31:07+00:00","og_image":[{"width":1000,"height":1000,"url":"https:\/\/anber.es\/web\/wp-content\/uploads\/2022\/06\/tuberia_EN10216-1_sin_soldadura.jpg","type":"image\/jpeg"}],"twitter_card":"summary_large_image","twitter_misc":{"Tiempo de lectura":"1 minuto"},"schema":{"@context":"https:\/\/schema.org","@graph":[{"@type":"WebPage","@id":"https:\/\/anber.es\/web\/producto\/tuberia-en10216-1-sin-soldadura\/","url":"https:\/\/anber.es\/web\/producto\/tuberia-en10216-1-sin-soldadura\/","name":"Tuber\u00eda EN10216-1 sin soldadura - Anber","isPartOf":{"@id":"https:\/\/anber.es\/web\/#website"},"datePublished":"2022-06-03T10:29:40+00:00","dateModified":"2022-10-20T15:31:07+00:00","description":"La tuber\u00eda EN10216-1 con soldadura est\u00e1 fabricada con acero no aleado con designaci\u00f3n simb\u00f3lica P235TR1 y su designaci\u00f3n num\u00e9rica 1.0254.","breadcrumb":{"@id":"https:\/\/anber.es\/web\/producto\/tuberia-en10216-1-sin-soldadura\/#breadcrumb"},"inLanguage":"es","potentialAction":[{"@type":"ReadAction","target":["https:\/\/anber.es\/web\/producto\/tuberia-en10216-1-sin-soldadura\/"]}]},{"@type":"BreadcrumbList","@id":"https:\/\/anber.es\/web\/producto\/tuberia-en10216-1-sin-soldadura\/#breadcrumb","itemListElement":[{"@type":"ListItem","position":1,"name":"Portada","item":"https:\/\/anber.es\/web\/"},{"@type":"ListItem","position":2,"name":"Productos","item":"https:\/\/anber.es\/web\/productos\/"},{"@type":"ListItem","position":3,"name":"Tuber\u00eda EN10216-1 sin soldadura"}]},{"@type":"WebSite","@id":"https:\/\/anber.es\/web\/#website","url":"https:\/\/anber.es\/web\/","name":"Anber","description":"Sistemas de protecci\u00f3n contra incendios","publisher":{"@id":"https:\/\/anber.es\/web\/#organization"},"potentialAction":[{"@type":"SearchAction","target":{"@type":"EntryPoint","urlTemplate":"https:\/\/anber.es\/web\/?s={search_term_string}"},"query-input":"required name=search_term_string"}],"inLanguage":"es"},{"@type":"Organization","@id":"https:\/\/anber.es\/web\/#organization","name":"Anber","url":"https:\/\/anber.es\/web\/","logo":{"@type":"ImageObject","inLanguage":"es","@id":"https:\/\/anber.es\/web\/#\/schema\/logo\/image\/","url":"https:\/\/anber.es\/web\/wp-content\/uploads\/2021\/03\/logo-anber.png","contentUrl":"https:\/\/anber.es\/web\/wp-content\/uploads\/2021\/03\/logo-anber.png","width":2208,"height":500,"caption":"Anber"},"image":{"@id":"https:\/\/anber.es\/web\/#\/schema\/logo\/image\/"}}]}},"_links":{"self":[{"href":"https:\/\/anber.es\/web\/wp-json\/wp\/v2\/product\/7141"}],"collection":[{"href":"https:\/\/anber.es\/web\/wp-json\/wp\/v2\/product"}],"about":[{"href":"https:\/\/anber.es\/web\/wp-json\/wp\/v2\/types\/product"}],"wp:featuredmedia":[{"embeddable":true,"href":"https:\/\/anber.es\/web\/wp-json\/wp\/v2\/media\/7139"}],"wp:attachment":[{"href":"https:\/\/anber.es\/web\/wp-json\/wp\/v2\/media?parent=7141"}],"wp:term":[{"taxonomy":"product_cat","embeddable":true,"href":"https:\/\/anber.es\/web\/wp-json\/wp\/v2\/product_cat?post=7141"},{"taxonomy":"product_tag","embeddable":true,"href":"https:\/\/anber.es\/web\/wp-json\/wp\/v2\/product_tag?post=7141"}],"curies":[{"name":"wp","href":"https:\/\/api.w.org\/{rel}","templated":true}]}}