{"id":7228,"date":"2022-06-16T11:38:38","date_gmt":"2022-06-16T09:38:38","guid":{"rendered":"https:\/\/anber.es\/?post_type=product&#038;p=7228"},"modified":"2022-06-16T11:41:34","modified_gmt":"2022-06-16T09:41:34","slug":"valvula-test-drain-con-toma-manometro-modelo-1000","status":"publish","type":"product","link":"https:\/\/anber.es\/web\/producto\/valvula-test-drain-con-toma-manometro-modelo-1000\/","title":{"rendered":"V\u00e1lvula Test &#038; Drain con toma man\u00f3metro modelo 1000"},"content":{"rendered":"<p>La <strong>v\u00e1lvula Test And Drain con toma man\u00f3metro modelo 1000 <\/strong>proporciona funciones de prueba y drenaje r\u00e1pido para sistemas de rociadores contra incendios (sistemas h\u00famedos y secos). <\/p>\n<p>Esta configuraci\u00f3n de v\u00e1lvula esf\u00e9rica con una sola palanca elimina la necesidad de contar con m\u00faltiples conexiones como sucede con los conjuntos de bucle tradicionales.<\/p>\n<p>Tama\u00f1os de v\u00e1lvulas: <b>3\/4\u201d, 1\u201d, 1 1\/4\u201d, 1 1\/2\u201d y 2\u201d (19mm, 25mm, 31mm, 38mm y 51mm)<\/b>.<\/p>\n<p>Opciones de orificios: <b>2,8K, 4,2K, 5,6K, 8,0K, 11,2K (ELO), 14,0K (ESFR) y 25,2K<\/b>.<\/p>\n<p>Capacidad nominal: <b>400 lb\/in2 (28 bar)<\/b>.<\/p>\n<p>Cumple con las normas: <b>NFPA 13, 13D y 13R. NYC-BSA N.\u00ba 720-87-SM <\/b>.<\/p>\n<p>Aprobaciones: <b>FM y UL\/ULC <\/b>(EX4019 y EX45333).<\/p>\n<p>Referencia: VT1000.<\/p>\n<p><a href=\"\/web\/wp-content\/uploads\/2022\/06\/Ficha_tecnica-valvula_Test_and_Drain_con_toma_manometro_modelo1000.pdf\" target=\"_blank\" rel=\"noopener noreferrer\"><button>Descarga ficha<\/button><\/a><br \/>\n<a class=\"insta-link\" href=\"https:\/\/www.instagram.com\/aqlproteccion\/?hl=es\" target=\"_blank\" rel=\"noopener noreferrer\">Instagram<\/a><\/p>\n","protected":false},"excerpt":{"rendered":"<p>La v\u00e1lvula Test And Drain con toma man\u00f3metro modelo 1000 proporciona funciones de prueba y drenaje r\u00e1pido para sistemas de rociadores.<\/p>\n","protected":false},"featured_media":7226,"template":"","meta":[],"product_cat":[45,194],"product_tag":[215],"yoast_head":"<!-- This site is optimized with the Yoast SEO plugin v22.1 - https:\/\/yoast.com\/wordpress\/plugins\/seo\/ -->\n<title>V\u00e1lvula Test &amp; Drain con toma man\u00f3metro modelo 1000 - Anber<\/title>\n<meta name=\"description\" content=\"La v\u00e1lvula Test And Drain con toma man\u00f3metro modelo 1000 proporciona funciones de prueba y drenaje r\u00e1pido para sistemas de rociadores.\" \/>\n<meta name=\"robots\" content=\"index, follow, max-snippet:-1, max-image-preview:large, max-video-preview:-1\" \/>\n<link rel=\"canonical\" href=\"https:\/\/anber.es\/web\/producto\/valvula-test-drain-con-toma-manometro-modelo-1000\/\" \/>\n<meta property=\"og:locale\" content=\"es_ES\" \/>\n<meta property=\"og:type\" content=\"article\" \/>\n<meta property=\"og:title\" content=\"V\u00e1lvula Test &amp; Drain con toma man\u00f3metro modelo 1000 - Anber\" \/>\n<meta property=\"og:description\" content=\"La v\u00e1lvula Test And Drain con toma man\u00f3metro modelo 1000 proporciona funciones de prueba y drenaje r\u00e1pido para sistemas de rociadores.\" \/>\n<meta property=\"og:url\" content=\"https:\/\/anber.es\/web\/producto\/valvula-test-drain-con-toma-manometro-modelo-1000\/\" \/>\n<meta property=\"og:site_name\" content=\"Anber\" \/>\n<meta property=\"article:modified_time\" content=\"2022-06-16T09:41:34+00:00\" \/>\n<meta property=\"og:image\" content=\"https:\/\/anber.es\/web\/wp-content\/uploads\/2022\/06\/valvula_Test_and_Drain_con_toma_manometro_modelo1000.jpg\" \/>\n\t<meta property=\"og:image:width\" content=\"1000\" \/>\n\t<meta property=\"og:image:height\" content=\"1000\" \/>\n\t<meta property=\"og:image:type\" content=\"image\/jpeg\" \/>\n<meta name=\"twitter:card\" content=\"summary_large_image\" \/>\n<meta name=\"twitter:label1\" content=\"Tiempo de lectura\" \/>\n\t<meta name=\"twitter:data1\" content=\"1 minuto\" \/>\n<script type=\"application\/ld+json\" class=\"yoast-schema-graph\">{\"@context\":\"https:\/\/schema.org\",\"@graph\":[{\"@type\":\"WebPage\",\"@id\":\"https:\/\/anber.es\/web\/producto\/valvula-test-drain-con-toma-manometro-modelo-1000\/\",\"url\":\"https:\/\/anber.es\/web\/producto\/valvula-test-drain-con-toma-manometro-modelo-1000\/\",\"name\":\"V\u00e1lvula Test & Drain con toma man\u00f3metro modelo 1000 - Anber\",\"isPartOf\":{\"@id\":\"https:\/\/anber.es\/web\/#website\"},\"datePublished\":\"2022-06-16T09:38:38+00:00\",\"dateModified\":\"2022-06-16T09:41:34+00:00\",\"description\":\"La v\u00e1lvula Test And Drain con toma man\u00f3metro modelo 1000 proporciona funciones de prueba y drenaje r\u00e1pido para sistemas de rociadores.\",\"breadcrumb\":{\"@id\":\"https:\/\/anber.es\/web\/producto\/valvula-test-drain-con-toma-manometro-modelo-1000\/#breadcrumb\"},\"inLanguage\":\"es\",\"potentialAction\":[{\"@type\":\"ReadAction\",\"target\":[\"https:\/\/anber.es\/web\/producto\/valvula-test-drain-con-toma-manometro-modelo-1000\/\"]}]},{\"@type\":\"BreadcrumbList\",\"@id\":\"https:\/\/anber.es\/web\/producto\/valvula-test-drain-con-toma-manometro-modelo-1000\/#breadcrumb\",\"itemListElement\":[{\"@type\":\"ListItem\",\"position\":1,\"name\":\"Portada\",\"item\":\"https:\/\/anber.es\/web\/\"},{\"@type\":\"ListItem\",\"position\":2,\"name\":\"Productos\",\"item\":\"https:\/\/anber.es\/web\/productos\/\"},{\"@type\":\"ListItem\",\"position\":3,\"name\":\"V\u00e1lvula Test &#038; Drain con toma man\u00f3metro modelo 1000\"}]},{\"@type\":\"WebSite\",\"@id\":\"https:\/\/anber.es\/web\/#website\",\"url\":\"https:\/\/anber.es\/web\/\",\"name\":\"Anber\",\"description\":\"Sistemas de protecci\u00f3n contra incendios\",\"publisher\":{\"@id\":\"https:\/\/anber.es\/web\/#organization\"},\"potentialAction\":[{\"@type\":\"SearchAction\",\"target\":{\"@type\":\"EntryPoint\",\"urlTemplate\":\"https:\/\/anber.es\/web\/?s={search_term_string}\"},\"query-input\":\"required name=search_term_string\"}],\"inLanguage\":\"es\"},{\"@type\":\"Organization\",\"@id\":\"https:\/\/anber.es\/web\/#organization\",\"name\":\"Anber\",\"url\":\"https:\/\/anber.es\/web\/\",\"logo\":{\"@type\":\"ImageObject\",\"inLanguage\":\"es\",\"@id\":\"https:\/\/anber.es\/web\/#\/schema\/logo\/image\/\",\"url\":\"https:\/\/anber.es\/web\/wp-content\/uploads\/2021\/03\/logo-anber.png\",\"contentUrl\":\"https:\/\/anber.es\/web\/wp-content\/uploads\/2021\/03\/logo-anber.png\",\"width\":2208,\"height\":500,\"caption\":\"Anber\"},\"image\":{\"@id\":\"https:\/\/anber.es\/web\/#\/schema\/logo\/image\/\"}}]}<\/script>\n<!-- \/ Yoast SEO plugin. -->","yoast_head_json":{"title":"V\u00e1lvula Test & Drain con toma man\u00f3metro modelo 1000 - Anber","description":"La v\u00e1lvula Test And Drain con toma man\u00f3metro modelo 1000 proporciona funciones de prueba y drenaje r\u00e1pido para sistemas de rociadores.","robots":{"index":"index","follow":"follow","max-snippet":"max-snippet:-1","max-image-preview":"max-image-preview:large","max-video-preview":"max-video-preview:-1"},"canonical":"https:\/\/anber.es\/web\/producto\/valvula-test-drain-con-toma-manometro-modelo-1000\/","og_locale":"es_ES","og_type":"article","og_title":"V\u00e1lvula Test & Drain con toma man\u00f3metro modelo 1000 - Anber","og_description":"La v\u00e1lvula Test And Drain con toma man\u00f3metro modelo 1000 proporciona funciones de prueba y drenaje r\u00e1pido para sistemas de rociadores.","og_url":"https:\/\/anber.es\/web\/producto\/valvula-test-drain-con-toma-manometro-modelo-1000\/","og_site_name":"Anber","article_modified_time":"2022-06-16T09:41:34+00:00","og_image":[{"width":1000,"height":1000,"url":"https:\/\/anber.es\/web\/wp-content\/uploads\/2022\/06\/valvula_Test_and_Drain_con_toma_manometro_modelo1000.jpg","type":"image\/jpeg"}],"twitter_card":"summary_large_image","twitter_misc":{"Tiempo de lectura":"1 minuto"},"schema":{"@context":"https:\/\/schema.org","@graph":[{"@type":"WebPage","@id":"https:\/\/anber.es\/web\/producto\/valvula-test-drain-con-toma-manometro-modelo-1000\/","url":"https:\/\/anber.es\/web\/producto\/valvula-test-drain-con-toma-manometro-modelo-1000\/","name":"V\u00e1lvula Test & Drain con toma man\u00f3metro modelo 1000 - Anber","isPartOf":{"@id":"https:\/\/anber.es\/web\/#website"},"datePublished":"2022-06-16T09:38:38+00:00","dateModified":"2022-06-16T09:41:34+00:00","description":"La v\u00e1lvula Test And Drain con toma man\u00f3metro modelo 1000 proporciona funciones de prueba y drenaje r\u00e1pido para sistemas de rociadores.","breadcrumb":{"@id":"https:\/\/anber.es\/web\/producto\/valvula-test-drain-con-toma-manometro-modelo-1000\/#breadcrumb"},"inLanguage":"es","potentialAction":[{"@type":"ReadAction","target":["https:\/\/anber.es\/web\/producto\/valvula-test-drain-con-toma-manometro-modelo-1000\/"]}]},{"@type":"BreadcrumbList","@id":"https:\/\/anber.es\/web\/producto\/valvula-test-drain-con-toma-manometro-modelo-1000\/#breadcrumb","itemListElement":[{"@type":"ListItem","position":1,"name":"Portada","item":"https:\/\/anber.es\/web\/"},{"@type":"ListItem","position":2,"name":"Productos","item":"https:\/\/anber.es\/web\/productos\/"},{"@type":"ListItem","position":3,"name":"V\u00e1lvula Test &#038; Drain con toma man\u00f3metro modelo 1000"}]},{"@type":"WebSite","@id":"https:\/\/anber.es\/web\/#website","url":"https:\/\/anber.es\/web\/","name":"Anber","description":"Sistemas de protecci\u00f3n contra incendios","publisher":{"@id":"https:\/\/anber.es\/web\/#organization"},"potentialAction":[{"@type":"SearchAction","target":{"@type":"EntryPoint","urlTemplate":"https:\/\/anber.es\/web\/?s={search_term_string}"},"query-input":"required name=search_term_string"}],"inLanguage":"es"},{"@type":"Organization","@id":"https:\/\/anber.es\/web\/#organization","name":"Anber","url":"https:\/\/anber.es\/web\/","logo":{"@type":"ImageObject","inLanguage":"es","@id":"https:\/\/anber.es\/web\/#\/schema\/logo\/image\/","url":"https:\/\/anber.es\/web\/wp-content\/uploads\/2021\/03\/logo-anber.png","contentUrl":"https:\/\/anber.es\/web\/wp-content\/uploads\/2021\/03\/logo-anber.png","width":2208,"height":500,"caption":"Anber"},"image":{"@id":"https:\/\/anber.es\/web\/#\/schema\/logo\/image\/"}}]}},"_links":{"self":[{"href":"https:\/\/anber.es\/web\/wp-json\/wp\/v2\/product\/7228"}],"collection":[{"href":"https:\/\/anber.es\/web\/wp-json\/wp\/v2\/product"}],"about":[{"href":"https:\/\/anber.es\/web\/wp-json\/wp\/v2\/types\/product"}],"wp:featuredmedia":[{"embeddable":true,"href":"https:\/\/anber.es\/web\/wp-json\/wp\/v2\/media\/7226"}],"wp:attachment":[{"href":"https:\/\/anber.es\/web\/wp-json\/wp\/v2\/media?parent=7228"}],"wp:term":[{"taxonomy":"product_cat","embeddable":true,"href":"https:\/\/anber.es\/web\/wp-json\/wp\/v2\/product_cat?post=7228"},{"taxonomy":"product_tag","embeddable":true,"href":"https:\/\/anber.es\/web\/wp-json\/wp\/v2\/product_tag?post=7228"}],"curies":[{"name":"wp","href":"https:\/\/api.w.org\/{rel}","templated":true}]}}