{"id":7347,"date":"2022-07-11T08:48:18","date_gmt":"2022-07-11T06:48:18","guid":{"rendered":"https:\/\/anber.es\/?post_type=product&#038;p=7347"},"modified":"2025-03-20T13:30:38","modified_gmt":"2025-03-20T11:30:38","slug":"interruptor-de-presion-modelo-wps120-1","status":"publish","type":"product","link":"https:\/\/anber.es\/web\/producto\/interruptor-de-presion-modelo-wps120-1\/","title":{"rendered":"Interruptor de presi\u00f3n modelo WPS120-1"},"content":{"rendered":"<p>El<strong> interruptor de presi\u00f3n modelo WPS120-1 <\/strong>est\u00e1 dise\u00f1ado para utilizarse en sistemas autom\u00e1ticos de sprinklers del tipo h\u00famedos, secos, de diluvio y de pre-acci\u00f3n con el objetivo de indicar la descarga de los sprinklers.<\/p>\n<p>Incorpora <strong>1 contacto <\/strong>SPDT.<\/p>\n<p>Este interruptor est\u00e1 configurado de f\u00e1brica para activarse cuando la presi\u00f3n <b>baja de 7,58 bar<\/b>.<\/p>\n<p><b>Rango m\u00e1ximo de presi\u00f3n de ajuste:<\/b> 0,69 bar &#8211; 13,79 bar.<\/p>\n<p>Referencia: SYPS120-1.<\/p>\n<p><a href=\"https:\/\/anber.es\/web\/wp-content\/uploads\/2025\/03\/Ficha_tecnica_interruptor_de_presion_modelo_WPS120-1contacto.pdf\" target=\"_blank\" rel=\"noopener noreferrer\"><button>Descarga ficha<\/button><\/a><br \/>\n<a class=\"insta-link\" href=\"https:\/\/www.instagram.com\/aqlproteccion\/?hl=es\" target=\"_blank\" rel=\"noopener noreferrer\">Instagram<\/a><\/p>\n","protected":false},"excerpt":{"rendered":"<p>El interruptor de presi\u00f3n modelo WPS120-1 est\u00e1 dise\u00f1ado para utilizarse en sistemas autom\u00e1ticos de sprinklers del tipo h\u00famedos, secos, de diluvio y de pre-acci\u00f3n con el objetivo de indicar la descarga de los sprinklers. Incorpora 1 contacto SPDT. Rango m\u00e1ximo de presi\u00f3n de ajuste: 0,69 bar &#8211; 13,79 bar.<\/p>\n","protected":false},"featured_media":9966,"template":"","meta":[],"product_cat":[23,58],"product_tag":[215],"yoast_head":"<!-- This site is optimized with the Yoast SEO plugin v22.1 - https:\/\/yoast.com\/wordpress\/plugins\/seo\/ -->\n<title>Interruptor de presi\u00f3n modelo WPS120-1 - Anber<\/title>\n<meta name=\"description\" content=\"El interruptor de presi\u00f3n modelo WPS120-1 est\u00e1 dise\u00f1ado para utilizarse en sistemas autom\u00e1ticos de sprinklers (h\u00famedos, secos, de diluvio y de pre-acci\u00f3n)\" \/>\n<meta name=\"robots\" content=\"index, follow, max-snippet:-1, max-image-preview:large, max-video-preview:-1\" \/>\n<link rel=\"canonical\" href=\"https:\/\/anber.es\/web\/producto\/interruptor-de-presion-modelo-wps120-1\/\" \/>\n<meta property=\"og:locale\" content=\"es_ES\" \/>\n<meta property=\"og:type\" content=\"article\" \/>\n<meta property=\"og:title\" content=\"Interruptor de presi\u00f3n modelo WPS120-1 - Anber\" \/>\n<meta property=\"og:description\" content=\"El interruptor de presi\u00f3n modelo WPS120-1 est\u00e1 dise\u00f1ado para utilizarse en sistemas autom\u00e1ticos de sprinklers (h\u00famedos, secos, de diluvio y de pre-acci\u00f3n)\" \/>\n<meta property=\"og:url\" content=\"https:\/\/anber.es\/web\/producto\/interruptor-de-presion-modelo-wps120-1\/\" \/>\n<meta property=\"og:site_name\" content=\"Anber\" \/>\n<meta property=\"article:modified_time\" content=\"2025-03-20T11:30:38+00:00\" \/>\n<meta property=\"og:image\" content=\"https:\/\/anber.es\/web\/wp-content\/uploads\/2025\/03\/Interruptor_presion_modelo_WPS120-1.webp\" \/>\n\t<meta property=\"og:image:width\" content=\"1000\" \/>\n\t<meta property=\"og:image:height\" content=\"1000\" \/>\n\t<meta property=\"og:image:type\" content=\"image\/webp\" \/>\n<meta name=\"twitter:card\" content=\"summary_large_image\" \/>\n<meta name=\"twitter:label1\" content=\"Tiempo de lectura\" \/>\n\t<meta name=\"twitter:data1\" content=\"1 minuto\" \/>\n<script type=\"application\/ld+json\" class=\"yoast-schema-graph\">{\"@context\":\"https:\/\/schema.org\",\"@graph\":[{\"@type\":\"WebPage\",\"@id\":\"https:\/\/anber.es\/web\/producto\/interruptor-de-presion-modelo-wps120-1\/\",\"url\":\"https:\/\/anber.es\/web\/producto\/interruptor-de-presion-modelo-wps120-1\/\",\"name\":\"Interruptor de presi\u00f3n modelo WPS120-1 - Anber\",\"isPartOf\":{\"@id\":\"https:\/\/anber.es\/web\/#website\"},\"datePublished\":\"2022-07-11T06:48:18+00:00\",\"dateModified\":\"2025-03-20T11:30:38+00:00\",\"description\":\"El interruptor de presi\u00f3n modelo WPS120-1 est\u00e1 dise\u00f1ado para utilizarse en sistemas autom\u00e1ticos de sprinklers (h\u00famedos, secos, de diluvio y de pre-acci\u00f3n)\",\"breadcrumb\":{\"@id\":\"https:\/\/anber.es\/web\/producto\/interruptor-de-presion-modelo-wps120-1\/#breadcrumb\"},\"inLanguage\":\"es\",\"potentialAction\":[{\"@type\":\"ReadAction\",\"target\":[\"https:\/\/anber.es\/web\/producto\/interruptor-de-presion-modelo-wps120-1\/\"]}]},{\"@type\":\"BreadcrumbList\",\"@id\":\"https:\/\/anber.es\/web\/producto\/interruptor-de-presion-modelo-wps120-1\/#breadcrumb\",\"itemListElement\":[{\"@type\":\"ListItem\",\"position\":1,\"name\":\"Portada\",\"item\":\"https:\/\/anber.es\/web\/\"},{\"@type\":\"ListItem\",\"position\":2,\"name\":\"Productos\",\"item\":\"https:\/\/anber.es\/web\/productos\/\"},{\"@type\":\"ListItem\",\"position\":3,\"name\":\"Interruptor de presi\u00f3n modelo WPS120-1\"}]},{\"@type\":\"WebSite\",\"@id\":\"https:\/\/anber.es\/web\/#website\",\"url\":\"https:\/\/anber.es\/web\/\",\"name\":\"Anber\",\"description\":\"Sistemas de protecci\u00f3n contra incendios\",\"publisher\":{\"@id\":\"https:\/\/anber.es\/web\/#organization\"},\"potentialAction\":[{\"@type\":\"SearchAction\",\"target\":{\"@type\":\"EntryPoint\",\"urlTemplate\":\"https:\/\/anber.es\/web\/?s={search_term_string}\"},\"query-input\":\"required name=search_term_string\"}],\"inLanguage\":\"es\"},{\"@type\":\"Organization\",\"@id\":\"https:\/\/anber.es\/web\/#organization\",\"name\":\"Anber\",\"url\":\"https:\/\/anber.es\/web\/\",\"logo\":{\"@type\":\"ImageObject\",\"inLanguage\":\"es\",\"@id\":\"https:\/\/anber.es\/web\/#\/schema\/logo\/image\/\",\"url\":\"https:\/\/anber.es\/web\/wp-content\/uploads\/2021\/03\/logo-anber.png\",\"contentUrl\":\"https:\/\/anber.es\/web\/wp-content\/uploads\/2021\/03\/logo-anber.png\",\"width\":2208,\"height\":500,\"caption\":\"Anber\"},\"image\":{\"@id\":\"https:\/\/anber.es\/web\/#\/schema\/logo\/image\/\"}}]}<\/script>\n<!-- \/ Yoast SEO plugin. -->","yoast_head_json":{"title":"Interruptor de presi\u00f3n modelo WPS120-1 - Anber","description":"El interruptor de presi\u00f3n modelo WPS120-1 est\u00e1 dise\u00f1ado para utilizarse en sistemas autom\u00e1ticos de sprinklers (h\u00famedos, secos, de diluvio y de pre-acci\u00f3n)","robots":{"index":"index","follow":"follow","max-snippet":"max-snippet:-1","max-image-preview":"max-image-preview:large","max-video-preview":"max-video-preview:-1"},"canonical":"https:\/\/anber.es\/web\/producto\/interruptor-de-presion-modelo-wps120-1\/","og_locale":"es_ES","og_type":"article","og_title":"Interruptor de presi\u00f3n modelo WPS120-1 - Anber","og_description":"El interruptor de presi\u00f3n modelo WPS120-1 est\u00e1 dise\u00f1ado para utilizarse en sistemas autom\u00e1ticos de sprinklers (h\u00famedos, secos, de diluvio y de pre-acci\u00f3n)","og_url":"https:\/\/anber.es\/web\/producto\/interruptor-de-presion-modelo-wps120-1\/","og_site_name":"Anber","article_modified_time":"2025-03-20T11:30:38+00:00","og_image":[{"width":1000,"height":1000,"url":"https:\/\/anber.es\/web\/wp-content\/uploads\/2025\/03\/Interruptor_presion_modelo_WPS120-1.webp","type":"image\/webp"}],"twitter_card":"summary_large_image","twitter_misc":{"Tiempo de lectura":"1 minuto"},"schema":{"@context":"https:\/\/schema.org","@graph":[{"@type":"WebPage","@id":"https:\/\/anber.es\/web\/producto\/interruptor-de-presion-modelo-wps120-1\/","url":"https:\/\/anber.es\/web\/producto\/interruptor-de-presion-modelo-wps120-1\/","name":"Interruptor de presi\u00f3n modelo WPS120-1 - Anber","isPartOf":{"@id":"https:\/\/anber.es\/web\/#website"},"datePublished":"2022-07-11T06:48:18+00:00","dateModified":"2025-03-20T11:30:38+00:00","description":"El interruptor de presi\u00f3n modelo WPS120-1 est\u00e1 dise\u00f1ado para utilizarse en sistemas autom\u00e1ticos de sprinklers (h\u00famedos, secos, de diluvio y de pre-acci\u00f3n)","breadcrumb":{"@id":"https:\/\/anber.es\/web\/producto\/interruptor-de-presion-modelo-wps120-1\/#breadcrumb"},"inLanguage":"es","potentialAction":[{"@type":"ReadAction","target":["https:\/\/anber.es\/web\/producto\/interruptor-de-presion-modelo-wps120-1\/"]}]},{"@type":"BreadcrumbList","@id":"https:\/\/anber.es\/web\/producto\/interruptor-de-presion-modelo-wps120-1\/#breadcrumb","itemListElement":[{"@type":"ListItem","position":1,"name":"Portada","item":"https:\/\/anber.es\/web\/"},{"@type":"ListItem","position":2,"name":"Productos","item":"https:\/\/anber.es\/web\/productos\/"},{"@type":"ListItem","position":3,"name":"Interruptor de presi\u00f3n modelo WPS120-1"}]},{"@type":"WebSite","@id":"https:\/\/anber.es\/web\/#website","url":"https:\/\/anber.es\/web\/","name":"Anber","description":"Sistemas de protecci\u00f3n contra incendios","publisher":{"@id":"https:\/\/anber.es\/web\/#organization"},"potentialAction":[{"@type":"SearchAction","target":{"@type":"EntryPoint","urlTemplate":"https:\/\/anber.es\/web\/?s={search_term_string}"},"query-input":"required name=search_term_string"}],"inLanguage":"es"},{"@type":"Organization","@id":"https:\/\/anber.es\/web\/#organization","name":"Anber","url":"https:\/\/anber.es\/web\/","logo":{"@type":"ImageObject","inLanguage":"es","@id":"https:\/\/anber.es\/web\/#\/schema\/logo\/image\/","url":"https:\/\/anber.es\/web\/wp-content\/uploads\/2021\/03\/logo-anber.png","contentUrl":"https:\/\/anber.es\/web\/wp-content\/uploads\/2021\/03\/logo-anber.png","width":2208,"height":500,"caption":"Anber"},"image":{"@id":"https:\/\/anber.es\/web\/#\/schema\/logo\/image\/"}}]}},"_links":{"self":[{"href":"https:\/\/anber.es\/web\/wp-json\/wp\/v2\/product\/7347"}],"collection":[{"href":"https:\/\/anber.es\/web\/wp-json\/wp\/v2\/product"}],"about":[{"href":"https:\/\/anber.es\/web\/wp-json\/wp\/v2\/types\/product"}],"wp:featuredmedia":[{"embeddable":true,"href":"https:\/\/anber.es\/web\/wp-json\/wp\/v2\/media\/9966"}],"wp:attachment":[{"href":"https:\/\/anber.es\/web\/wp-json\/wp\/v2\/media?parent=7347"}],"wp:term":[{"taxonomy":"product_cat","embeddable":true,"href":"https:\/\/anber.es\/web\/wp-json\/wp\/v2\/product_cat?post=7347"},{"taxonomy":"product_tag","embeddable":true,"href":"https:\/\/anber.es\/web\/wp-json\/wp\/v2\/product_tag?post=7347"}],"curies":[{"name":"wp","href":"https:\/\/api.w.org\/{rel}","templated":true}]}}