{"id":7506,"date":"2022-09-13T15:23:08","date_gmt":"2022-09-13T13:23:08","guid":{"rendered":"https:\/\/anber.es\/?post_type=product&#038;p=7506"},"modified":"2022-09-13T15:23:27","modified_gmt":"2022-09-13T13:23:27","slug":"sprinkler-seco-modelo-f3-80","status":"publish","type":"product","link":"https:\/\/anber.es\/web\/producto\/sprinkler-seco-modelo-f3-80\/","title":{"rendered":"Sprinkler seco modelo F3-80"},"content":{"rendered":"<p>El<strong> sprinkler seco modelo F3-80 <\/strong>es de respuesta y cobertura est\u00e1ndar con un factor K de 115 (8,0). Utilizan un elemento operativo de <b>ampolla de vidrio de 5 mm<\/b>. Los sprinklers secos modelo F3-80 est\u00e1n dise\u00f1ados para instalarse en sistemas de sprinklers de tuber\u00eda h\u00fameda, tuber\u00eda seca o preacci\u00f3n de acuerdo con NFPA 13.<\/p>\n<p>Estos sprinklers est\u00e1n disponibles en<b> colgantes y horizontales de pared<\/b>.<\/p>\n<p>Los accesorios de entrada est\u00e1n disponibles con <b>roscas de 1&#8243; NPT o ISO 7-1R1<\/b>.<\/p>\n<p>Nominal K-factor: <b>115 l\/min\/bar<sup>1\/2<\/sup><\/b>.<\/p>\n<p>Referencia: SRDRYF380.<\/p>\n<p><a href=\"\/web\/wp-content\/uploads\/2022\/09\/Ficha_tecnica-sprinkler_seco_modelo_F3-80.pdf\" target=\"_blank\" rel=\"noopener noreferrer\"><button>Descarga ficha<\/button><\/a><br \/>\n<a class=\"insta-link\" href=\"https:\/\/www.instagram.com\/aqlproteccion\/?hl=es\" target=\"_blank\" rel=\"noopener noreferrer\">Instagram<\/a><\/p>\n","protected":false},"excerpt":{"rendered":"<p>El sprinkler seco modelo F3-80 es de respuesta y cobertura est\u00e1ndar con un factor K de 115. Utilizan un elemento operativo de ampolla de vidrio de 5 mm.<\/p>\n","protected":false},"featured_media":7503,"template":"","meta":[],"product_cat":[120,119,126],"product_tag":[215],"yoast_head":"<!-- This site is optimized with the Yoast SEO plugin v22.1 - https:\/\/yoast.com\/wordpress\/plugins\/seo\/ -->\n<title>Sprinkler seco modelo F3-80 - Anber<\/title>\n<meta name=\"description\" content=\"El sprinkler seco modelo F3-80 es de respuesta y cobertura est\u00e1ndar con un factor K de 115. Utilizan un elemento operativo de ampolla de vidrio de 5 mm.\" \/>\n<meta name=\"robots\" content=\"index, follow, max-snippet:-1, max-image-preview:large, max-video-preview:-1\" \/>\n<link rel=\"canonical\" href=\"https:\/\/anber.es\/web\/producto\/sprinkler-seco-modelo-f3-80\/\" \/>\n<meta property=\"og:locale\" content=\"es_ES\" \/>\n<meta property=\"og:type\" content=\"article\" \/>\n<meta property=\"og:title\" content=\"Sprinkler seco modelo F3-80 - Anber\" \/>\n<meta property=\"og:description\" content=\"El sprinkler seco modelo F3-80 es de respuesta y cobertura est\u00e1ndar con un factor K de 115. Utilizan un elemento operativo de ampolla de vidrio de 5 mm.\" \/>\n<meta property=\"og:url\" content=\"https:\/\/anber.es\/web\/producto\/sprinkler-seco-modelo-f3-80\/\" \/>\n<meta property=\"og:site_name\" content=\"Anber\" \/>\n<meta property=\"article:modified_time\" content=\"2022-09-13T13:23:27+00:00\" \/>\n<meta property=\"og:image\" content=\"https:\/\/anber.es\/web\/wp-content\/uploads\/2022\/09\/sprinkler_seco_modelo_F3-80.jpg\" \/>\n\t<meta property=\"og:image:width\" content=\"1000\" \/>\n\t<meta property=\"og:image:height\" content=\"1000\" \/>\n\t<meta property=\"og:image:type\" content=\"image\/jpeg\" \/>\n<meta name=\"twitter:card\" content=\"summary_large_image\" \/>\n<meta name=\"twitter:label1\" content=\"Tiempo de lectura\" \/>\n\t<meta name=\"twitter:data1\" content=\"1 minuto\" \/>\n<script type=\"application\/ld+json\" class=\"yoast-schema-graph\">{\"@context\":\"https:\/\/schema.org\",\"@graph\":[{\"@type\":\"WebPage\",\"@id\":\"https:\/\/anber.es\/web\/producto\/sprinkler-seco-modelo-f3-80\/\",\"url\":\"https:\/\/anber.es\/web\/producto\/sprinkler-seco-modelo-f3-80\/\",\"name\":\"Sprinkler seco modelo F3-80 - Anber\",\"isPartOf\":{\"@id\":\"https:\/\/anber.es\/web\/#website\"},\"datePublished\":\"2022-09-13T13:23:08+00:00\",\"dateModified\":\"2022-09-13T13:23:27+00:00\",\"description\":\"El sprinkler seco modelo F3-80 es de respuesta y cobertura est\u00e1ndar con un factor K de 115. Utilizan un elemento operativo de ampolla de vidrio de 5 mm.\",\"breadcrumb\":{\"@id\":\"https:\/\/anber.es\/web\/producto\/sprinkler-seco-modelo-f3-80\/#breadcrumb\"},\"inLanguage\":\"es\",\"potentialAction\":[{\"@type\":\"ReadAction\",\"target\":[\"https:\/\/anber.es\/web\/producto\/sprinkler-seco-modelo-f3-80\/\"]}]},{\"@type\":\"BreadcrumbList\",\"@id\":\"https:\/\/anber.es\/web\/producto\/sprinkler-seco-modelo-f3-80\/#breadcrumb\",\"itemListElement\":[{\"@type\":\"ListItem\",\"position\":1,\"name\":\"Portada\",\"item\":\"https:\/\/anber.es\/web\/\"},{\"@type\":\"ListItem\",\"position\":2,\"name\":\"Productos\",\"item\":\"https:\/\/anber.es\/web\/productos\/\"},{\"@type\":\"ListItem\",\"position\":3,\"name\":\"Sprinkler seco modelo F3-80\"}]},{\"@type\":\"WebSite\",\"@id\":\"https:\/\/anber.es\/web\/#website\",\"url\":\"https:\/\/anber.es\/web\/\",\"name\":\"Anber\",\"description\":\"Sistemas de protecci\u00f3n contra incendios\",\"publisher\":{\"@id\":\"https:\/\/anber.es\/web\/#organization\"},\"potentialAction\":[{\"@type\":\"SearchAction\",\"target\":{\"@type\":\"EntryPoint\",\"urlTemplate\":\"https:\/\/anber.es\/web\/?s={search_term_string}\"},\"query-input\":\"required name=search_term_string\"}],\"inLanguage\":\"es\"},{\"@type\":\"Organization\",\"@id\":\"https:\/\/anber.es\/web\/#organization\",\"name\":\"Anber\",\"url\":\"https:\/\/anber.es\/web\/\",\"logo\":{\"@type\":\"ImageObject\",\"inLanguage\":\"es\",\"@id\":\"https:\/\/anber.es\/web\/#\/schema\/logo\/image\/\",\"url\":\"https:\/\/anber.es\/web\/wp-content\/uploads\/2021\/03\/logo-anber.png\",\"contentUrl\":\"https:\/\/anber.es\/web\/wp-content\/uploads\/2021\/03\/logo-anber.png\",\"width\":2208,\"height\":500,\"caption\":\"Anber\"},\"image\":{\"@id\":\"https:\/\/anber.es\/web\/#\/schema\/logo\/image\/\"}}]}<\/script>\n<!-- \/ Yoast SEO plugin. -->","yoast_head_json":{"title":"Sprinkler seco modelo F3-80 - Anber","description":"El sprinkler seco modelo F3-80 es de respuesta y cobertura est\u00e1ndar con un factor K de 115. Utilizan un elemento operativo de ampolla de vidrio de 5 mm.","robots":{"index":"index","follow":"follow","max-snippet":"max-snippet:-1","max-image-preview":"max-image-preview:large","max-video-preview":"max-video-preview:-1"},"canonical":"https:\/\/anber.es\/web\/producto\/sprinkler-seco-modelo-f3-80\/","og_locale":"es_ES","og_type":"article","og_title":"Sprinkler seco modelo F3-80 - Anber","og_description":"El sprinkler seco modelo F3-80 es de respuesta y cobertura est\u00e1ndar con un factor K de 115. Utilizan un elemento operativo de ampolla de vidrio de 5 mm.","og_url":"https:\/\/anber.es\/web\/producto\/sprinkler-seco-modelo-f3-80\/","og_site_name":"Anber","article_modified_time":"2022-09-13T13:23:27+00:00","og_image":[{"width":1000,"height":1000,"url":"https:\/\/anber.es\/web\/wp-content\/uploads\/2022\/09\/sprinkler_seco_modelo_F3-80.jpg","type":"image\/jpeg"}],"twitter_card":"summary_large_image","twitter_misc":{"Tiempo de lectura":"1 minuto"},"schema":{"@context":"https:\/\/schema.org","@graph":[{"@type":"WebPage","@id":"https:\/\/anber.es\/web\/producto\/sprinkler-seco-modelo-f3-80\/","url":"https:\/\/anber.es\/web\/producto\/sprinkler-seco-modelo-f3-80\/","name":"Sprinkler seco modelo F3-80 - Anber","isPartOf":{"@id":"https:\/\/anber.es\/web\/#website"},"datePublished":"2022-09-13T13:23:08+00:00","dateModified":"2022-09-13T13:23:27+00:00","description":"El sprinkler seco modelo F3-80 es de respuesta y cobertura est\u00e1ndar con un factor K de 115. Utilizan un elemento operativo de ampolla de vidrio de 5 mm.","breadcrumb":{"@id":"https:\/\/anber.es\/web\/producto\/sprinkler-seco-modelo-f3-80\/#breadcrumb"},"inLanguage":"es","potentialAction":[{"@type":"ReadAction","target":["https:\/\/anber.es\/web\/producto\/sprinkler-seco-modelo-f3-80\/"]}]},{"@type":"BreadcrumbList","@id":"https:\/\/anber.es\/web\/producto\/sprinkler-seco-modelo-f3-80\/#breadcrumb","itemListElement":[{"@type":"ListItem","position":1,"name":"Portada","item":"https:\/\/anber.es\/web\/"},{"@type":"ListItem","position":2,"name":"Productos","item":"https:\/\/anber.es\/web\/productos\/"},{"@type":"ListItem","position":3,"name":"Sprinkler seco modelo F3-80"}]},{"@type":"WebSite","@id":"https:\/\/anber.es\/web\/#website","url":"https:\/\/anber.es\/web\/","name":"Anber","description":"Sistemas de protecci\u00f3n contra incendios","publisher":{"@id":"https:\/\/anber.es\/web\/#organization"},"potentialAction":[{"@type":"SearchAction","target":{"@type":"EntryPoint","urlTemplate":"https:\/\/anber.es\/web\/?s={search_term_string}"},"query-input":"required name=search_term_string"}],"inLanguage":"es"},{"@type":"Organization","@id":"https:\/\/anber.es\/web\/#organization","name":"Anber","url":"https:\/\/anber.es\/web\/","logo":{"@type":"ImageObject","inLanguage":"es","@id":"https:\/\/anber.es\/web\/#\/schema\/logo\/image\/","url":"https:\/\/anber.es\/web\/wp-content\/uploads\/2021\/03\/logo-anber.png","contentUrl":"https:\/\/anber.es\/web\/wp-content\/uploads\/2021\/03\/logo-anber.png","width":2208,"height":500,"caption":"Anber"},"image":{"@id":"https:\/\/anber.es\/web\/#\/schema\/logo\/image\/"}}]}},"_links":{"self":[{"href":"https:\/\/anber.es\/web\/wp-json\/wp\/v2\/product\/7506"}],"collection":[{"href":"https:\/\/anber.es\/web\/wp-json\/wp\/v2\/product"}],"about":[{"href":"https:\/\/anber.es\/web\/wp-json\/wp\/v2\/types\/product"}],"wp:featuredmedia":[{"embeddable":true,"href":"https:\/\/anber.es\/web\/wp-json\/wp\/v2\/media\/7503"}],"wp:attachment":[{"href":"https:\/\/anber.es\/web\/wp-json\/wp\/v2\/media?parent=7506"}],"wp:term":[{"taxonomy":"product_cat","embeddable":true,"href":"https:\/\/anber.es\/web\/wp-json\/wp\/v2\/product_cat?post=7506"},{"taxonomy":"product_tag","embeddable":true,"href":"https:\/\/anber.es\/web\/wp-json\/wp\/v2\/product_tag?post=7506"}],"curies":[{"name":"wp","href":"https:\/\/api.w.org\/{rel}","templated":true}]}}