{"id":822,"date":"2020-11-05T14:00:48","date_gmt":"2020-11-05T12:00:48","guid":{"rendered":"http:\/\/anber.es\/web\/?post_type=product&#038;p=822"},"modified":"2025-10-15T12:19:47","modified_gmt":"2025-10-15T10:19:47","slug":"acoplamiento-flexible","status":"publish","type":"product","link":"https:\/\/anber.es\/web\/producto\/acoplamiento-flexible\/","title":{"rendered":"Acoplamiento flexible"},"content":{"rendered":"<p>Un <strong>acoplamiento flexible<\/strong> es una abrazadera de uni\u00f3n mec\u00e1nica que asegura la conexi\u00f3n firme de componentes ranurados &#8211; como tuber\u00edas, v\u00e1lvulas y accesorios -, permitiendo la absorci\u00f3n de desplazamientos axiales, angulares y rotacionales.<\/p>\n<p>\u00b7 Presi\u00f3n m\u00e1xima de trabajo:<B> 20 bar<\/B> (300 psi).<br \/>\n\u00b7 Homologaci\u00f3n:<B> FM y UL<\/B>.<br \/>\n\u00b7 Tama\u00f1os disponibles: desde <B>1&#8243; hasta 12&#8243;<\/B>.<br \/>\n\u00b7 Revestimientos disponibles: Epoxi RAL 3000 (rojo) con aplicaci\u00f3n electroest\u00e1tica y Dacromet\u00ae (galvanizado).<\/p>\n<p>*Posibilidad de suministro en color blanco RAL 9010. Consultar disponibilidad.<\/p>\n<p>Referencia: CC12.<\/p>\n<p><a href=\"\/web\/wp-content\/uploads\/2024\/06\/Ficha_tecnica-acoplamiento_flexible.pdf\" target=\"_blank\" rel=\"noopener noreferrer\"><button>Descarga ficha<\/button><\/a><br \/>\n<a class=\"insta-link\" href=\"https:\/\/www.instagram.com\/aqlproteccion\/?hl=es\" target=\"_blank\" rel=\"noopener noreferrer\">Instagram<\/a><\/p>\n","protected":false},"excerpt":{"rendered":"<p>El acoplamiento flexible es una abrazadera de uni\u00f3n mec\u00e1nica que asegura la conexi\u00f3n firme de componentes ranurados &#8211; como tuber\u00edas, v\u00e1lvulas y accesorios -, permitiendo la absorci\u00f3n de desplazamientos axiales, angulares y rotacionales.<\/p>\n","protected":false},"featured_media":8085,"template":"","meta":[],"product_cat":[75,41],"product_tag":[215],"yoast_head":"<!-- This site is optimized with the Yoast SEO plugin v22.1 - https:\/\/yoast.com\/wordpress\/plugins\/seo\/ -->\n<title>Acoplamiento flexible - Anber<\/title>\n<meta name=\"description\" content=\"El acoplamiento flexible es una abrazadera de uni\u00f3n mec\u00e1nica que asegura la conexi\u00f3n firme de componentes ranurados - como tuber\u00edas, v\u00e1lvulas y accesorios -\" \/>\n<meta name=\"robots\" content=\"index, follow, max-snippet:-1, max-image-preview:large, max-video-preview:-1\" \/>\n<link rel=\"canonical\" href=\"https:\/\/anber.es\/web\/producto\/acoplamiento-flexible\/\" \/>\n<meta property=\"og:locale\" content=\"es_ES\" \/>\n<meta property=\"og:type\" content=\"article\" \/>\n<meta property=\"og:title\" content=\"Acoplamiento flexible - Anber\" \/>\n<meta property=\"og:description\" content=\"El acoplamiento flexible es una abrazadera de uni\u00f3n mec\u00e1nica que asegura la conexi\u00f3n firme de componentes ranurados - como tuber\u00edas, v\u00e1lvulas y accesorios -\" \/>\n<meta property=\"og:url\" content=\"https:\/\/anber.es\/web\/producto\/acoplamiento-flexible\/\" \/>\n<meta property=\"og:site_name\" content=\"Anber\" \/>\n<meta property=\"article:modified_time\" content=\"2025-10-15T10:19:47+00:00\" \/>\n<meta property=\"og:image\" content=\"https:\/\/anber.es\/web\/wp-content\/uploads\/2023\/04\/acoplamiento-flexible.webp\" \/>\n\t<meta property=\"og:image:width\" content=\"1000\" \/>\n\t<meta property=\"og:image:height\" content=\"1000\" \/>\n\t<meta property=\"og:image:type\" content=\"image\/webp\" \/>\n<meta name=\"twitter:card\" content=\"summary_large_image\" \/>\n<meta name=\"twitter:label1\" content=\"Tiempo de lectura\" \/>\n\t<meta name=\"twitter:data1\" content=\"1 minuto\" \/>\n<script type=\"application\/ld+json\" class=\"yoast-schema-graph\">{\"@context\":\"https:\/\/schema.org\",\"@graph\":[{\"@type\":\"WebPage\",\"@id\":\"https:\/\/anber.es\/web\/producto\/acoplamiento-flexible\/\",\"url\":\"https:\/\/anber.es\/web\/producto\/acoplamiento-flexible\/\",\"name\":\"Acoplamiento flexible - Anber\",\"isPartOf\":{\"@id\":\"https:\/\/anber.es\/web\/#website\"},\"datePublished\":\"2020-11-05T12:00:48+00:00\",\"dateModified\":\"2025-10-15T10:19:47+00:00\",\"description\":\"El acoplamiento flexible es una abrazadera de uni\u00f3n mec\u00e1nica que asegura la conexi\u00f3n firme de componentes ranurados - como tuber\u00edas, v\u00e1lvulas y accesorios -\",\"breadcrumb\":{\"@id\":\"https:\/\/anber.es\/web\/producto\/acoplamiento-flexible\/#breadcrumb\"},\"inLanguage\":\"es\",\"potentialAction\":[{\"@type\":\"ReadAction\",\"target\":[\"https:\/\/anber.es\/web\/producto\/acoplamiento-flexible\/\"]}]},{\"@type\":\"BreadcrumbList\",\"@id\":\"https:\/\/anber.es\/web\/producto\/acoplamiento-flexible\/#breadcrumb\",\"itemListElement\":[{\"@type\":\"ListItem\",\"position\":1,\"name\":\"Portada\",\"item\":\"https:\/\/anber.es\/web\/\"},{\"@type\":\"ListItem\",\"position\":2,\"name\":\"Productos\",\"item\":\"https:\/\/anber.es\/web\/productos\/\"},{\"@type\":\"ListItem\",\"position\":3,\"name\":\"Acoplamiento flexible\"}]},{\"@type\":\"WebSite\",\"@id\":\"https:\/\/anber.es\/web\/#website\",\"url\":\"https:\/\/anber.es\/web\/\",\"name\":\"Anber\",\"description\":\"Sistemas de protecci\u00f3n contra incendios\",\"publisher\":{\"@id\":\"https:\/\/anber.es\/web\/#organization\"},\"potentialAction\":[{\"@type\":\"SearchAction\",\"target\":{\"@type\":\"EntryPoint\",\"urlTemplate\":\"https:\/\/anber.es\/web\/?s={search_term_string}\"},\"query-input\":\"required name=search_term_string\"}],\"inLanguage\":\"es\"},{\"@type\":\"Organization\",\"@id\":\"https:\/\/anber.es\/web\/#organization\",\"name\":\"Anber\",\"url\":\"https:\/\/anber.es\/web\/\",\"logo\":{\"@type\":\"ImageObject\",\"inLanguage\":\"es\",\"@id\":\"https:\/\/anber.es\/web\/#\/schema\/logo\/image\/\",\"url\":\"https:\/\/anber.es\/web\/wp-content\/uploads\/2021\/03\/logo-anber.png\",\"contentUrl\":\"https:\/\/anber.es\/web\/wp-content\/uploads\/2021\/03\/logo-anber.png\",\"width\":2208,\"height\":500,\"caption\":\"Anber\"},\"image\":{\"@id\":\"https:\/\/anber.es\/web\/#\/schema\/logo\/image\/\"}}]}<\/script>\n<!-- \/ Yoast SEO plugin. -->","yoast_head_json":{"title":"Acoplamiento flexible - Anber","description":"El acoplamiento flexible es una abrazadera de uni\u00f3n mec\u00e1nica que asegura la conexi\u00f3n firme de componentes ranurados - como tuber\u00edas, v\u00e1lvulas y accesorios -","robots":{"index":"index","follow":"follow","max-snippet":"max-snippet:-1","max-image-preview":"max-image-preview:large","max-video-preview":"max-video-preview:-1"},"canonical":"https:\/\/anber.es\/web\/producto\/acoplamiento-flexible\/","og_locale":"es_ES","og_type":"article","og_title":"Acoplamiento flexible - Anber","og_description":"El acoplamiento flexible es una abrazadera de uni\u00f3n mec\u00e1nica que asegura la conexi\u00f3n firme de componentes ranurados - como tuber\u00edas, v\u00e1lvulas y accesorios -","og_url":"https:\/\/anber.es\/web\/producto\/acoplamiento-flexible\/","og_site_name":"Anber","article_modified_time":"2025-10-15T10:19:47+00:00","og_image":[{"width":1000,"height":1000,"url":"https:\/\/anber.es\/web\/wp-content\/uploads\/2023\/04\/acoplamiento-flexible.webp","type":"image\/webp"}],"twitter_card":"summary_large_image","twitter_misc":{"Tiempo de lectura":"1 minuto"},"schema":{"@context":"https:\/\/schema.org","@graph":[{"@type":"WebPage","@id":"https:\/\/anber.es\/web\/producto\/acoplamiento-flexible\/","url":"https:\/\/anber.es\/web\/producto\/acoplamiento-flexible\/","name":"Acoplamiento flexible - Anber","isPartOf":{"@id":"https:\/\/anber.es\/web\/#website"},"datePublished":"2020-11-05T12:00:48+00:00","dateModified":"2025-10-15T10:19:47+00:00","description":"El acoplamiento flexible es una abrazadera de uni\u00f3n mec\u00e1nica que asegura la conexi\u00f3n firme de componentes ranurados - como tuber\u00edas, v\u00e1lvulas y accesorios -","breadcrumb":{"@id":"https:\/\/anber.es\/web\/producto\/acoplamiento-flexible\/#breadcrumb"},"inLanguage":"es","potentialAction":[{"@type":"ReadAction","target":["https:\/\/anber.es\/web\/producto\/acoplamiento-flexible\/"]}]},{"@type":"BreadcrumbList","@id":"https:\/\/anber.es\/web\/producto\/acoplamiento-flexible\/#breadcrumb","itemListElement":[{"@type":"ListItem","position":1,"name":"Portada","item":"https:\/\/anber.es\/web\/"},{"@type":"ListItem","position":2,"name":"Productos","item":"https:\/\/anber.es\/web\/productos\/"},{"@type":"ListItem","position":3,"name":"Acoplamiento flexible"}]},{"@type":"WebSite","@id":"https:\/\/anber.es\/web\/#website","url":"https:\/\/anber.es\/web\/","name":"Anber","description":"Sistemas de protecci\u00f3n contra incendios","publisher":{"@id":"https:\/\/anber.es\/web\/#organization"},"potentialAction":[{"@type":"SearchAction","target":{"@type":"EntryPoint","urlTemplate":"https:\/\/anber.es\/web\/?s={search_term_string}"},"query-input":"required name=search_term_string"}],"inLanguage":"es"},{"@type":"Organization","@id":"https:\/\/anber.es\/web\/#organization","name":"Anber","url":"https:\/\/anber.es\/web\/","logo":{"@type":"ImageObject","inLanguage":"es","@id":"https:\/\/anber.es\/web\/#\/schema\/logo\/image\/","url":"https:\/\/anber.es\/web\/wp-content\/uploads\/2021\/03\/logo-anber.png","contentUrl":"https:\/\/anber.es\/web\/wp-content\/uploads\/2021\/03\/logo-anber.png","width":2208,"height":500,"caption":"Anber"},"image":{"@id":"https:\/\/anber.es\/web\/#\/schema\/logo\/image\/"}}]}},"_links":{"self":[{"href":"https:\/\/anber.es\/web\/wp-json\/wp\/v2\/product\/822"}],"collection":[{"href":"https:\/\/anber.es\/web\/wp-json\/wp\/v2\/product"}],"about":[{"href":"https:\/\/anber.es\/web\/wp-json\/wp\/v2\/types\/product"}],"wp:featuredmedia":[{"embeddable":true,"href":"https:\/\/anber.es\/web\/wp-json\/wp\/v2\/media\/8085"}],"wp:attachment":[{"href":"https:\/\/anber.es\/web\/wp-json\/wp\/v2\/media?parent=822"}],"wp:term":[{"taxonomy":"product_cat","embeddable":true,"href":"https:\/\/anber.es\/web\/wp-json\/wp\/v2\/product_cat?post=822"},{"taxonomy":"product_tag","embeddable":true,"href":"https:\/\/anber.es\/web\/wp-json\/wp\/v2\/product_tag?post=822"}],"curies":[{"name":"wp","href":"https:\/\/api.w.org\/{rel}","templated":true}]}}