{"id":8386,"date":"2023-05-02T12:15:29","date_gmt":"2023-05-02T10:15:29","guid":{"rendered":"https:\/\/anber.es\/?post_type=product&#038;p=8386"},"modified":"2023-05-02T12:21:16","modified_gmt":"2023-05-02T10:21:16","slug":"saltatubos-simetrico-acero-carbono","status":"publish","type":"product","link":"https:\/\/anber.es\/web\/producto\/saltatubos-simetrico-acero-carbono\/","title":{"rendered":"Saltatubos sim\u00e9trico (acero carbono)"},"content":{"rendered":"<p>El<strong> saltatubos sim\u00e9trico <\/strong>es un accesorio para sistema pressfitting de perfil M.<\/p>\n<p>Est\u00e1 fabricado en <B>acero al carbono galvanizado<\/B>.<\/p>\n<p>Tenemos di\u00e1metros desde: <B>15mm hasta 28mm<\/B>.<\/p>\n<p>Referencia: CIAC074509.<\/p>\n<p><a href=\"\/web\/wp-content\/uploads\/2023\/04\/Ficha_tecnica-tuberia_y_accesorios_pressfitting_acero_al_carbono.pdf\" target=\"_blank\" rel=\"noopener noreferrer\"><button>Descarga ficha <\/button><\/a><br \/>\n<a class=\"insta-link\" href=\"https:\/\/www.instagram.com\/aqlproteccion\/?hl=es\" target=\"_blank\" rel=\"noopener noreferrer\">Instagram<\/a><\/p>\n","protected":false},"excerpt":{"rendered":"<p>El saltatubos sim\u00e9trico es un accesorio para sistema pressfitting de perfil M. Est\u00e1 fabricado en acero al carbono galvanizado.<\/p>\n","protected":false},"featured_media":8350,"template":"","meta":[],"product_cat":[41,134],"product_tag":[215],"yoast_head":"<!-- This site is optimized with the Yoast SEO plugin v22.1 - https:\/\/yoast.com\/wordpress\/plugins\/seo\/ -->\n<title>Saltatubos sim\u00e9trico (acero carbono) - Anber<\/title>\n<meta name=\"description\" content=\"El saltatubos sim\u00e9trico es un accesorio para sistema pressfitting de perfil M. Est\u00e1 fabricado en acero al carbono galvanizado.\" \/>\n<meta name=\"robots\" content=\"index, follow, max-snippet:-1, max-image-preview:large, max-video-preview:-1\" \/>\n<link rel=\"canonical\" href=\"https:\/\/anber.es\/web\/producto\/saltatubos-simetrico-acero-carbono\/\" \/>\n<meta property=\"og:locale\" content=\"es_ES\" \/>\n<meta property=\"og:type\" content=\"article\" \/>\n<meta property=\"og:title\" content=\"Saltatubos sim\u00e9trico (acero carbono) - Anber\" \/>\n<meta property=\"og:description\" content=\"El saltatubos sim\u00e9trico es un accesorio para sistema pressfitting de perfil M. Est\u00e1 fabricado en acero al carbono galvanizado.\" \/>\n<meta property=\"og:url\" content=\"https:\/\/anber.es\/web\/producto\/saltatubos-simetrico-acero-carbono\/\" \/>\n<meta property=\"og:site_name\" content=\"Anber\" \/>\n<meta property=\"article:modified_time\" content=\"2023-05-02T10:21:16+00:00\" \/>\n<meta property=\"og:image\" content=\"https:\/\/anber.es\/web\/wp-content\/uploads\/2023\/05\/saltatubos_simetrico.webp\" \/>\n\t<meta property=\"og:image:width\" content=\"1000\" \/>\n\t<meta property=\"og:image:height\" content=\"1000\" \/>\n\t<meta property=\"og:image:type\" content=\"image\/webp\" \/>\n<meta name=\"twitter:card\" content=\"summary_large_image\" \/>\n<meta name=\"twitter:label1\" content=\"Tiempo de lectura\" \/>\n\t<meta name=\"twitter:data1\" content=\"1 minuto\" \/>\n<script type=\"application\/ld+json\" class=\"yoast-schema-graph\">{\"@context\":\"https:\/\/schema.org\",\"@graph\":[{\"@type\":\"WebPage\",\"@id\":\"https:\/\/anber.es\/web\/producto\/saltatubos-simetrico-acero-carbono\/\",\"url\":\"https:\/\/anber.es\/web\/producto\/saltatubos-simetrico-acero-carbono\/\",\"name\":\"Saltatubos sim\u00e9trico (acero carbono) - Anber\",\"isPartOf\":{\"@id\":\"https:\/\/anber.es\/web\/#website\"},\"datePublished\":\"2023-05-02T10:15:29+00:00\",\"dateModified\":\"2023-05-02T10:21:16+00:00\",\"description\":\"El saltatubos sim\u00e9trico es un accesorio para sistema pressfitting de perfil M. Est\u00e1 fabricado en acero al carbono galvanizado.\",\"breadcrumb\":{\"@id\":\"https:\/\/anber.es\/web\/producto\/saltatubos-simetrico-acero-carbono\/#breadcrumb\"},\"inLanguage\":\"es\",\"potentialAction\":[{\"@type\":\"ReadAction\",\"target\":[\"https:\/\/anber.es\/web\/producto\/saltatubos-simetrico-acero-carbono\/\"]}]},{\"@type\":\"BreadcrumbList\",\"@id\":\"https:\/\/anber.es\/web\/producto\/saltatubos-simetrico-acero-carbono\/#breadcrumb\",\"itemListElement\":[{\"@type\":\"ListItem\",\"position\":1,\"name\":\"Portada\",\"item\":\"https:\/\/anber.es\/web\/\"},{\"@type\":\"ListItem\",\"position\":2,\"name\":\"Productos\",\"item\":\"https:\/\/anber.es\/web\/productos\/\"},{\"@type\":\"ListItem\",\"position\":3,\"name\":\"Saltatubos sim\u00e9trico (acero carbono)\"}]},{\"@type\":\"WebSite\",\"@id\":\"https:\/\/anber.es\/web\/#website\",\"url\":\"https:\/\/anber.es\/web\/\",\"name\":\"Anber\",\"description\":\"Sistemas de protecci\u00f3n contra incendios\",\"publisher\":{\"@id\":\"https:\/\/anber.es\/web\/#organization\"},\"potentialAction\":[{\"@type\":\"SearchAction\",\"target\":{\"@type\":\"EntryPoint\",\"urlTemplate\":\"https:\/\/anber.es\/web\/?s={search_term_string}\"},\"query-input\":\"required name=search_term_string\"}],\"inLanguage\":\"es\"},{\"@type\":\"Organization\",\"@id\":\"https:\/\/anber.es\/web\/#organization\",\"name\":\"Anber\",\"url\":\"https:\/\/anber.es\/web\/\",\"logo\":{\"@type\":\"ImageObject\",\"inLanguage\":\"es\",\"@id\":\"https:\/\/anber.es\/web\/#\/schema\/logo\/image\/\",\"url\":\"https:\/\/anber.es\/web\/wp-content\/uploads\/2021\/03\/logo-anber.png\",\"contentUrl\":\"https:\/\/anber.es\/web\/wp-content\/uploads\/2021\/03\/logo-anber.png\",\"width\":2208,\"height\":500,\"caption\":\"Anber\"},\"image\":{\"@id\":\"https:\/\/anber.es\/web\/#\/schema\/logo\/image\/\"}}]}<\/script>\n<!-- \/ Yoast SEO plugin. -->","yoast_head_json":{"title":"Saltatubos sim\u00e9trico (acero carbono) - Anber","description":"El saltatubos sim\u00e9trico es un accesorio para sistema pressfitting de perfil M. Est\u00e1 fabricado en acero al carbono galvanizado.","robots":{"index":"index","follow":"follow","max-snippet":"max-snippet:-1","max-image-preview":"max-image-preview:large","max-video-preview":"max-video-preview:-1"},"canonical":"https:\/\/anber.es\/web\/producto\/saltatubos-simetrico-acero-carbono\/","og_locale":"es_ES","og_type":"article","og_title":"Saltatubos sim\u00e9trico (acero carbono) - Anber","og_description":"El saltatubos sim\u00e9trico es un accesorio para sistema pressfitting de perfil M. Est\u00e1 fabricado en acero al carbono galvanizado.","og_url":"https:\/\/anber.es\/web\/producto\/saltatubos-simetrico-acero-carbono\/","og_site_name":"Anber","article_modified_time":"2023-05-02T10:21:16+00:00","og_image":[{"width":1000,"height":1000,"url":"https:\/\/anber.es\/web\/wp-content\/uploads\/2023\/05\/saltatubos_simetrico.webp","type":"image\/webp"}],"twitter_card":"summary_large_image","twitter_misc":{"Tiempo de lectura":"1 minuto"},"schema":{"@context":"https:\/\/schema.org","@graph":[{"@type":"WebPage","@id":"https:\/\/anber.es\/web\/producto\/saltatubos-simetrico-acero-carbono\/","url":"https:\/\/anber.es\/web\/producto\/saltatubos-simetrico-acero-carbono\/","name":"Saltatubos sim\u00e9trico (acero carbono) - Anber","isPartOf":{"@id":"https:\/\/anber.es\/web\/#website"},"datePublished":"2023-05-02T10:15:29+00:00","dateModified":"2023-05-02T10:21:16+00:00","description":"El saltatubos sim\u00e9trico es un accesorio para sistema pressfitting de perfil M. Est\u00e1 fabricado en acero al carbono galvanizado.","breadcrumb":{"@id":"https:\/\/anber.es\/web\/producto\/saltatubos-simetrico-acero-carbono\/#breadcrumb"},"inLanguage":"es","potentialAction":[{"@type":"ReadAction","target":["https:\/\/anber.es\/web\/producto\/saltatubos-simetrico-acero-carbono\/"]}]},{"@type":"BreadcrumbList","@id":"https:\/\/anber.es\/web\/producto\/saltatubos-simetrico-acero-carbono\/#breadcrumb","itemListElement":[{"@type":"ListItem","position":1,"name":"Portada","item":"https:\/\/anber.es\/web\/"},{"@type":"ListItem","position":2,"name":"Productos","item":"https:\/\/anber.es\/web\/productos\/"},{"@type":"ListItem","position":3,"name":"Saltatubos sim\u00e9trico (acero carbono)"}]},{"@type":"WebSite","@id":"https:\/\/anber.es\/web\/#website","url":"https:\/\/anber.es\/web\/","name":"Anber","description":"Sistemas de protecci\u00f3n contra incendios","publisher":{"@id":"https:\/\/anber.es\/web\/#organization"},"potentialAction":[{"@type":"SearchAction","target":{"@type":"EntryPoint","urlTemplate":"https:\/\/anber.es\/web\/?s={search_term_string}"},"query-input":"required name=search_term_string"}],"inLanguage":"es"},{"@type":"Organization","@id":"https:\/\/anber.es\/web\/#organization","name":"Anber","url":"https:\/\/anber.es\/web\/","logo":{"@type":"ImageObject","inLanguage":"es","@id":"https:\/\/anber.es\/web\/#\/schema\/logo\/image\/","url":"https:\/\/anber.es\/web\/wp-content\/uploads\/2021\/03\/logo-anber.png","contentUrl":"https:\/\/anber.es\/web\/wp-content\/uploads\/2021\/03\/logo-anber.png","width":2208,"height":500,"caption":"Anber"},"image":{"@id":"https:\/\/anber.es\/web\/#\/schema\/logo\/image\/"}}]}},"_links":{"self":[{"href":"https:\/\/anber.es\/web\/wp-json\/wp\/v2\/product\/8386"}],"collection":[{"href":"https:\/\/anber.es\/web\/wp-json\/wp\/v2\/product"}],"about":[{"href":"https:\/\/anber.es\/web\/wp-json\/wp\/v2\/types\/product"}],"wp:featuredmedia":[{"embeddable":true,"href":"https:\/\/anber.es\/web\/wp-json\/wp\/v2\/media\/8350"}],"wp:attachment":[{"href":"https:\/\/anber.es\/web\/wp-json\/wp\/v2\/media?parent=8386"}],"wp:term":[{"taxonomy":"product_cat","embeddable":true,"href":"https:\/\/anber.es\/web\/wp-json\/wp\/v2\/product_cat?post=8386"},{"taxonomy":"product_tag","embeddable":true,"href":"https:\/\/anber.es\/web\/wp-json\/wp\/v2\/product_tag?post=8386"}],"curies":[{"name":"wp","href":"https:\/\/api.w.org\/{rel}","templated":true}]}}