{"id":8438,"date":"2023-05-04T17:00:10","date_gmt":"2023-05-04T15:00:10","guid":{"rendered":"https:\/\/anber.es\/?post_type=product&#038;p=8438"},"modified":"2024-03-25T14:18:53","modified_gmt":"2024-03-25T12:18:53","slug":"repuestos-tifon-curvo","status":"publish","type":"product","link":"https:\/\/anber.es\/web\/producto\/repuestos-tifon-curvo\/","title":{"rendered":"Repuestos Tif\u00f3n Curvo"},"content":{"rendered":"<p>Los<strong> repuestos Tif\u00f3n Curvo<\/strong> son todos los componentes que forman nuestro hidrante modelo Tif\u00f3n Curvo.<\/p>\n<p>Estos son los repuestos que podr\u00eda cambiar en caso de cualquier problema:<\/p>\n<table >\n<tr bgcolor=\"#ee7138\">\n<th align=center>N\u00ba<\/th>\n<th>Descripci\u00f3n<\/th>\n<th>Referencia<\/th>\n<\/tr>\n<tr>\n<td>1<\/td>\n<td>Cierre curvo 3&#8243; y 4&#8243;<\/td>\n<td>HOHQ40210000<\/td>\n<\/tr>\n<tr>\n<td>1<\/td>\n<td>Cierre curvo 6&#8243;<\/td>\n<td>HOHQ60210000<\/td>\n<\/tr>\n<tr>\n<td>2<\/td>\n<td>1\u00ba tramo de eje inferior<\/td>\n<td>HOHQ90870000<\/td>\n<\/tr>\n<tr>\n<td>3<\/td>\n<td>Arandela de Obturador<\/td>\n<td>HOX801500000<\/td>\n<\/tr>\n<tr>\n<td>4<\/td>\n<td>Obturador<\/td>\n<td>HOHB92100000<\/td>\n<\/tr>\n<tr>\n<td>5<\/td>\n<td>Junta t\u00f3rica 121 x 3,5<\/td>\n<td>HOX800400000<\/td>\n<\/tr>\n<tr>\n<td>6<\/td>\n<td>Aro de cierre<\/td>\n<td>HOHB91100000<\/td>\n<\/tr>\n<tr>\n<td>7<\/td>\n<td>Arandela de aluminio<\/td>\n<td>HOX800700000<\/td>\n<\/tr>\n<tr>\n<td>8<\/td>\n<td>Husillo<\/td>\n<td>HOHQ90990000<\/td>\n<\/tr>\n<tr>\n<td>9 &#8211; 13<\/td>\n<td>Conjunto v\u00e1lvula drenaje completa<\/td>\n<td>HOHR94000000<\/td>\n<\/tr>\n<tr>\n<td>14<\/td>\n<td>Cuadrado accionamiento<\/td>\n<td>HOHQ00250000<\/td>\n<\/tr>\n<tr>\n<td>15<\/td>\n<td>Tuerca de cu\u00f1a<\/td>\n<td>HOX947000000<\/td>\n<\/tr>\n<tr>\n<td>16<\/td>\n<td>Suplemento eje inferior<\/td>\n<td>HOHQ90800000<\/td>\n<\/tr>\n<tr>\n<td>17<\/td>\n<td>Junta t\u00f3rica 166 x 3<\/td>\n<td>HOX801600000<\/td>\n<\/tr>\n<tr>\n<td>18<\/td>\n<td>Arandela de sujeci\u00f3n<\/td>\n<td>HOHR90220000<\/td>\n<\/tr>\n<tr>\n<td>19<\/td>\n<td>Contratuerca de husillo<\/td>\n<td>HOHB90210000<\/td>\n<\/tr>\n<tr>\n<td>20<\/td>\n<td>Tornillo de u\u00f1a<\/td>\n<td>HOX944000000<\/td>\n<\/tr>\n<tr>\n<td>21<\/td>\n<td>Tuerca de husillo<\/td>\n<td>HOHB90200000<\/td>\n<\/tr>\n<tr>\n<td>22<\/td>\n<td>Cuerpo de hidrante de tres bocas 3&#8243;<\/td>\n<td>HTHTQ3000000<\/td>\n<\/tr>\n<tr>\n<td>22<\/td>\n<td>Cuerpo de hidrante de tres bocas 4&#8243; y 6&#8243;<\/td>\n<td>HTHQT4000000<\/td>\n<\/tr>\n<tr>\n<td>23<\/td>\n<td>Semieje Superior 4&#8243; y 6&#8243;<\/td>\n<td>HOHQT4230000<\/td>\n<\/tr>\n<tr>\n<td>23<\/td>\n<td>Semieje Superior 3&#8243;<\/td>\n<td>HOHQT3230000<\/td>\n<\/tr>\n<tr>\n<td>24<\/td>\n<td>Tuerca de sujeci\u00f3n de aro de cierre<\/td>\n<td>HOHQ94960000<\/td>\n<\/tr>\n<tr>\n<td>25<\/td>\n<td>U\u00f1a<\/td>\n<td>HOHQ90100000<\/td>\n<\/tr>\n<tr>\n<td>26<\/td>\n<td>Junta t\u00f3rica 49 x 2,5<\/td>\n<td>HOX802000000<\/td>\n<\/tr>\n<tr>\n<td>27<\/td>\n<td>Prisionero M6 x 20 con punta<\/td>\n<td>HOX800900000<\/td>\n<\/tr>\n<tr>\n<td>28<\/td>\n<td>Tornillo de tapa superior<\/td>\n<td>HOX94150I000<\/td>\n<\/tr>\n<tr>\n<td>29<\/td>\n<td>Tapa superior<\/td>\n<td>HOHQ92500000<\/td>\n<\/tr>\n<tr>\n<td>30<\/td>\n<td>Carrete<\/td>\n<td>&#8211;<\/td>\n<\/tr>\n<tr>\n<td>31<\/td>\n<td>Pasador el\u00e1stico 6 x 40<\/td>\n<td>HOX910000000<\/td>\n<\/tr>\n<tr>\n<td>32<\/td>\n<td>2\u00ba tramo de eje inferior<\/td>\n<td>&#8211;<\/td>\n<\/tr>\n<tr>\n<td>33<\/td>\n<td>Tornillo M12 x 60<\/td>\n<td>HOX801700000<\/td>\n<\/tr>\n<tr>\n<td>34<\/td>\n<td>Tuerca M-12<\/td>\n<td>HOX801200000<\/td>\n<\/tr>\n<tr>\n<td>35<\/td>\n<td>Tuerca M-27<\/td>\n<td>HOX800600000<\/td>\n<\/tr>\n<tr>\n<td>36<\/td>\n<td>Junta t\u00f3rica 161 x 3<\/td>\n<td>HOX801800000<\/td>\n<\/tr>\n<\/table>\n<p><a href=\"\/web\/wp-content\/uploads\/2024\/03\/Ficha_tecnica_hidrante_tifon.pdf\" target=\"_blank\" rel=\"noopener noreferrer\"><button>Descarga ficha<\/button><\/a><br \/>\n<a class=\"insta-link\" href=\"https:\/\/www.instagram.com\/aqlproteccion\/?hl=es\" target=\"_blank\" rel=\"noopener noreferrer\">Instagram<\/a><\/p>\n","protected":false},"excerpt":{"rendered":"<p>Los repuestos Tif\u00f3n Curvo son todos los componentes que forman nuestro hidrante modelo Tif\u00f3n Curvo. Cuerpo * Tapa * Obturador * Eje * Y mucho m\u00e1s<\/p>\n","protected":false},"featured_media":8437,"template":"","meta":[],"product_cat":[26,238],"product_tag":[215],"yoast_head":"<!-- This site is optimized with the Yoast SEO plugin v22.1 - https:\/\/yoast.com\/wordpress\/plugins\/seo\/ -->\n<title>Repuestos Tif\u00f3n Curvo - Anber<\/title>\n<meta name=\"description\" content=\"Los repuestos Tif\u00f3n Curvo son todos los componentes que forman nuestro hidrante modelo Tif\u00f3n Curvo. Cuerpo * Tapa * Obturador * Eje * Y mucho m\u00e1s\" \/>\n<meta name=\"robots\" content=\"index, follow, max-snippet:-1, max-image-preview:large, max-video-preview:-1\" \/>\n<link rel=\"canonical\" href=\"https:\/\/anber.es\/web\/producto\/repuestos-tifon-curvo\/\" \/>\n<meta property=\"og:locale\" content=\"es_ES\" \/>\n<meta property=\"og:type\" content=\"article\" \/>\n<meta property=\"og:title\" content=\"Repuestos Tif\u00f3n Curvo - Anber\" \/>\n<meta property=\"og:description\" content=\"Los repuestos Tif\u00f3n Curvo son todos los componentes que forman nuestro hidrante modelo Tif\u00f3n Curvo. Cuerpo * Tapa * Obturador * Eje * Y mucho m\u00e1s\" \/>\n<meta property=\"og:url\" content=\"https:\/\/anber.es\/web\/producto\/repuestos-tifon-curvo\/\" \/>\n<meta property=\"og:site_name\" content=\"Anber\" \/>\n<meta property=\"article:modified_time\" content=\"2024-03-25T12:18:53+00:00\" \/>\n<meta property=\"og:image\" content=\"https:\/\/anber.es\/web\/wp-content\/uploads\/2023\/05\/repuestos_tifon_curvo.webp\" \/>\n\t<meta property=\"og:image:width\" content=\"1000\" \/>\n\t<meta property=\"og:image:height\" content=\"1000\" \/>\n\t<meta property=\"og:image:type\" content=\"image\/webp\" \/>\n<meta name=\"twitter:card\" content=\"summary_large_image\" \/>\n<meta name=\"twitter:label1\" content=\"Tiempo de lectura\" \/>\n\t<meta name=\"twitter:data1\" content=\"2 minutos\" \/>\n<script type=\"application\/ld+json\" class=\"yoast-schema-graph\">{\"@context\":\"https:\/\/schema.org\",\"@graph\":[{\"@type\":\"WebPage\",\"@id\":\"https:\/\/anber.es\/web\/producto\/repuestos-tifon-curvo\/\",\"url\":\"https:\/\/anber.es\/web\/producto\/repuestos-tifon-curvo\/\",\"name\":\"Repuestos Tif\u00f3n Curvo - Anber\",\"isPartOf\":{\"@id\":\"https:\/\/anber.es\/web\/#website\"},\"datePublished\":\"2023-05-04T15:00:10+00:00\",\"dateModified\":\"2024-03-25T12:18:53+00:00\",\"description\":\"Los repuestos Tif\u00f3n Curvo son todos los componentes que forman nuestro hidrante modelo Tif\u00f3n Curvo. Cuerpo * Tapa * Obturador * Eje * Y mucho m\u00e1s\",\"breadcrumb\":{\"@id\":\"https:\/\/anber.es\/web\/producto\/repuestos-tifon-curvo\/#breadcrumb\"},\"inLanguage\":\"es\",\"potentialAction\":[{\"@type\":\"ReadAction\",\"target\":[\"https:\/\/anber.es\/web\/producto\/repuestos-tifon-curvo\/\"]}]},{\"@type\":\"BreadcrumbList\",\"@id\":\"https:\/\/anber.es\/web\/producto\/repuestos-tifon-curvo\/#breadcrumb\",\"itemListElement\":[{\"@type\":\"ListItem\",\"position\":1,\"name\":\"Portada\",\"item\":\"https:\/\/anber.es\/web\/\"},{\"@type\":\"ListItem\",\"position\":2,\"name\":\"Productos\",\"item\":\"https:\/\/anber.es\/web\/productos\/\"},{\"@type\":\"ListItem\",\"position\":3,\"name\":\"Repuestos Tif\u00f3n Curvo\"}]},{\"@type\":\"WebSite\",\"@id\":\"https:\/\/anber.es\/web\/#website\",\"url\":\"https:\/\/anber.es\/web\/\",\"name\":\"Anber\",\"description\":\"Sistemas de protecci\u00f3n contra incendios\",\"publisher\":{\"@id\":\"https:\/\/anber.es\/web\/#organization\"},\"potentialAction\":[{\"@type\":\"SearchAction\",\"target\":{\"@type\":\"EntryPoint\",\"urlTemplate\":\"https:\/\/anber.es\/web\/?s={search_term_string}\"},\"query-input\":\"required name=search_term_string\"}],\"inLanguage\":\"es\"},{\"@type\":\"Organization\",\"@id\":\"https:\/\/anber.es\/web\/#organization\",\"name\":\"Anber\",\"url\":\"https:\/\/anber.es\/web\/\",\"logo\":{\"@type\":\"ImageObject\",\"inLanguage\":\"es\",\"@id\":\"https:\/\/anber.es\/web\/#\/schema\/logo\/image\/\",\"url\":\"https:\/\/anber.es\/web\/wp-content\/uploads\/2021\/03\/logo-anber.png\",\"contentUrl\":\"https:\/\/anber.es\/web\/wp-content\/uploads\/2021\/03\/logo-anber.png\",\"width\":2208,\"height\":500,\"caption\":\"Anber\"},\"image\":{\"@id\":\"https:\/\/anber.es\/web\/#\/schema\/logo\/image\/\"}}]}<\/script>\n<!-- \/ Yoast SEO plugin. -->","yoast_head_json":{"title":"Repuestos Tif\u00f3n Curvo - Anber","description":"Los repuestos Tif\u00f3n Curvo son todos los componentes que forman nuestro hidrante modelo Tif\u00f3n Curvo. Cuerpo * Tapa * Obturador * Eje * Y mucho m\u00e1s","robots":{"index":"index","follow":"follow","max-snippet":"max-snippet:-1","max-image-preview":"max-image-preview:large","max-video-preview":"max-video-preview:-1"},"canonical":"https:\/\/anber.es\/web\/producto\/repuestos-tifon-curvo\/","og_locale":"es_ES","og_type":"article","og_title":"Repuestos Tif\u00f3n Curvo - Anber","og_description":"Los repuestos Tif\u00f3n Curvo son todos los componentes que forman nuestro hidrante modelo Tif\u00f3n Curvo. Cuerpo * Tapa * Obturador * Eje * Y mucho m\u00e1s","og_url":"https:\/\/anber.es\/web\/producto\/repuestos-tifon-curvo\/","og_site_name":"Anber","article_modified_time":"2024-03-25T12:18:53+00:00","og_image":[{"width":1000,"height":1000,"url":"https:\/\/anber.es\/web\/wp-content\/uploads\/2023\/05\/repuestos_tifon_curvo.webp","type":"image\/webp"}],"twitter_card":"summary_large_image","twitter_misc":{"Tiempo de lectura":"2 minutos"},"schema":{"@context":"https:\/\/schema.org","@graph":[{"@type":"WebPage","@id":"https:\/\/anber.es\/web\/producto\/repuestos-tifon-curvo\/","url":"https:\/\/anber.es\/web\/producto\/repuestos-tifon-curvo\/","name":"Repuestos Tif\u00f3n Curvo - Anber","isPartOf":{"@id":"https:\/\/anber.es\/web\/#website"},"datePublished":"2023-05-04T15:00:10+00:00","dateModified":"2024-03-25T12:18:53+00:00","description":"Los repuestos Tif\u00f3n Curvo son todos los componentes que forman nuestro hidrante modelo Tif\u00f3n Curvo. Cuerpo * Tapa * Obturador * Eje * Y mucho m\u00e1s","breadcrumb":{"@id":"https:\/\/anber.es\/web\/producto\/repuestos-tifon-curvo\/#breadcrumb"},"inLanguage":"es","potentialAction":[{"@type":"ReadAction","target":["https:\/\/anber.es\/web\/producto\/repuestos-tifon-curvo\/"]}]},{"@type":"BreadcrumbList","@id":"https:\/\/anber.es\/web\/producto\/repuestos-tifon-curvo\/#breadcrumb","itemListElement":[{"@type":"ListItem","position":1,"name":"Portada","item":"https:\/\/anber.es\/web\/"},{"@type":"ListItem","position":2,"name":"Productos","item":"https:\/\/anber.es\/web\/productos\/"},{"@type":"ListItem","position":3,"name":"Repuestos Tif\u00f3n Curvo"}]},{"@type":"WebSite","@id":"https:\/\/anber.es\/web\/#website","url":"https:\/\/anber.es\/web\/","name":"Anber","description":"Sistemas de protecci\u00f3n contra incendios","publisher":{"@id":"https:\/\/anber.es\/web\/#organization"},"potentialAction":[{"@type":"SearchAction","target":{"@type":"EntryPoint","urlTemplate":"https:\/\/anber.es\/web\/?s={search_term_string}"},"query-input":"required name=search_term_string"}],"inLanguage":"es"},{"@type":"Organization","@id":"https:\/\/anber.es\/web\/#organization","name":"Anber","url":"https:\/\/anber.es\/web\/","logo":{"@type":"ImageObject","inLanguage":"es","@id":"https:\/\/anber.es\/web\/#\/schema\/logo\/image\/","url":"https:\/\/anber.es\/web\/wp-content\/uploads\/2021\/03\/logo-anber.png","contentUrl":"https:\/\/anber.es\/web\/wp-content\/uploads\/2021\/03\/logo-anber.png","width":2208,"height":500,"caption":"Anber"},"image":{"@id":"https:\/\/anber.es\/web\/#\/schema\/logo\/image\/"}}]}},"_links":{"self":[{"href":"https:\/\/anber.es\/web\/wp-json\/wp\/v2\/product\/8438"}],"collection":[{"href":"https:\/\/anber.es\/web\/wp-json\/wp\/v2\/product"}],"about":[{"href":"https:\/\/anber.es\/web\/wp-json\/wp\/v2\/types\/product"}],"wp:featuredmedia":[{"embeddable":true,"href":"https:\/\/anber.es\/web\/wp-json\/wp\/v2\/media\/8437"}],"wp:attachment":[{"href":"https:\/\/anber.es\/web\/wp-json\/wp\/v2\/media?parent=8438"}],"wp:term":[{"taxonomy":"product_cat","embeddable":true,"href":"https:\/\/anber.es\/web\/wp-json\/wp\/v2\/product_cat?post=8438"},{"taxonomy":"product_tag","embeddable":true,"href":"https:\/\/anber.es\/web\/wp-json\/wp\/v2\/product_tag?post=8438"}],"curies":[{"name":"wp","href":"https:\/\/api.w.org\/{rel}","templated":true}]}}