{"id":8478,"date":"2023-05-08T13:11:58","date_gmt":"2023-05-08T11:11:58","guid":{"rendered":"https:\/\/anber.es\/?post_type=product&#038;p=8478"},"modified":"2025-11-11T12:45:50","modified_gmt":"2025-11-11T10:45:50","slug":"te-tres-bridas","status":"publish","type":"product","link":"https:\/\/anber.es\/web\/producto\/te-tres-bridas\/","title":{"rendered":"Te tres bridas"},"content":{"rendered":"<p>La <strong>te de tres bridas<\/strong> est\u00e1 fabricada en hierro fundido d\u00factil, siguiendo las normas ISO 2531 y EN545, lo que asegura su alta resistencia y durabilidad. Adem\u00e1s, cuenta con un recubrimiento epoxi azul que protege contra la corrosi\u00f3n y el desgaste.<\/p>\n<p>Este accesorio ofrece una soluci\u00f3n econ\u00f3mica y eficiente para <b>cambiar la direcci\u00f3n del flujo de agua y a\u00f1adir una salida adicional<\/b> en las redes de canalizaci\u00f3n.<\/p>\n<p>Puede utilizarse con las tres bocas del mismo di\u00e1metro o con la boca central de menor tama\u00f1o que las de los extremos, adapt\u00e1ndose a diversas configuraciones.<\/p>\n<p>Se caracteriza por disponer de bridas orientables para una mejor adaptabilidad.<\/p>\n<p>\u00b7 Presi\u00f3n de trabajo: PN10 y PN16.<\/p>\n<p>Referencia: HMFUTE.<\/p>\n<p><a href=\"\/web\/wp-content\/uploads\/2025\/11\/Ficha_tecnica-te_tres_bridas.pdf\" target=\"_blank\" rel=\"noopener noreferrer\"><button>Descarga ficha<\/button><\/a><br \/>\n<a class=\"insta-link\" href=\"https:\/\/www.instagram.com\/aqlproteccion\/?hl=es\" target=\"_blank\" rel=\"noopener noreferrer\">Instagram<\/a><\/p>\n","protected":false},"excerpt":{"rendered":"<p>La te de tres bridas est\u00e1 fabricada en hierro fundido d\u00factil. Proporciona un m\u00e9todo econ\u00f3mico y eficiente para cambiar la direcci\u00f3n del agua y a\u00f1adir una salida adicional.<\/p>\n","protected":false},"featured_media":8416,"template":"","meta":[],"product_cat":[26,239],"product_tag":[215],"yoast_head":"<!-- This site is optimized with the Yoast SEO plugin v22.1 - https:\/\/yoast.com\/wordpress\/plugins\/seo\/ -->\n<title>Te tres bridas - Anber<\/title>\n<meta name=\"description\" content=\"La te de tres bridas est\u00e1 fabricada en hierro fundido d\u00factil. Proporciona un m\u00e9todo econ\u00f3mico y eficiente para cambiar la direcci\u00f3n del agua y a\u00f1adir una\" \/>\n<meta name=\"robots\" content=\"index, follow, max-snippet:-1, max-image-preview:large, max-video-preview:-1\" \/>\n<link rel=\"canonical\" href=\"https:\/\/anber.es\/web\/producto\/te-tres-bridas\/\" \/>\n<meta property=\"og:locale\" content=\"es_ES\" \/>\n<meta property=\"og:type\" content=\"article\" \/>\n<meta property=\"og:title\" content=\"Te tres bridas - Anber\" \/>\n<meta property=\"og:description\" content=\"La te de tres bridas est\u00e1 fabricada en hierro fundido d\u00factil. Proporciona un m\u00e9todo econ\u00f3mico y eficiente para cambiar la direcci\u00f3n del agua y a\u00f1adir una\" \/>\n<meta property=\"og:url\" content=\"https:\/\/anber.es\/web\/producto\/te-tres-bridas\/\" \/>\n<meta property=\"og:site_name\" content=\"Anber\" \/>\n<meta property=\"article:modified_time\" content=\"2025-11-11T10:45:50+00:00\" \/>\n<meta property=\"og:image\" content=\"https:\/\/anber.es\/web\/wp-content\/uploads\/2023\/05\/te_tres_bridas.webp\" \/>\n\t<meta property=\"og:image:width\" content=\"1000\" \/>\n\t<meta property=\"og:image:height\" content=\"1000\" \/>\n\t<meta property=\"og:image:type\" content=\"image\/webp\" \/>\n<meta name=\"twitter:card\" content=\"summary_large_image\" \/>\n<meta name=\"twitter:label1\" content=\"Tiempo de lectura\" \/>\n\t<meta name=\"twitter:data1\" content=\"1 minuto\" \/>\n<script type=\"application\/ld+json\" class=\"yoast-schema-graph\">{\"@context\":\"https:\/\/schema.org\",\"@graph\":[{\"@type\":\"WebPage\",\"@id\":\"https:\/\/anber.es\/web\/producto\/te-tres-bridas\/\",\"url\":\"https:\/\/anber.es\/web\/producto\/te-tres-bridas\/\",\"name\":\"Te tres bridas - Anber\",\"isPartOf\":{\"@id\":\"https:\/\/anber.es\/web\/#website\"},\"datePublished\":\"2023-05-08T11:11:58+00:00\",\"dateModified\":\"2025-11-11T10:45:50+00:00\",\"description\":\"La te de tres bridas est\u00e1 fabricada en hierro fundido d\u00factil. Proporciona un m\u00e9todo econ\u00f3mico y eficiente para cambiar la direcci\u00f3n del agua y a\u00f1adir una\",\"breadcrumb\":{\"@id\":\"https:\/\/anber.es\/web\/producto\/te-tres-bridas\/#breadcrumb\"},\"inLanguage\":\"es\",\"potentialAction\":[{\"@type\":\"ReadAction\",\"target\":[\"https:\/\/anber.es\/web\/producto\/te-tres-bridas\/\"]}]},{\"@type\":\"BreadcrumbList\",\"@id\":\"https:\/\/anber.es\/web\/producto\/te-tres-bridas\/#breadcrumb\",\"itemListElement\":[{\"@type\":\"ListItem\",\"position\":1,\"name\":\"Portada\",\"item\":\"https:\/\/anber.es\/web\/\"},{\"@type\":\"ListItem\",\"position\":2,\"name\":\"Productos\",\"item\":\"https:\/\/anber.es\/web\/productos\/\"},{\"@type\":\"ListItem\",\"position\":3,\"name\":\"Te tres bridas\"}]},{\"@type\":\"WebSite\",\"@id\":\"https:\/\/anber.es\/web\/#website\",\"url\":\"https:\/\/anber.es\/web\/\",\"name\":\"Anber\",\"description\":\"Sistemas de protecci\u00f3n contra incendios\",\"publisher\":{\"@id\":\"https:\/\/anber.es\/web\/#organization\"},\"potentialAction\":[{\"@type\":\"SearchAction\",\"target\":{\"@type\":\"EntryPoint\",\"urlTemplate\":\"https:\/\/anber.es\/web\/?s={search_term_string}\"},\"query-input\":\"required name=search_term_string\"}],\"inLanguage\":\"es\"},{\"@type\":\"Organization\",\"@id\":\"https:\/\/anber.es\/web\/#organization\",\"name\":\"Anber\",\"url\":\"https:\/\/anber.es\/web\/\",\"logo\":{\"@type\":\"ImageObject\",\"inLanguage\":\"es\",\"@id\":\"https:\/\/anber.es\/web\/#\/schema\/logo\/image\/\",\"url\":\"https:\/\/anber.es\/web\/wp-content\/uploads\/2021\/03\/logo-anber.png\",\"contentUrl\":\"https:\/\/anber.es\/web\/wp-content\/uploads\/2021\/03\/logo-anber.png\",\"width\":2208,\"height\":500,\"caption\":\"Anber\"},\"image\":{\"@id\":\"https:\/\/anber.es\/web\/#\/schema\/logo\/image\/\"}}]}<\/script>\n<!-- \/ Yoast SEO plugin. -->","yoast_head_json":{"title":"Te tres bridas - Anber","description":"La te de tres bridas est\u00e1 fabricada en hierro fundido d\u00factil. Proporciona un m\u00e9todo econ\u00f3mico y eficiente para cambiar la direcci\u00f3n del agua y a\u00f1adir una","robots":{"index":"index","follow":"follow","max-snippet":"max-snippet:-1","max-image-preview":"max-image-preview:large","max-video-preview":"max-video-preview:-1"},"canonical":"https:\/\/anber.es\/web\/producto\/te-tres-bridas\/","og_locale":"es_ES","og_type":"article","og_title":"Te tres bridas - Anber","og_description":"La te de tres bridas est\u00e1 fabricada en hierro fundido d\u00factil. Proporciona un m\u00e9todo econ\u00f3mico y eficiente para cambiar la direcci\u00f3n del agua y a\u00f1adir una","og_url":"https:\/\/anber.es\/web\/producto\/te-tres-bridas\/","og_site_name":"Anber","article_modified_time":"2025-11-11T10:45:50+00:00","og_image":[{"width":1000,"height":1000,"url":"https:\/\/anber.es\/web\/wp-content\/uploads\/2023\/05\/te_tres_bridas.webp","type":"image\/webp"}],"twitter_card":"summary_large_image","twitter_misc":{"Tiempo de lectura":"1 minuto"},"schema":{"@context":"https:\/\/schema.org","@graph":[{"@type":"WebPage","@id":"https:\/\/anber.es\/web\/producto\/te-tres-bridas\/","url":"https:\/\/anber.es\/web\/producto\/te-tres-bridas\/","name":"Te tres bridas - Anber","isPartOf":{"@id":"https:\/\/anber.es\/web\/#website"},"datePublished":"2023-05-08T11:11:58+00:00","dateModified":"2025-11-11T10:45:50+00:00","description":"La te de tres bridas est\u00e1 fabricada en hierro fundido d\u00factil. Proporciona un m\u00e9todo econ\u00f3mico y eficiente para cambiar la direcci\u00f3n del agua y a\u00f1adir una","breadcrumb":{"@id":"https:\/\/anber.es\/web\/producto\/te-tres-bridas\/#breadcrumb"},"inLanguage":"es","potentialAction":[{"@type":"ReadAction","target":["https:\/\/anber.es\/web\/producto\/te-tres-bridas\/"]}]},{"@type":"BreadcrumbList","@id":"https:\/\/anber.es\/web\/producto\/te-tres-bridas\/#breadcrumb","itemListElement":[{"@type":"ListItem","position":1,"name":"Portada","item":"https:\/\/anber.es\/web\/"},{"@type":"ListItem","position":2,"name":"Productos","item":"https:\/\/anber.es\/web\/productos\/"},{"@type":"ListItem","position":3,"name":"Te tres bridas"}]},{"@type":"WebSite","@id":"https:\/\/anber.es\/web\/#website","url":"https:\/\/anber.es\/web\/","name":"Anber","description":"Sistemas de protecci\u00f3n contra incendios","publisher":{"@id":"https:\/\/anber.es\/web\/#organization"},"potentialAction":[{"@type":"SearchAction","target":{"@type":"EntryPoint","urlTemplate":"https:\/\/anber.es\/web\/?s={search_term_string}"},"query-input":"required name=search_term_string"}],"inLanguage":"es"},{"@type":"Organization","@id":"https:\/\/anber.es\/web\/#organization","name":"Anber","url":"https:\/\/anber.es\/web\/","logo":{"@type":"ImageObject","inLanguage":"es","@id":"https:\/\/anber.es\/web\/#\/schema\/logo\/image\/","url":"https:\/\/anber.es\/web\/wp-content\/uploads\/2021\/03\/logo-anber.png","contentUrl":"https:\/\/anber.es\/web\/wp-content\/uploads\/2021\/03\/logo-anber.png","width":2208,"height":500,"caption":"Anber"},"image":{"@id":"https:\/\/anber.es\/web\/#\/schema\/logo\/image\/"}}]}},"_links":{"self":[{"href":"https:\/\/anber.es\/web\/wp-json\/wp\/v2\/product\/8478"}],"collection":[{"href":"https:\/\/anber.es\/web\/wp-json\/wp\/v2\/product"}],"about":[{"href":"https:\/\/anber.es\/web\/wp-json\/wp\/v2\/types\/product"}],"wp:featuredmedia":[{"embeddable":true,"href":"https:\/\/anber.es\/web\/wp-json\/wp\/v2\/media\/8416"}],"wp:attachment":[{"href":"https:\/\/anber.es\/web\/wp-json\/wp\/v2\/media?parent=8478"}],"wp:term":[{"taxonomy":"product_cat","embeddable":true,"href":"https:\/\/anber.es\/web\/wp-json\/wp\/v2\/product_cat?post=8478"},{"taxonomy":"product_tag","embeddable":true,"href":"https:\/\/anber.es\/web\/wp-json\/wp\/v2\/product_tag?post=8478"}],"curies":[{"name":"wp","href":"https:\/\/api.w.org\/{rel}","templated":true}]}}