{"id":9498,"date":"2024-07-17T08:48:45","date_gmt":"2024-07-17T06:48:45","guid":{"rendered":"https:\/\/anber.es\/web\/?post_type=product&#038;p=9498"},"modified":"2026-02-02T13:06:59","modified_gmt":"2026-02-02T11:06:59","slug":"bie-abatible-25-x-20m-620x620x220mm","status":"publish","type":"product","link":"https:\/\/anber.es\/web\/producto\/bie-abatible-25-x-20m-620x620x220mm\/","title":{"rendered":"BIE abatible \u00d825 x 20m 620x620x220mm"},"content":{"rendered":"<p>La<strong> BIE abatible \u00d825 x 20m <\/strong> es una Boca de Incendios Equipada con manguera semirr\u00edgida de 25 mm, seg\u00fan UNE-EN 671-1. <\/p>\n<p>\u00b7 Dimensiones:<b> 620 x 620 x 220 mm<\/b>. <\/p>\n<p>\u00b7 <u>Armario<\/u>: Construido en chapa de acero FeP01 y pintado en epoxi poli\u00e9ster RAL 3000 (rojo). Puerta con visor o ciega, equipada con bisagras y cerradura de f\u00e1cil apertura.<br \/>\n\u00b7 <u>Devanadera<\/u>: De discos de chapa de 450 mm de di\u00e1metro, pintada en epoxi poli\u00e9ster RAL 3000 (rojo), con alimentaci\u00f3n axial.<br \/>\n\u00b7 <u>Manguera<\/u>: Semirr\u00edgida de \u00d825 mm y 20 m de longitud con una presi\u00f3n de servicio de 12 bar.<br \/>\n\u00b7 <u>V\u00e1lvula<\/u>: Angular con toma para man\u00f3metro.<br \/>\n\u00b7 <u>Lanza<\/u>: Triple efecto.<br \/>\n\u00b7 <u>Man\u00f3metro<\/u>: De esfera de 50 mm de di\u00e1metro y escala de 0 a 16 bar.<\/p>\n<p>Disponemos de varios modelos en distintos colores y en acero inoxidable calidad AISI 304 y 316.<\/p>\n<p>Referencia: BEPA25P.<\/p>\n<p><a href=\"https:\/\/anber.es\/web\/wp-content\/uploads\/2026\/02\/Ficha_tecnica-BIE_25_abatible_620x620x200mm.pdf\" target=\"_blank\" rel=\"noopener noreferrer\"><button>Descarga ficha<\/button><\/a><br \/>\n<a class=\"insta-link\" href=\"https:\/\/www.instagram.com\/aqlproteccion\/?hl=es\" target=\"_blank\" rel=\"noopener noreferrer\">Instagram<\/a><\/p>\n","protected":false},"excerpt":{"rendered":"<p>La BIE abatible \u00d825 x 20m es una Boca de Incendios Equipada con manguera semirr\u00edgida de 25 mm, seg\u00fan UNE-EN 671-1. Dimensiones: 620 x 620 x 220mm.<\/p>\n","protected":false},"featured_media":9496,"template":"","meta":[],"product_cat":[27,20,98],"product_tag":[215],"yoast_head":"<!-- This site is optimized with the Yoast SEO plugin v22.1 - https:\/\/yoast.com\/wordpress\/plugins\/seo\/ -->\n<title>BIE abatible \u00d825 x 20m 620x620x220mm - Anber<\/title>\n<meta name=\"description\" content=\"La BIE abatible \u00d825 x 20m es una Boca de Incendios Equipada con manguera semirr\u00edgida de 25 mm, seg\u00fan UNE-EN 671-1. Dimensiones: 620 x 620 x 220mm.\" \/>\n<meta name=\"robots\" content=\"index, follow, max-snippet:-1, max-image-preview:large, max-video-preview:-1\" \/>\n<link rel=\"canonical\" href=\"https:\/\/anber.es\/web\/producto\/bie-abatible-25-x-20m-620x620x220mm\/\" \/>\n<meta property=\"og:locale\" content=\"es_ES\" \/>\n<meta property=\"og:type\" content=\"article\" \/>\n<meta property=\"og:title\" content=\"BIE abatible \u00d825 x 20m 620x620x220mm - Anber\" \/>\n<meta property=\"og:description\" content=\"La BIE abatible \u00d825 x 20m es una Boca de Incendios Equipada con manguera semirr\u00edgida de 25 mm, seg\u00fan UNE-EN 671-1. Dimensiones: 620 x 620 x 220mm.\" \/>\n<meta property=\"og:url\" content=\"https:\/\/anber.es\/web\/producto\/bie-abatible-25-x-20m-620x620x220mm\/\" \/>\n<meta property=\"og:site_name\" content=\"Anber\" \/>\n<meta property=\"article:modified_time\" content=\"2026-02-02T11:06:59+00:00\" \/>\n<meta property=\"og:image\" content=\"https:\/\/anber.es\/web\/wp-content\/uploads\/2024\/07\/BIE_abatible_25_620x620x200mm.webp\" \/>\n\t<meta property=\"og:image:width\" content=\"1000\" \/>\n\t<meta property=\"og:image:height\" content=\"1000\" \/>\n\t<meta property=\"og:image:type\" content=\"image\/webp\" \/>\n<meta name=\"twitter:card\" content=\"summary_large_image\" \/>\n<meta name=\"twitter:label1\" content=\"Tiempo de lectura\" \/>\n\t<meta name=\"twitter:data1\" content=\"1 minuto\" \/>\n<script type=\"application\/ld+json\" class=\"yoast-schema-graph\">{\"@context\":\"https:\/\/schema.org\",\"@graph\":[{\"@type\":\"WebPage\",\"@id\":\"https:\/\/anber.es\/web\/producto\/bie-abatible-25-x-20m-620x620x220mm\/\",\"url\":\"https:\/\/anber.es\/web\/producto\/bie-abatible-25-x-20m-620x620x220mm\/\",\"name\":\"BIE abatible \u00d825 x 20m 620x620x220mm - Anber\",\"isPartOf\":{\"@id\":\"https:\/\/anber.es\/web\/#website\"},\"datePublished\":\"2024-07-17T06:48:45+00:00\",\"dateModified\":\"2026-02-02T11:06:59+00:00\",\"description\":\"La BIE abatible \u00d825 x 20m es una Boca de Incendios Equipada con manguera semirr\u00edgida de 25 mm, seg\u00fan UNE-EN 671-1. Dimensiones: 620 x 620 x 220mm.\",\"breadcrumb\":{\"@id\":\"https:\/\/anber.es\/web\/producto\/bie-abatible-25-x-20m-620x620x220mm\/#breadcrumb\"},\"inLanguage\":\"es\",\"potentialAction\":[{\"@type\":\"ReadAction\",\"target\":[\"https:\/\/anber.es\/web\/producto\/bie-abatible-25-x-20m-620x620x220mm\/\"]}]},{\"@type\":\"BreadcrumbList\",\"@id\":\"https:\/\/anber.es\/web\/producto\/bie-abatible-25-x-20m-620x620x220mm\/#breadcrumb\",\"itemListElement\":[{\"@type\":\"ListItem\",\"position\":1,\"name\":\"Portada\",\"item\":\"https:\/\/anber.es\/web\/\"},{\"@type\":\"ListItem\",\"position\":2,\"name\":\"Productos\",\"item\":\"https:\/\/anber.es\/web\/productos\/\"},{\"@type\":\"ListItem\",\"position\":3,\"name\":\"BIE abatible \u00d825 x 20m 620x620x220mm\"}]},{\"@type\":\"WebSite\",\"@id\":\"https:\/\/anber.es\/web\/#website\",\"url\":\"https:\/\/anber.es\/web\/\",\"name\":\"Anber\",\"description\":\"Sistemas de protecci\u00f3n contra incendios\",\"publisher\":{\"@id\":\"https:\/\/anber.es\/web\/#organization\"},\"potentialAction\":[{\"@type\":\"SearchAction\",\"target\":{\"@type\":\"EntryPoint\",\"urlTemplate\":\"https:\/\/anber.es\/web\/?s={search_term_string}\"},\"query-input\":\"required name=search_term_string\"}],\"inLanguage\":\"es\"},{\"@type\":\"Organization\",\"@id\":\"https:\/\/anber.es\/web\/#organization\",\"name\":\"Anber\",\"url\":\"https:\/\/anber.es\/web\/\",\"logo\":{\"@type\":\"ImageObject\",\"inLanguage\":\"es\",\"@id\":\"https:\/\/anber.es\/web\/#\/schema\/logo\/image\/\",\"url\":\"https:\/\/anber.es\/web\/wp-content\/uploads\/2021\/03\/logo-anber.png\",\"contentUrl\":\"https:\/\/anber.es\/web\/wp-content\/uploads\/2021\/03\/logo-anber.png\",\"width\":2208,\"height\":500,\"caption\":\"Anber\"},\"image\":{\"@id\":\"https:\/\/anber.es\/web\/#\/schema\/logo\/image\/\"}}]}<\/script>\n<!-- \/ Yoast SEO plugin. -->","yoast_head_json":{"title":"BIE abatible \u00d825 x 20m 620x620x220mm - Anber","description":"La BIE abatible \u00d825 x 20m es una Boca de Incendios Equipada con manguera semirr\u00edgida de 25 mm, seg\u00fan UNE-EN 671-1. Dimensiones: 620 x 620 x 220mm.","robots":{"index":"index","follow":"follow","max-snippet":"max-snippet:-1","max-image-preview":"max-image-preview:large","max-video-preview":"max-video-preview:-1"},"canonical":"https:\/\/anber.es\/web\/producto\/bie-abatible-25-x-20m-620x620x220mm\/","og_locale":"es_ES","og_type":"article","og_title":"BIE abatible \u00d825 x 20m 620x620x220mm - Anber","og_description":"La BIE abatible \u00d825 x 20m es una Boca de Incendios Equipada con manguera semirr\u00edgida de 25 mm, seg\u00fan UNE-EN 671-1. Dimensiones: 620 x 620 x 220mm.","og_url":"https:\/\/anber.es\/web\/producto\/bie-abatible-25-x-20m-620x620x220mm\/","og_site_name":"Anber","article_modified_time":"2026-02-02T11:06:59+00:00","og_image":[{"width":1000,"height":1000,"url":"https:\/\/anber.es\/web\/wp-content\/uploads\/2024\/07\/BIE_abatible_25_620x620x200mm.webp","type":"image\/webp"}],"twitter_card":"summary_large_image","twitter_misc":{"Tiempo de lectura":"1 minuto"},"schema":{"@context":"https:\/\/schema.org","@graph":[{"@type":"WebPage","@id":"https:\/\/anber.es\/web\/producto\/bie-abatible-25-x-20m-620x620x220mm\/","url":"https:\/\/anber.es\/web\/producto\/bie-abatible-25-x-20m-620x620x220mm\/","name":"BIE abatible \u00d825 x 20m 620x620x220mm - Anber","isPartOf":{"@id":"https:\/\/anber.es\/web\/#website"},"datePublished":"2024-07-17T06:48:45+00:00","dateModified":"2026-02-02T11:06:59+00:00","description":"La BIE abatible \u00d825 x 20m es una Boca de Incendios Equipada con manguera semirr\u00edgida de 25 mm, seg\u00fan UNE-EN 671-1. Dimensiones: 620 x 620 x 220mm.","breadcrumb":{"@id":"https:\/\/anber.es\/web\/producto\/bie-abatible-25-x-20m-620x620x220mm\/#breadcrumb"},"inLanguage":"es","potentialAction":[{"@type":"ReadAction","target":["https:\/\/anber.es\/web\/producto\/bie-abatible-25-x-20m-620x620x220mm\/"]}]},{"@type":"BreadcrumbList","@id":"https:\/\/anber.es\/web\/producto\/bie-abatible-25-x-20m-620x620x220mm\/#breadcrumb","itemListElement":[{"@type":"ListItem","position":1,"name":"Portada","item":"https:\/\/anber.es\/web\/"},{"@type":"ListItem","position":2,"name":"Productos","item":"https:\/\/anber.es\/web\/productos\/"},{"@type":"ListItem","position":3,"name":"BIE abatible \u00d825 x 20m 620x620x220mm"}]},{"@type":"WebSite","@id":"https:\/\/anber.es\/web\/#website","url":"https:\/\/anber.es\/web\/","name":"Anber","description":"Sistemas de protecci\u00f3n contra incendios","publisher":{"@id":"https:\/\/anber.es\/web\/#organization"},"potentialAction":[{"@type":"SearchAction","target":{"@type":"EntryPoint","urlTemplate":"https:\/\/anber.es\/web\/?s={search_term_string}"},"query-input":"required name=search_term_string"}],"inLanguage":"es"},{"@type":"Organization","@id":"https:\/\/anber.es\/web\/#organization","name":"Anber","url":"https:\/\/anber.es\/web\/","logo":{"@type":"ImageObject","inLanguage":"es","@id":"https:\/\/anber.es\/web\/#\/schema\/logo\/image\/","url":"https:\/\/anber.es\/web\/wp-content\/uploads\/2021\/03\/logo-anber.png","contentUrl":"https:\/\/anber.es\/web\/wp-content\/uploads\/2021\/03\/logo-anber.png","width":2208,"height":500,"caption":"Anber"},"image":{"@id":"https:\/\/anber.es\/web\/#\/schema\/logo\/image\/"}}]}},"_links":{"self":[{"href":"https:\/\/anber.es\/web\/wp-json\/wp\/v2\/product\/9498"}],"collection":[{"href":"https:\/\/anber.es\/web\/wp-json\/wp\/v2\/product"}],"about":[{"href":"https:\/\/anber.es\/web\/wp-json\/wp\/v2\/types\/product"}],"wp:featuredmedia":[{"embeddable":true,"href":"https:\/\/anber.es\/web\/wp-json\/wp\/v2\/media\/9496"}],"wp:attachment":[{"href":"https:\/\/anber.es\/web\/wp-json\/wp\/v2\/media?parent=9498"}],"wp:term":[{"taxonomy":"product_cat","embeddable":true,"href":"https:\/\/anber.es\/web\/wp-json\/wp\/v2\/product_cat?post=9498"},{"taxonomy":"product_tag","embeddable":true,"href":"https:\/\/anber.es\/web\/wp-json\/wp\/v2\/product_tag?post=9498"}],"curies":[{"name":"wp","href":"https:\/\/api.w.org\/{rel}","templated":true}]}}