{"id":9571,"date":"2024-11-12T13:26:26","date_gmt":"2024-11-12T11:26:26","guid":{"rendered":"https:\/\/anber.es\/web\/?post_type=product&#038;p=9571"},"modified":"2026-03-26T12:14:23","modified_gmt":"2026-03-26T10:14:23","slug":"manguera-plana-textil-blanca","status":"publish","type":"product","link":"https:\/\/anber.es\/web\/producto\/manguera-plana-textil-blanca\/","title":{"rendered":"Manguera plana textil blanca"},"content":{"rendered":"<p>La<strong> manguera plana textil blanca<\/strong> est\u00e1 fabricada con manch\u00f3n interno de PVC. Manguera de 45 certificada seg\u00fan Normal EN 14540.<\/p>\n<p><b>Di\u00e1metros disponibles: <\/b>45 y 70. Para uso en <strong>BIE 45<\/strong> y la de 70 para otros usos.<\/p>\n<p>Longitudes disponibles: 15m, 20m, 30m y 60m. Otras longitudes consultar.<\/p>\n<p>Temperatura de servicio: <b>-20\u00baC hasta 80\u00baC<\/b>.<\/p>\n<p>Referencia: BM45_BM70.<\/p>\n<p><a href=\"\/web\/wp-content\/uploads\/2024\/11\/Ficha_tecnica-manguera_plana_textil_blanca.pdf\" target=\"_blank\" rel=\"noopener noreferrer\"><button>Descarga ficha<\/button><\/a><br \/>\n<a class=\"insta-link\" href=\"https:\/\/www.instagram.com\/aqlproteccion\/?hl=es\" target=\"_blank\" rel=\"noopener noreferrer\">Instagram<\/a><\/p>\n","protected":false},"excerpt":{"rendered":"<p>La manguera plana textil blanca est\u00e1 fabricada con manch\u00f3n interno de PVC. Manguera de 45 certificada seg\u00fan Normal EN 14540. Di\u00e1metros disponibles: 45 y 70. Para uso en BIE 45 y la de 70 para otros usos.<\/p>\n","protected":false},"featured_media":9569,"template":"","meta":[],"product_cat":[252,20,110],"product_tag":[215],"yoast_head":"<!-- This site is optimized with the Yoast SEO plugin v22.1 - https:\/\/yoast.com\/wordpress\/plugins\/seo\/ -->\n<title>Manguera plana textil blanca - Anber<\/title>\n<meta name=\"description\" content=\"La manguera plana textil blanca est\u00e1 fabricada con manch\u00f3n interno de PVC. Manguera de 45 certificada seg\u00fan Normal EN 14540.\" \/>\n<meta name=\"robots\" content=\"index, follow, max-snippet:-1, max-image-preview:large, max-video-preview:-1\" \/>\n<link rel=\"canonical\" href=\"https:\/\/anber.es\/web\/producto\/manguera-plana-textil-blanca\/\" \/>\n<meta property=\"og:locale\" content=\"es_ES\" \/>\n<meta property=\"og:type\" content=\"article\" \/>\n<meta property=\"og:title\" content=\"Manguera plana textil blanca - Anber\" \/>\n<meta property=\"og:description\" content=\"La manguera plana textil blanca est\u00e1 fabricada con manch\u00f3n interno de PVC. Manguera de 45 certificada seg\u00fan Normal EN 14540.\" \/>\n<meta property=\"og:url\" content=\"https:\/\/anber.es\/web\/producto\/manguera-plana-textil-blanca\/\" \/>\n<meta property=\"og:site_name\" content=\"Anber\" \/>\n<meta property=\"article:modified_time\" content=\"2026-03-26T10:14:23+00:00\" \/>\n<meta property=\"og:image\" content=\"https:\/\/anber.es\/web\/wp-content\/uploads\/2024\/11\/manguera_plana_textil_blanca.webp\" \/>\n\t<meta property=\"og:image:width\" content=\"1000\" \/>\n\t<meta property=\"og:image:height\" content=\"1000\" \/>\n\t<meta property=\"og:image:type\" content=\"image\/webp\" \/>\n<meta name=\"twitter:card\" content=\"summary_large_image\" \/>\n<meta name=\"twitter:label1\" content=\"Tiempo de lectura\" \/>\n\t<meta name=\"twitter:data1\" content=\"1 minuto\" \/>\n<script type=\"application\/ld+json\" class=\"yoast-schema-graph\">{\"@context\":\"https:\/\/schema.org\",\"@graph\":[{\"@type\":\"WebPage\",\"@id\":\"https:\/\/anber.es\/web\/producto\/manguera-plana-textil-blanca\/\",\"url\":\"https:\/\/anber.es\/web\/producto\/manguera-plana-textil-blanca\/\",\"name\":\"Manguera plana textil blanca - Anber\",\"isPartOf\":{\"@id\":\"https:\/\/anber.es\/web\/#website\"},\"datePublished\":\"2024-11-12T11:26:26+00:00\",\"dateModified\":\"2026-03-26T10:14:23+00:00\",\"description\":\"La manguera plana textil blanca est\u00e1 fabricada con manch\u00f3n interno de PVC. Manguera de 45 certificada seg\u00fan Normal EN 14540.\",\"breadcrumb\":{\"@id\":\"https:\/\/anber.es\/web\/producto\/manguera-plana-textil-blanca\/#breadcrumb\"},\"inLanguage\":\"es\",\"potentialAction\":[{\"@type\":\"ReadAction\",\"target\":[\"https:\/\/anber.es\/web\/producto\/manguera-plana-textil-blanca\/\"]}]},{\"@type\":\"BreadcrumbList\",\"@id\":\"https:\/\/anber.es\/web\/producto\/manguera-plana-textil-blanca\/#breadcrumb\",\"itemListElement\":[{\"@type\":\"ListItem\",\"position\":1,\"name\":\"Portada\",\"item\":\"https:\/\/anber.es\/web\/\"},{\"@type\":\"ListItem\",\"position\":2,\"name\":\"Productos\",\"item\":\"https:\/\/anber.es\/web\/productos\/\"},{\"@type\":\"ListItem\",\"position\":3,\"name\":\"Manguera plana textil blanca\"}]},{\"@type\":\"WebSite\",\"@id\":\"https:\/\/anber.es\/web\/#website\",\"url\":\"https:\/\/anber.es\/web\/\",\"name\":\"Anber\",\"description\":\"Sistemas de protecci\u00f3n contra incendios\",\"publisher\":{\"@id\":\"https:\/\/anber.es\/web\/#organization\"},\"potentialAction\":[{\"@type\":\"SearchAction\",\"target\":{\"@type\":\"EntryPoint\",\"urlTemplate\":\"https:\/\/anber.es\/web\/?s={search_term_string}\"},\"query-input\":\"required name=search_term_string\"}],\"inLanguage\":\"es\"},{\"@type\":\"Organization\",\"@id\":\"https:\/\/anber.es\/web\/#organization\",\"name\":\"Anber\",\"url\":\"https:\/\/anber.es\/web\/\",\"logo\":{\"@type\":\"ImageObject\",\"inLanguage\":\"es\",\"@id\":\"https:\/\/anber.es\/web\/#\/schema\/logo\/image\/\",\"url\":\"https:\/\/anber.es\/web\/wp-content\/uploads\/2021\/03\/logo-anber.png\",\"contentUrl\":\"https:\/\/anber.es\/web\/wp-content\/uploads\/2021\/03\/logo-anber.png\",\"width\":2208,\"height\":500,\"caption\":\"Anber\"},\"image\":{\"@id\":\"https:\/\/anber.es\/web\/#\/schema\/logo\/image\/\"}}]}<\/script>\n<!-- \/ Yoast SEO plugin. -->","yoast_head_json":{"title":"Manguera plana textil blanca - Anber","description":"La manguera plana textil blanca est\u00e1 fabricada con manch\u00f3n interno de PVC. Manguera de 45 certificada seg\u00fan Normal EN 14540.","robots":{"index":"index","follow":"follow","max-snippet":"max-snippet:-1","max-image-preview":"max-image-preview:large","max-video-preview":"max-video-preview:-1"},"canonical":"https:\/\/anber.es\/web\/producto\/manguera-plana-textil-blanca\/","og_locale":"es_ES","og_type":"article","og_title":"Manguera plana textil blanca - Anber","og_description":"La manguera plana textil blanca est\u00e1 fabricada con manch\u00f3n interno de PVC. Manguera de 45 certificada seg\u00fan Normal EN 14540.","og_url":"https:\/\/anber.es\/web\/producto\/manguera-plana-textil-blanca\/","og_site_name":"Anber","article_modified_time":"2026-03-26T10:14:23+00:00","og_image":[{"width":1000,"height":1000,"url":"https:\/\/anber.es\/web\/wp-content\/uploads\/2024\/11\/manguera_plana_textil_blanca.webp","type":"image\/webp"}],"twitter_card":"summary_large_image","twitter_misc":{"Tiempo de lectura":"1 minuto"},"schema":{"@context":"https:\/\/schema.org","@graph":[{"@type":"WebPage","@id":"https:\/\/anber.es\/web\/producto\/manguera-plana-textil-blanca\/","url":"https:\/\/anber.es\/web\/producto\/manguera-plana-textil-blanca\/","name":"Manguera plana textil blanca - Anber","isPartOf":{"@id":"https:\/\/anber.es\/web\/#website"},"datePublished":"2024-11-12T11:26:26+00:00","dateModified":"2026-03-26T10:14:23+00:00","description":"La manguera plana textil blanca est\u00e1 fabricada con manch\u00f3n interno de PVC. Manguera de 45 certificada seg\u00fan Normal EN 14540.","breadcrumb":{"@id":"https:\/\/anber.es\/web\/producto\/manguera-plana-textil-blanca\/#breadcrumb"},"inLanguage":"es","potentialAction":[{"@type":"ReadAction","target":["https:\/\/anber.es\/web\/producto\/manguera-plana-textil-blanca\/"]}]},{"@type":"BreadcrumbList","@id":"https:\/\/anber.es\/web\/producto\/manguera-plana-textil-blanca\/#breadcrumb","itemListElement":[{"@type":"ListItem","position":1,"name":"Portada","item":"https:\/\/anber.es\/web\/"},{"@type":"ListItem","position":2,"name":"Productos","item":"https:\/\/anber.es\/web\/productos\/"},{"@type":"ListItem","position":3,"name":"Manguera plana textil blanca"}]},{"@type":"WebSite","@id":"https:\/\/anber.es\/web\/#website","url":"https:\/\/anber.es\/web\/","name":"Anber","description":"Sistemas de protecci\u00f3n contra incendios","publisher":{"@id":"https:\/\/anber.es\/web\/#organization"},"potentialAction":[{"@type":"SearchAction","target":{"@type":"EntryPoint","urlTemplate":"https:\/\/anber.es\/web\/?s={search_term_string}"},"query-input":"required name=search_term_string"}],"inLanguage":"es"},{"@type":"Organization","@id":"https:\/\/anber.es\/web\/#organization","name":"Anber","url":"https:\/\/anber.es\/web\/","logo":{"@type":"ImageObject","inLanguage":"es","@id":"https:\/\/anber.es\/web\/#\/schema\/logo\/image\/","url":"https:\/\/anber.es\/web\/wp-content\/uploads\/2021\/03\/logo-anber.png","contentUrl":"https:\/\/anber.es\/web\/wp-content\/uploads\/2021\/03\/logo-anber.png","width":2208,"height":500,"caption":"Anber"},"image":{"@id":"https:\/\/anber.es\/web\/#\/schema\/logo\/image\/"}}]}},"_links":{"self":[{"href":"https:\/\/anber.es\/web\/wp-json\/wp\/v2\/product\/9571"}],"collection":[{"href":"https:\/\/anber.es\/web\/wp-json\/wp\/v2\/product"}],"about":[{"href":"https:\/\/anber.es\/web\/wp-json\/wp\/v2\/types\/product"}],"wp:featuredmedia":[{"embeddable":true,"href":"https:\/\/anber.es\/web\/wp-json\/wp\/v2\/media\/9569"}],"wp:attachment":[{"href":"https:\/\/anber.es\/web\/wp-json\/wp\/v2\/media?parent=9571"}],"wp:term":[{"taxonomy":"product_cat","embeddable":true,"href":"https:\/\/anber.es\/web\/wp-json\/wp\/v2\/product_cat?post=9571"},{"taxonomy":"product_tag","embeddable":true,"href":"https:\/\/anber.es\/web\/wp-json\/wp\/v2\/product_tag?post=9571"}],"curies":[{"name":"wp","href":"https:\/\/api.w.org\/{rel}","templated":true}]}}