{"id":9905,"date":"2025-02-27T10:26:29","date_gmt":"2025-02-27T08:26:29","guid":{"rendered":"https:\/\/anber.es\/web\/?post_type=product&#038;p=9905"},"modified":"2025-02-27T10:32:46","modified_gmt":"2025-02-27T08:32:46","slug":"bateria-12vcc-7ah","status":"publish","type":"product","link":"https:\/\/anber.es\/web\/producto\/bateria-12vcc-7ah\/","title":{"rendered":"Bater\u00eda 12VCC 7AH"},"content":{"rendered":"<p>La <strong>bater\u00eda 12VCC 7AH<\/strong> es una bater\u00eda de <strong>plomo \u00e1cido<\/strong> herm\u00e9tica y recargable que utiliza la tecnolog\u00eda Absorbent Glass Material reduciendo el mantenimiento de la bater\u00eda y mejorando la seguridad durante su uso.<\/p>\n<p>Es ideal para aplicaciones<b> en alarmas, luces de emergencia, telecomunicaciones y sistemas SAI<\/b>. <\/p>\n<p><b>Voltaje nominal:<\/b> 12VCC.<br \/>\n<b>Capacidad nominal a 25\u00baC (20horas):<\/b> 7AH.<br \/>\n<b>Dimensiones:<\/b> 151 x 65 x 100 mm.<br \/>\n<b>Peso:<\/b> 1,90 kg.<br \/>\n<b>Baja descarga.<\/b><\/p>\n<p>Referencia: DVB127000000.<\/p>\n<p><a href=\"\/web\/wp-content\/uploads\/2025\/02\/Ficha_tecnica-bateria12v-7ah.pdf\" target=\"_blank\" rel=\"noopener noreferrer\"><button>Descarga ficha<\/button><\/a><br \/>\n<a class=\"insta-link\" href=\"https:\/\/www.instagram.com\/aqlproteccion\/?hl=es\" target=\"_blank\" rel=\"noopener noreferrer\">Instagram<\/a><\/p>\n","protected":false},"excerpt":{"rendered":"<p>La bater\u00eda 12VCC 7AH es una bater\u00eda de plomo \u00e1cido herm\u00e9tica y recargable que utiliza la tecnolog\u00eda Absorbent Glass Material reduciendo el mantenimiento de la bater\u00eda y mejorando la seguridad durante su uso.<\/p>\n","protected":false},"featured_media":9898,"template":"","meta":[],"product_cat":[23,226],"product_tag":[],"yoast_head":"<!-- This site is optimized with the Yoast SEO plugin v22.1 - https:\/\/yoast.com\/wordpress\/plugins\/seo\/ -->\n<title>Bater\u00eda 12VCC 7AH - Anber<\/title>\n<meta name=\"description\" content=\"La bater\u00eda 12VCC 7AH es una bater\u00eda de plomo \u00e1cido herm\u00e9tica y recargable que utiliza la tecnolog\u00eda Absorbent Glass Material reduciendo\" \/>\n<meta name=\"robots\" content=\"index, follow, max-snippet:-1, max-image-preview:large, max-video-preview:-1\" \/>\n<link rel=\"canonical\" href=\"https:\/\/anber.es\/web\/producto\/bateria-12vcc-7ah\/\" \/>\n<meta property=\"og:locale\" content=\"es_ES\" \/>\n<meta property=\"og:type\" content=\"article\" \/>\n<meta property=\"og:title\" content=\"Bater\u00eda 12VCC 7AH - Anber\" \/>\n<meta property=\"og:description\" content=\"La bater\u00eda 12VCC 7AH es una bater\u00eda de plomo \u00e1cido herm\u00e9tica y recargable que utiliza la tecnolog\u00eda Absorbent Glass Material reduciendo\" \/>\n<meta property=\"og:url\" content=\"https:\/\/anber.es\/web\/producto\/bateria-12vcc-7ah\/\" \/>\n<meta property=\"og:site_name\" content=\"Anber\" \/>\n<meta property=\"article:modified_time\" content=\"2025-02-27T08:32:46+00:00\" \/>\n<meta property=\"og:image\" content=\"https:\/\/anber.es\/web\/wp-content\/uploads\/2025\/02\/bateria_12vcc_7ah.webp\" \/>\n\t<meta property=\"og:image:width\" content=\"1000\" \/>\n\t<meta property=\"og:image:height\" content=\"1000\" \/>\n\t<meta property=\"og:image:type\" content=\"image\/webp\" \/>\n<meta name=\"twitter:card\" content=\"summary_large_image\" \/>\n<meta name=\"twitter:label1\" content=\"Tiempo de lectura\" \/>\n\t<meta name=\"twitter:data1\" content=\"1 minuto\" \/>\n<script type=\"application\/ld+json\" class=\"yoast-schema-graph\">{\"@context\":\"https:\/\/schema.org\",\"@graph\":[{\"@type\":\"WebPage\",\"@id\":\"https:\/\/anber.es\/web\/producto\/bateria-12vcc-7ah\/\",\"url\":\"https:\/\/anber.es\/web\/producto\/bateria-12vcc-7ah\/\",\"name\":\"Bater\u00eda 12VCC 7AH - Anber\",\"isPartOf\":{\"@id\":\"https:\/\/anber.es\/web\/#website\"},\"datePublished\":\"2025-02-27T08:26:29+00:00\",\"dateModified\":\"2025-02-27T08:32:46+00:00\",\"description\":\"La bater\u00eda 12VCC 7AH es una bater\u00eda de plomo \u00e1cido herm\u00e9tica y recargable que utiliza la tecnolog\u00eda Absorbent Glass Material reduciendo\",\"breadcrumb\":{\"@id\":\"https:\/\/anber.es\/web\/producto\/bateria-12vcc-7ah\/#breadcrumb\"},\"inLanguage\":\"es\",\"potentialAction\":[{\"@type\":\"ReadAction\",\"target\":[\"https:\/\/anber.es\/web\/producto\/bateria-12vcc-7ah\/\"]}]},{\"@type\":\"BreadcrumbList\",\"@id\":\"https:\/\/anber.es\/web\/producto\/bateria-12vcc-7ah\/#breadcrumb\",\"itemListElement\":[{\"@type\":\"ListItem\",\"position\":1,\"name\":\"Portada\",\"item\":\"https:\/\/anber.es\/web\/\"},{\"@type\":\"ListItem\",\"position\":2,\"name\":\"Productos\",\"item\":\"https:\/\/anber.es\/web\/productos\/\"},{\"@type\":\"ListItem\",\"position\":3,\"name\":\"Bater\u00eda 12VCC 7AH\"}]},{\"@type\":\"WebSite\",\"@id\":\"https:\/\/anber.es\/web\/#website\",\"url\":\"https:\/\/anber.es\/web\/\",\"name\":\"Anber\",\"description\":\"Sistemas de protecci\u00f3n contra incendios\",\"publisher\":{\"@id\":\"https:\/\/anber.es\/web\/#organization\"},\"potentialAction\":[{\"@type\":\"SearchAction\",\"target\":{\"@type\":\"EntryPoint\",\"urlTemplate\":\"https:\/\/anber.es\/web\/?s={search_term_string}\"},\"query-input\":\"required name=search_term_string\"}],\"inLanguage\":\"es\"},{\"@type\":\"Organization\",\"@id\":\"https:\/\/anber.es\/web\/#organization\",\"name\":\"Anber\",\"url\":\"https:\/\/anber.es\/web\/\",\"logo\":{\"@type\":\"ImageObject\",\"inLanguage\":\"es\",\"@id\":\"https:\/\/anber.es\/web\/#\/schema\/logo\/image\/\",\"url\":\"https:\/\/anber.es\/web\/wp-content\/uploads\/2021\/03\/logo-anber.png\",\"contentUrl\":\"https:\/\/anber.es\/web\/wp-content\/uploads\/2021\/03\/logo-anber.png\",\"width\":2208,\"height\":500,\"caption\":\"Anber\"},\"image\":{\"@id\":\"https:\/\/anber.es\/web\/#\/schema\/logo\/image\/\"}}]}<\/script>\n<!-- \/ Yoast SEO plugin. -->","yoast_head_json":{"title":"Bater\u00eda 12VCC 7AH - Anber","description":"La bater\u00eda 12VCC 7AH es una bater\u00eda de plomo \u00e1cido herm\u00e9tica y recargable que utiliza la tecnolog\u00eda Absorbent Glass Material reduciendo","robots":{"index":"index","follow":"follow","max-snippet":"max-snippet:-1","max-image-preview":"max-image-preview:large","max-video-preview":"max-video-preview:-1"},"canonical":"https:\/\/anber.es\/web\/producto\/bateria-12vcc-7ah\/","og_locale":"es_ES","og_type":"article","og_title":"Bater\u00eda 12VCC 7AH - Anber","og_description":"La bater\u00eda 12VCC 7AH es una bater\u00eda de plomo \u00e1cido herm\u00e9tica y recargable que utiliza la tecnolog\u00eda Absorbent Glass Material reduciendo","og_url":"https:\/\/anber.es\/web\/producto\/bateria-12vcc-7ah\/","og_site_name":"Anber","article_modified_time":"2025-02-27T08:32:46+00:00","og_image":[{"width":1000,"height":1000,"url":"https:\/\/anber.es\/web\/wp-content\/uploads\/2025\/02\/bateria_12vcc_7ah.webp","type":"image\/webp"}],"twitter_card":"summary_large_image","twitter_misc":{"Tiempo de lectura":"1 minuto"},"schema":{"@context":"https:\/\/schema.org","@graph":[{"@type":"WebPage","@id":"https:\/\/anber.es\/web\/producto\/bateria-12vcc-7ah\/","url":"https:\/\/anber.es\/web\/producto\/bateria-12vcc-7ah\/","name":"Bater\u00eda 12VCC 7AH - Anber","isPartOf":{"@id":"https:\/\/anber.es\/web\/#website"},"datePublished":"2025-02-27T08:26:29+00:00","dateModified":"2025-02-27T08:32:46+00:00","description":"La bater\u00eda 12VCC 7AH es una bater\u00eda de plomo \u00e1cido herm\u00e9tica y recargable que utiliza la tecnolog\u00eda Absorbent Glass Material reduciendo","breadcrumb":{"@id":"https:\/\/anber.es\/web\/producto\/bateria-12vcc-7ah\/#breadcrumb"},"inLanguage":"es","potentialAction":[{"@type":"ReadAction","target":["https:\/\/anber.es\/web\/producto\/bateria-12vcc-7ah\/"]}]},{"@type":"BreadcrumbList","@id":"https:\/\/anber.es\/web\/producto\/bateria-12vcc-7ah\/#breadcrumb","itemListElement":[{"@type":"ListItem","position":1,"name":"Portada","item":"https:\/\/anber.es\/web\/"},{"@type":"ListItem","position":2,"name":"Productos","item":"https:\/\/anber.es\/web\/productos\/"},{"@type":"ListItem","position":3,"name":"Bater\u00eda 12VCC 7AH"}]},{"@type":"WebSite","@id":"https:\/\/anber.es\/web\/#website","url":"https:\/\/anber.es\/web\/","name":"Anber","description":"Sistemas de protecci\u00f3n contra incendios","publisher":{"@id":"https:\/\/anber.es\/web\/#organization"},"potentialAction":[{"@type":"SearchAction","target":{"@type":"EntryPoint","urlTemplate":"https:\/\/anber.es\/web\/?s={search_term_string}"},"query-input":"required name=search_term_string"}],"inLanguage":"es"},{"@type":"Organization","@id":"https:\/\/anber.es\/web\/#organization","name":"Anber","url":"https:\/\/anber.es\/web\/","logo":{"@type":"ImageObject","inLanguage":"es","@id":"https:\/\/anber.es\/web\/#\/schema\/logo\/image\/","url":"https:\/\/anber.es\/web\/wp-content\/uploads\/2021\/03\/logo-anber.png","contentUrl":"https:\/\/anber.es\/web\/wp-content\/uploads\/2021\/03\/logo-anber.png","width":2208,"height":500,"caption":"Anber"},"image":{"@id":"https:\/\/anber.es\/web\/#\/schema\/logo\/image\/"}}]}},"_links":{"self":[{"href":"https:\/\/anber.es\/web\/wp-json\/wp\/v2\/product\/9905"}],"collection":[{"href":"https:\/\/anber.es\/web\/wp-json\/wp\/v2\/product"}],"about":[{"href":"https:\/\/anber.es\/web\/wp-json\/wp\/v2\/types\/product"}],"wp:featuredmedia":[{"embeddable":true,"href":"https:\/\/anber.es\/web\/wp-json\/wp\/v2\/media\/9898"}],"wp:attachment":[{"href":"https:\/\/anber.es\/web\/wp-json\/wp\/v2\/media?parent=9905"}],"wp:term":[{"taxonomy":"product_cat","embeddable":true,"href":"https:\/\/anber.es\/web\/wp-json\/wp\/v2\/product_cat?post=9905"},{"taxonomy":"product_tag","embeddable":true,"href":"https:\/\/anber.es\/web\/wp-json\/wp\/v2\/product_tag?post=9905"}],"curies":[{"name":"wp","href":"https:\/\/api.w.org\/{rel}","templated":true}]}}